000
CXUS53 KDMX 040040
CF6ALO
PRELIMINARY LOCAL CLIMATOLOGICAL DATA (WS FORM: F-6)
STATION: WATERLOO IA
MONTH: OCTOBER
YEAR: 2020
LATITUDE: 42 32 N
LONGITUDE: 92 24 W
TEMPERATURE IN F: :PCPN: SNOW: WIND :SUNSHINE: SKY :PK WND
================================================================================
1 2 3 4 5 6A 6B 7 8 9 10 11 12 13 14 15 16 17 18
12Z AVG MX 2MIN
DY MAX MIN AVG DEP HDD CDD WTR SNW DPTH SPD SPD DIR MIN PSBL S-S WX SPD DR
================================================================================
1 59 39 49 -7 16 0 T 0.0 0 11.6 23 320 M M 8 31 350
2 58 32 45 -11 20 0 0.00 0.0 0 3.5 10 10 M M 3 14 360
3 55 36 46 -9 19 0 T 0.0 0 4.1 12 20 M M 7 18 20
4 59 30 45 -10 20 0 0.00 0.0 0 3.7 12 340 M M 0 16 270
5 70 42 56 2 9 0 0.00 0.0 0 14.3 30 180 M M 0 42 180
6 81 43 62 8 3 0 0.00 0.0 0 9.3 18 240 M M 0 28 290
7 79 46 63 9 2 0 0.00 0.0 0 6.4 17 320 M M 0 27 350
8 74 39 57 4 8 0 0.00 0.0 0 6.5 15 140 M M 0 21 140
9 86 57 72 19 0 7 0.00 0.0 0 14.1 26 220 M M 0 37 210
10 78 51 65 13 0 0 0.00 0.0 0 7.7 16 20 M M 0 1 23 30
11 80 50 65 13 0 0 0.00 0.0 0 14.3 23 150 M M 1 36 150
12 70 45 58 6 7 0 0.01 0.0 0 12.5 26 310 M M 3 39 320
13 67 35 51 0 14 0 0.00 0.0 0 9.5 25 310 M M 1 36 310
14 69 37 53 2 12 0 0.00 0.0 0 15.0 29 300 M M 2 41 320
15 54 36 45 -6 20 0 0.00 0.0 0 13.8 25 320 M M 0 35 320
16 52 34 43 -7 22 0 T 0.0 0 10.7 25 260 M M 3 35 290
17 66 43 55 5 10 0 0.00 0.0 0 16.7 32 210 M M 6 46 200
18 45 34 40 -10 25 0 T 0.0 0 10.7 22 340 M M 5 28 340
19 36 33 35 -14 30 0 T T 0 5.3 12 110 M M 9 8 15 60
20 45 35 40 -9 25 0 0.06 0.0 0 9.7 20 110 M M 10 18 25 120
21 49 35 42 -6 23 0 0.01 0.0 0 7.0 17 330 M M 7 1 21 340
22 45 38 42 -6 23 0 2.94 0.0 0 13.7 23 360 M M 10 13 29 360
23 43 33 38 -10 27 0 0.05 0.0 0 16.9 25 330 M M 10 1 34 330
24 41 23 32 -15 33 0 0.00 0.0 0 8.0 16 50 M M 7 21 40
25 36 27 32 -15 33 0 T 0.1 0 11.6 17 10 M M 10 8 22 360
26 36 23 30 -17 35 0 T T T 9.3 17 340 M M 6 8 20 10
27 40 24 32 -14 33 0 0.00 0.0 0 7.2 15 190 M M 2 20 240
28 56 28 42 -4 23 0 0.00 0.0 0 9.3 18 330 M M 0 24 330
29 44 30 37 -8 28 0 0.00 0.0 0 10.7 22 340 M M 5 27 350
30 48 33 41 -4 24 0 0.00 0.0 0 6.9 17 140 M M 6 24 140
31 67 36 52 8 13 0 0.00 0.0 0 16.5 33 200 M M 1 45 210
================================================================================
SM 1788 1127 557 7 3.07 0.1 316.5 M 122
================================================================================
AV 57.7 36.4 10.2 FASTST M M 4 MAX(MPH)
MISC ----> 33 200 46 200
================================================================================
NOTES:
# LAST OF SEVERAL OCCURRENCES
COLUMN 17 PEAK WIND IN M.P.H.
PRELIMINARY LOCAL CLIMATOLOGICAL DATA (WS FORM: F-6) , PAGE 2
STATION: WATERLOO IA
MONTH: OCTOBER
YEAR: 2020
LATITUDE: 42 32 N
LONGITUDE: 92 24 W
[TEMPERATURE DATA] [PRECIPITATION DATA] SYMBOLS USED IN COLUMN 16
AVERAGE MONTHLY: 47.0 TOTAL FOR MONTH: 3.07 1 = FOG OR MIST
DPTR FM NORMAL: -3.3 DPTR FM NORMAL: 0.59 2 = FOG REDUCING VISIBILITY
HIGHEST: 86 ON 9 GRTST 24HR 2.99 ON 22-23 TO 1/4 MILE OR LESS
LOWEST: 23 ON 26,24 3 = THUNDER
SNOW, ICE PELLETS, HAIL 4 = ICE PELLETS
TOTAL MONTH: 0.1 INCH 5 = HAIL
GRTST 24HR 0.1 ON 25-25 6 = FREEZING RAIN OR DRIZZLE
GRTST DEPTH: T 7 = DUSTSTORM OR SANDSTORM:
VSBY 1/2 MILE OR LESS
8 = SMOKE OR HAZE
[NO. OF DAYS WITH] [WEATHER - DAYS WITH] 9 = BLOWING SNOW
X = TORNADO
MAX 32 OR BELOW: 0 0.01 INCH OR MORE: 5
MAX 90 OR ABOVE: 0 0.10 INCH OR MORE: 1
MIN 32 OR BELOW: 8 0.50 INCH OR MORE: 1
MIN 0 OR BELOW: 0 1.00 INCH OR MORE: 1
[HDD (BASE 65) ]
TOTAL THIS MO. 557 CLEAR (SCALE 0-3) 16
DPTR FM NORMAL 92 PTCLDY (SCALE 4-7) 10
TOTAL FM JUL 1 694 CLOUDY (SCALE 8-10) 5
DPTR FM NORMAL 70
[CDD (BASE 65) ]
TOTAL THIS MO. 7
DPTR FM NORMAL -2 [PRESSURE DATA]
TOTAL FM JAN 1 1038 HIGHEST SLP 30.44 ON 26
DPTR FM NORMAL 239 LOWEST SLP 29.51 ON 14
[REMARKS]
#FINAL-10-20#