000
CXUS55 KPUB 041734 CCA
CLMALS
CLIMATE REPORT
NATIONAL WEATHER SERVICE
632 PM MST FRI DEC 01 2023
...................................
...THE ALAMOSA CO CLIMATE SUMMARY FOR THE MONTH OF NOVEMBER 2023...
CLIMATE NORMAL PERIOD 1991 TO 2020
CLIMATE RECORD PERIOD 1932 TO 2023
WEATHER OBSERVED NORMAL DEPART LAST YEAR`S
VALUE DATE(S) VALUE FROM VALUE DATE(S)
NORMAL
................................................................
TEMPERATURE (F)
RECORD
HIGH 71 11/10/1980
11/09/1980
LOW -30 11/27/1952
HIGHEST 70 11/06 53 17 64 11/08
LOWEST -7 11/27 5 -12 -4 11/17
AVG. MAXIMUM 52.9 48.5 4.4 45.7
AVG. MINIMUM 10.7 12.1 -1.4 8.6
MEAN 31.8 30.3 1.5 27.2
DAYS MAX >= 90 0 0.0 0.0
DAYS MAX <= 32 0 2.5 -2.5
DAYS MIN <= 32 30 29.6 0.4
DAYS MIN <= 0 4 3.2 0.8
PRECIPITATION (INCHES)
RECORD
MAXIMUM 1.63 2013
MINIMUM 0.00 1936
TOTALS T 0.37 -0.37 0.34
DAILY AVG. T 0.01 -0.01
DAYS >= .01 0 3.7 -3.7
DAYS >= .10 0 1.3 -1.3
DAYS >= .50 0 0.0 0.0
DAYS >= 1.00 0 0.0 0.0
GREATEST
24 HR. TOTAL T 11/09 TO 11/09
11/18 TO 11/18
11/19 TO 11/19
11/20 TO 11/20
SNOWFALL (INCHES)
RECORDS
TOTAL 20.0 1940
TOTALS 0.1 3.4 -3.3 4.6
SINCE 7/1 0.1 6.1 -6.0 MM
SNOWDEPTH AVG. 0
DAYS >= 1.0 0 1.1 -1.1
GREATEST
SNOW DEPTH 0 2
24 HR TOTAL 0.1 11/19 TO 11/19 2.3
DEGREE DAYS
HEATING TOTAL 989 1041 -52 1127
SINCE 7/1 1839 2079 -240 MM
COOLING TOTAL 0 0 0 0
SINCE 1/1 161 71 90 MM
................................................................
WIND (MPH)
AVERAGE WIND SPEED 5.2
HIGHEST WIND SPEED/DIRECTION 31/250 DATE 11/06
HIGHEST GUST SPEED/DIRECTION 40/250 DATE 11/06
SKY COVER
POSSIBLE SUNSHINE (PERCENT) MM
AVERAGE SKY COVER 0.14
NUMBER OF DAYS FAIR 25
NUMBER OF DAYS PC 5
NUMBER OF DAYS CLOUDY 0
AVERAGE RH (PERCENT) 50
WEATHER CONDITIONS. NUMBER OF DAYS WITH
THUNDERSTORM 0 MIXED PRECIP 0
HEAVY RAIN 0 RAIN 0
LIGHT RAIN 2 FREEZING RAIN 0
LT FREEZING RAIN 0 HAIL 0
HEAVY SNOW 0 SNOW 0
LIGHT SNOW 2 SLEET 0
FOG 4 FOG W/VIS <= 1/4 MILE 4
HAZE 0
- INDICATES NEGATIVE NUMBERS.
R INDICATES RECORD WAS SET OR TIED.
MM INDICATES DATA IS MISSING.
T INDICATES TRACE AMOUNT.
$$