611
CXUS56 KPDT 030622
CF6ALW
PRELIMINARY LOCAL CLIMATOLOGICAL DATA (WS FORM: F-6)
STATION: WALLA WALLA WA
MONTH: MARCH
YEAR: 2021
LATITUDE: 46 5 N
LONGITUDE: 118 17 W
TEMPERATURE IN F: :PCPN: SNOW: WIND :SUNSHINE: SKY :PK WND
================================================================================
1 2 3 4 5 6A 6B 7 8 9 10 11 12 13 14 15 16 17 18
12Z AVG MX 2MIN
DY MAX MIN AVG DEP HDD CDD WTR SNW DPTH SPD SPD DIR MIN PSBL S-S WX SPD DR
================================================================================
1 61 36 49 7 16 0 0.00 M M 8.6 21 180 M M 1 28 200
2 61 41 51 9 14 0 0.00 M M 7.9 17 210 M M 7 23 200
3 65 35 50 7 15 0 0.00 M M 5.0 12 90 M M 0 13 90
4 64 34 49 6 16 0 0.00 M M 6.1 24 150 M M 0 33 140
5 70 42 56 13 9 0 0.00 M M 21.7 33 150 M M 0 46 170
6 51 37 44 0 21 0 0.10 M M 9.8 18 220 M M 5 1 24 220
7 50 35 43 -1 22 0 T M M 7.1 21 190 M M 6 30 180
8 46 32 39 -5 26 0 0.00 M M 7.6 15 180 M M 5 18 180
9 55 32 44 0 21 0 0.00 M M 5.8 13 60 M M 2 21 230
10 52 28 40 -5 25 0 0.00 M M 4.0 13 40 M M 1 14 40
11 53 30 42 -3 23 0 0.00 M M 5.9 12 240 M M 0 16 210
12 57 32 45 0 20 0 0.00 M M 5.2 10 90 M M 0 15 220
13 59 30 45 -1 20 0 0.00 M M 4.1 10 80 M M 0 12 90
14 57 32 45 -1 20 0 0.00 M M 3.9 10 80 M M 1 13 280
15 45 35 40 -6 25 0 0.05 M M 11.9 17 200 M M 10 23 170
16 52 34 43 -3 22 0 0.00 M M 6.0 14 200 M M 5 19 190
17 58 33 46 -1 19 0 0.00 M M 3.6 13 90 M M 2 15 90
18 72 36 54 7 11 0 T M M 7.3 30 240 M M 3 41 240
19 58 40 49 2 16 0 0.01 M M 8.4 16 190 M M 6 20 200
20 55 40 48 0 17 0 T M M 14.2 26 260 M M 6 8 40 250
21 51 37 44 -4 21 0 0.18 M M 17.0 25 220 M M 8 35 210
22 53 37 45 -3 20 0 0.15 M M 12.5 26 320 M M 9 34 320
23 52 33 43 -5 22 0 0.00 M M 8.1 15 190 M M 1 18 190
24 48 35 42 -6 23 0 0.09 M M 12.5 24 220 M M 8 33 240
25 50 39 45 -4 20 0 0.03 M M 10.4 14 200 M M 9 25 210
26 57 38 48 -1 17 0 0.00 M M 11.3 18 200 M M 2 25 250
27 64 39 52 3 13 0 0.00 M M 9.0 20 210 M M 0 26 210
28 68 36 52 3 13 0 T M M 17.6 44 270 M M 3 8 57 260
29 51 33 42 -8 23 0 0.00 M M 13.9 22 240 M M 6 37 240
30 52 30 41 -9 24 0 0.00 M M 7.3 15 230 M M 2 22 270
31 65 33 49 -1 16 0 0.00 M M 6.3 14 40 M M 0 17 360
================================================================================
SM 1752 1084 590 0 0.61 M 280.0 M 108
================================================================================
AV 56.5 35.0 9.0 FASTST M M 3 MAX(MPH)
MISC ----> 44 270 57 260
================================================================================
NOTES:
# LAST OF SEVERAL OCCURRENCES
COLUMN 17 PEAK WIND IN M.P.H.
PRELIMINARY LOCAL CLIMATOLOGICAL DATA (WS FORM: F-6) , PAGE 2
STATION: WALLA WALLA WA
MONTH: MARCH
YEAR: 2021
LATITUDE: 46 5 N
LONGITUDE: 118 17 W
[TEMPERATURE DATA] [PRECIPITATION DATA] SYMBOLS USED IN COLUMN 16
AVERAGE MONTHLY: 45.7 TOTAL FOR MONTH: 0.61 1 = FOG OR MIST
DPTR FM NORMAL: -0.6 DPTR FM NORMAL: -1.69 2 = FOG REDUCING VISIBILITY
HIGHEST: 72 ON 18 GRTST 24HR 0.33 ON 21-22 TO 1/4 MILE OR LESS
LOWEST: 28 ON 10 3 = THUNDER
SNOW, ICE PELLETS, HAIL 4 = ICE PELLETS
TOTAL MONTH: M 5 = HAIL
GRTST 24HR M ON M 6 = FREEZING RAIN OR DRIZZLE
GRTST DEPTH: M ON M 7 = DUSTSTORM OR SANDSTORM:
VSBY 1/2 MILE OR LESS
8 = SMOKE OR HAZE
[NO. OF DAYS WITH] [WEATHER - DAYS WITH] 9 = BLOWING SNOW
X = TORNADO
MAX 32 OR BELOW: 0 0.01 INCH OR MORE: 7
MAX 90 OR ABOVE: 0 0.10 INCH OR MORE: 3
MIN 32 OR BELOW: 8 0.50 INCH OR MORE: 0
MIN 0 OR BELOW: 0 1.00 INCH OR MORE: 0
[HDD (BASE 65) ]
TOTAL THIS MO. 590 CLEAR (SCALE 0-3) 18
DPTR FM NORMAL 10 PTCLDY (SCALE 4-7) 9
TOTAL FM JUL 1 4153 CLOUDY (SCALE 8-10) 4
DPTR FM NORMAL -217
[CDD (BASE 65) ]
TOTAL THIS MO. 0
DPTR FM NORMAL 0 [PRESSURE DATA]
TOTAL FM JAN 1 0 HIGHEST SLP 30.45 ON 31
DPTR FM NORMAL 0 LOWEST SLP 29.66 ON 28
[REMARKS]
#FINAL-03-21#