000
CXUS54 KAMA 011356
CF6AMA
PRELIMINARY LOCAL CLIMATOLOGICAL DATA (WS FORM: F-6)
STATION: AMARILLO
MONTH: FEBRUARY
YEAR: 2022
LATITUDE: 35 13 N
LONGITUDE: 101 42 W
TEMPERATURE IN F: :PCPN: SNOW: WIND :SUNSHINE: SKY :PK WND
================================================================================
1 2 3 4 5 6A 6B 7 8 9 10 11 12 13 14 15 16 17 18
12Z AVG MX 2MIN
DY MAX MIN AVG DEP HDD CDD WTR SNW DPTH SPD SPD DIR MIN PSBL S-S WX SPD DR
================================================================================
1 47 32 40 0 25 0 0.00 0.0 0 20.1 31 10 M M 2 40 20
2 32 8 20 -20 45 0 0.06 0.9 T 21.0 28 10 M M 10 18 38 40
3 12 3 8 -32 57 0 0.05 3.5 2 18.7 28 350 M M 10 189 36 350
4 34 0 17 -23 48 0 T T 3 8.9 17 290 M M 0 1 22 290
5 55 13 34 -6 31 0 0.00 0.0 1 14.9 30 210 M M 0 40 210
6 46 25 36 -4 29 0 0.00 0.0 T 15.7 32 360 M M 0 44 350
7 54 22 38 -2 27 0 0.00 0.0 0 8.5 18 290 M M 0 25 310
8 63 21 42 2 23 0 0.00 0.0 0 12.6 29 360 M M 0 38 20
9 63 24 44 3 21 0 0.00 0.0 0 8.0 18 250 M M 0 26 250
10 60 29 45 4 20 0 0.00 0.0 0 10.6 18 20 M M 1 23 10
11 59 32 46 5 19 0 0.00 0.0 0 17.3 35 20 M M 0 58 360
12 41 22 32 -9 33 0 0.03 0.9 1 12.7 32 20 M M 4 1 42 30
13 60 25 43 2 22 0 0.00 0.0 0 9.8 21 200 M M 0 28 190
14 67 24 46 5 19 0 0.00 0.0 0 10.4 17 170 M M 0 23 140
15 76 34 55 13 10 0 0.00 0.0 0 18.5 35 210 M M 0 46 200
16 72 37 55 13 10 0 T 0.0 0 20.0 40 210 M M 2 56 200
17 37 18 28 -14 37 0 T T 0 20.0 37 360 M M 6 18 48 360
18 55 14 35 -7 30 0 0.00 0.0 0 8.2 15 230 M M 0 18 220
19 63 26 45 3 20 0 0.00 0.0 0 14.7 31 190 M M 0 44 180
20 76 40 58 15 7 0 0.00 0.0 0 17.0 29 220 M M 0 38 230
21 71 25 48 5 17 0 0.00 0.0 0 16.8 38 220 M M 1 59 230
22 32 11 22 -21 43 0 0.00 0.0 0 18.5 29 360 M M 0 39 360
23 25 4 15 -28 50 0 0.00 0.0 0 12.6 25 20 M M 1 34 10
24 49 4 27 -17 38 0 0.00 0.0 0 9.1 25 70 M M 4 31 70
25 36 15 26 -18 39 0 0.00 0.0 0 13.1 23 140 M M 5 1 29 130
26 46 10 28 -16 37 0 0.00 0.0 0 6.8 14 320 M M 0 20 320
27 58 20 39 -5 26 0 0.00 0.0 0 7.6 16 230 M M 0 23 240
28 67 27 47 2 18 0 0.00 0.0 0 9.4 16 240 M M 0 20 260
================================================================================
SM 1456 565 801 0 0.14 5.3 381.5 M 46
================================================================================
AV 52.0 20.2 13.6 FASTST M M 2 MAX(MPH)
MISC ----> 40 210 59 230
================================================================================
NOTES:
# LAST OF SEVERAL OCCURRENCES
COLUMN 17 PEAK WIND IN M.P.H.
PRELIMINARY LOCAL CLIMATOLOGICAL DATA (WS FORM: F-6) , PAGE 2
STATION: AMARILLO
MONTH: FEBRUARY
YEAR: 2022
LATITUDE: 35 13 N
LONGITUDE: 101 42 W
[TEMPERATURE DATA] [PRECIPITATION DATA] SYMBOLS USED IN COLUMN 16
AVERAGE MONTHLY: 36.1 TOTAL FOR MONTH: 0.14 1 = FOG OR MIST
DPTR FM NORMAL: -5.7 DPTR FM NORMAL: -0.39 2 = FOG REDUCING VISIBILITY
HIGHEST: 76 ON 20,15 GRTST 24HR 0.08 ON 2- 3 TO 1/4 MILE OR LESS
LOWEST: 0 ON 4 3 = THUNDER
SNOW, ICE PELLETS, HAIL 4 = ICE PELLETS
TOTAL MONTH: 5.3 INCHES 5 = HAIL
GRTST 24HR 3.5 ON 3- 3 6 = FREEZING RAIN OR DRIZZLE
GRTST DEPTH: 3 ON 4 7 = DUSTSTORM OR SANDSTORM:
VSBY 1/2 MILE OR LESS
8 = SMOKE OR HAZE
[NO. OF DAYS WITH] [WEATHER - DAYS WITH] 9 = BLOWING SNOW
X = TORNADO
MAX 32 OR BELOW: 4 0.01 INCH OR MORE: 3
MAX 90 OR ABOVE: 0 0.10 INCH OR MORE: 0
MIN 32 OR BELOW: 25 0.50 INCH OR MORE: 0
MIN 0 OR BELOW: 1 1.00 INCH OR MORE: 0
[HDD (BASE 65) ]
TOTAL THIS MO. 801 CLEAR (SCALE 0-3) 22
DPTR FM NORMAL 151 PTCLDY (SCALE 4-7) 4
TOTAL FM JUL 1 2693 CLOUDY (SCALE 8-10) 2
DPTR FM NORMAL -369
[CDD (BASE 65) ]
TOTAL THIS MO. 0
DPTR FM NORMAL 0 [PRESSURE DATA]
TOTAL FM JAN 1 0 HIGHEST SLP 30.69 ON 4
DPTR FM NORMAL 0 LOWEST SLP 29.48 ON 16
[REMARKS]
#FINAL-02-22#