000
CXUS54 KBMX 011010
CF6ANB
PRELIMINARY LOCAL CLIMATOLOGICAL DATA (WS FORM: F-6)
STATION: ANNISTON
MONTH: APRIL
YEAR: 2022
LATITUDE: 33 35 N
LONGITUDE: 85 51 W
TEMPERATURE IN F: :PCPN: SNOW: WIND :SUNSHINE: SKY :PK WND
================================================================================
1 2 3 4 5 6A 6B 7 8 9 10 11 12 13 14 15 16 17 18
12Z AVG MX 2MIN
DY MAX MIN AVG DEP HDD CDD WTR SNW DPTH SPD SPD DIR MIN PSBL S-S WX SPD DR
================================================================================
1 67 42 55 -4 10 0 0.00 0.0 0 4.1 13 350 M M 0 18 10
2 70 40 55 -4 10 0 0.00 0.0 0 2.7 10 250 M M 0 14 270
3 70 40 55 -5 10 0 0.00 0.0 0 4.4 16 10 M M 0 1 20 280
4 78 40 59 -1 6 0 0.00 0.0 0 3.5 9 250 M M 0 8 12 60
5 70 51 61 1 4 0 1.51 0.0 0 6.1 17 230 M M 5 13 24 220
6 78 58 68 8 0 3 T 0.0 0 4.9 17 230 M M 9 13 23 240
7 69 45 57 -3 8 0 0.00 0.0 0 9.2 24 240 M M 3 31 240
8 57 40 49 -12 16 0 0.00 0.0 0 9.1 24 230 M M 6 31 230
9 61 38 50 -11 15 0 0.00 0.0 0 8.5 22 290 M M 5 31 290
10 78 36 57 -4 8 0 0.00 0.0 0 4.7 16 170 M M 0 21 210
11 72 47 60 -2 5 0 T 0.0 0 3.6 14 210 M M 3 19 180
12 81 51 66 4 0 1 0.00 0.0 0 4.2 16 220 M M 4 22 230
13 80 66 73 11 0 8 0.09 0.0 0 8.1 20 250 M M 3 13 30 180
14 75 46 61 -1 4 0 0.06 M 0 6.0 17 300 M M 4 1 23 290
15 80 42 61 -1 4 0 0.00 0.0 0 5.4 15 110 M M 0 22 100
16 72 59 66 3 0 1 0.77 0.0 0 4.7 18 340 M M 6 123 29 340
17 74 59 67 4 0 2 0.28 0.0 0 4.7 18 120 M M 7 123 27 130
18 65 48 57 -6 8 0 0.01 0.0 0 6.9 16 340 M M 6 1 25 340
19 65 39 52 -11 13 0 0.00 0.0 0 4.4 14 360 M M 0 21 10
20 74 40 57 -7 8 0 0.00 0.0 0 7.2 15 150 M M 0 22 110
21 80 61 71 7 0 6 0.00 0.0 0 5.1 15 120 M M 2 21 160
22 83 56 70 6 0 5 0.00 0.0 0 3.4 10 140 M M 0 14 150
23 83 55 69 5 0 4 0.00 0.0 0 6.1 16 140 M M 0 22 170
24 83 61 72 7 0 7 0.00 0.0 0 4.7 12 150 M M 2 17 110
25 84 59 72 7 0 7 0.00 0.0 0 4.5 15 220 M M 2 20 230
26 70 53 62 -3 3 0 0.57 0.0 0 4.4 15 250 M M 4 1 19 260
27 76 47 62 -4 3 0 0.00 0.0 0 5.1 15 360 M M 0 19 360
28 79 44 62 -4 3 0 0.00 0.0 0 4.6 10 150 M M 0 15 130
29 80 56 68 2 0 3 0.00 0.0 0 4.4 14 150 M M 4 19 200
30 84 57 71 5 0 6 0.00 0.0 0 6.3 22 200 M M 2 27 200
================================================================================
SM 2238 1476 138 53 3.29 0.0 161.0 M 77
================================================================================
AV 74.6 49.2 5.4 FASTST M M 3 MAX(MPH)
MISC ----> # 24 240 # 31 240
================================================================================
NOTES:
# LAST OF SEVERAL OCCURRENCES
COLUMN 17 PEAK WIND IN M.P.H.
PRELIMINARY LOCAL CLIMATOLOGICAL DATA (WS FORM: F-6) , PAGE 2
STATION: ANNISTON
MONTH: APRIL
YEAR: 2022
LATITUDE: 33 35 N
LONGITUDE: 85 51 W
[TEMPERATURE DATA] [PRECIPITATION DATA] SYMBOLS USED IN COLUMN 16
AVERAGE MONTHLY: 61.9 TOTAL FOR MONTH: 3.29 1 = FOG OR MIST
DPTR FM NORMAL: -0.7 DPTR FM NORMAL: -1.14 2 = FOG REDUCING VISIBILITY
HIGHEST: 84 ON 30,25 GRTST 24HR 1.51 ON 5- 5 TO 1/4 MILE OR LESS
LOWEST: 36 ON 10 3 = THUNDER
SNOW, ICE PELLETS, HAIL 4 = ICE PELLETS
TOTAL MONTH: 0.0 INCH 5 = HAIL
GRTST 24HR 0.0 6 = FREEZING RAIN OR DRIZZLE
GRTST DEPTH: 0 7 = DUSTSTORM OR SANDSTORM:
VSBY 1/2 MILE OR LESS
8 = SMOKE OR HAZE
[NO. OF DAYS WITH] [WEATHER - DAYS WITH] 9 = BLOWING SNOW
X = TORNADO
MAX 32 OR BELOW: 0 0.01 INCH OR MORE: 7
MAX 90 OR ABOVE: 0 0.10 INCH OR MORE: 4
MIN 32 OR BELOW: 0 0.50 INCH OR MORE: 3
MIN 0 OR BELOW: 0 1.00 INCH OR MORE: 1
[HDD (BASE 65) ]
TOTAL THIS MO. 138 CLEAR (SCALE 0-3) 18
DPTR FM NORMAL 10 PTCLDY (SCALE 4-7) 11
TOTAL FM JUL 1 2317 CLOUDY (SCALE 8-10) 1
DPTR FM NORMAL -293
[CDD (BASE 65) ]
TOTAL THIS MO. 53
DPTR FM NORMAL -3 [PRESSURE DATA]
TOTAL FM JAN 1 83 HIGHEST SLP 30.42 ON 22
DPTR FM NORMAL 9 LOWEST SLP 29.54 ON 5
[REMARKS]
#FINAL-04-22#