000
CXUS52 KGSP 010917
CF6AND
PRELIMINARY LOCAL CLIMATOLOGICAL DATA (WS FORM: F-6)
STATION: ANDERSON SC
MONTH: JANUARY
YEAR: 2022
LATITUDE: 34 30 N
LONGITUDE: 82 43 W
TEMPERATURE IN F: :PCPN: SNOW: WIND :SUNSHINE: SKY :PK WND
================================================================================
1 2 3 4 5 6A 6B 7 8 9 10 11 12 13 14 15 16 17 18
12Z AVG MX 2MIN
DY MAX MIN AVG DEP HDD CDD WTR SNW DPTH SPD SPD DIR MIN PSBL S-S WX SPD DR
================================================================================
1 74 61 68 25 0 3 0.07 M M 13.9 25 200 M M 9 12 32 200
2 70 57 64 21 1 0 1.14 M M 9.6 25 200 M M 9 1 34 200
3 59 33 46 3 19 0 0.43 M M 9.5 30 200 M M 4 13 36 350
4 48 30 39 -4 26 0 0.00 M M 4.7 14 110 M M 2 16 100
5 56 41 49 6 16 0 0.00 M M 7.9 20 250 M M 5 24 230
6 57 34 46 3 19 0 0.02 M M 6.4 21 260 M M 4 1 26 260
7 45 31 38 -5 27 0 0.00 M M 7.1 17 280 M M 0 23 280
8 47 28 38 -5 27 0 0.00 M M 6.7 13 70 M M 3 17 70
9 50 40 45 2 20 0 0.17 M M 2.7 16 330 M M 10 1 21 330
10 55 36 46 3 19 0 0.00 M M 5.6 15 320 M M 3 1 20 310
11 49 26 38 -5 27 0 0.00 M M 2.5 14 100 M M 0 17 90
12 52 25 39 -4 26 0 0.00 M M 2.9 14 220 M M 0 20 220
13 58 30 44 1 21 0 0.00 M M 7.1 18 280 M M 2 22 280
14 56 30 43 0 22 0 0.00 M M 3.9 10 40 M M 0 14 290
15 46 38 42 -1 23 0 0.00 M M 11.0 23 70 M M 5 28 70
16 40 28 34 -9 31 0 0.87 M M 14.7 36 60 M M 10 146 52 60
17 39 31 35 -8 30 0 0.00 M M 16.7 24 270 M M 1 34 240
18 49 28 39 -4 26 0 0.00 M M 3.2 13 260 M M 0 18 270
19 60 27 44 1 21 0 0.00 M M 3.0 15 220 M M 0 18 240
20 49 39 44 1 21 0 0.22 M M 5.6 20 60 M M 10 1 25 50
21 39 30 35 -8 30 0 T M M 9.5 16 60 M M 10 1 20 50
22 43 27 35 -8 30 0 0.00 M M 3.2 10 70 M M 5 13 290
23 53 22 38 -5 27 0 0.00 M M 6.6 20 240 M M 2 12 24 200
24 56 29 43 0 22 0 0.00 M M 6.4 16 220 M M 0 20 240
25 61 38 50 7 15 0 0.00 M M 5.0 13 210 M M 1 16 220
26 53 34 44 1 21 0 0.00 M M 6.3 17 60 M M 0 22 70
27 49 29 39 -4 26 0 0.00 M M 3.4 10 70 M M 0 14 70
28 51 30 41 -3 24 0 0.00 M M 7.7 25 300 M M 5 33 310
29 42 28 35 -9 30 0 0.00 M M 11.1 21 290 M M 0 27 290
30 54 23 39 -5 26 0 0.00 M M 8.4 21 230 M M 0 25 230
31 57 29 43 -1 22 0 0.00 M M 2.6 10 240 M M 0 15 230
================================================================================
SM 1617 1012 695 3 2.92 M 214.9 M 100
================================================================================
AV 52.2 32.6 6.9 FASTST M M 3 MAX(MPH)
MISC ----> 36 60 52 60
================================================================================
NOTES:
# LAST OF SEVERAL OCCURRENCES
COLUMN 17 PEAK WIND IN M.P.H.
PRELIMINARY LOCAL CLIMATOLOGICAL DATA (WS FORM: F-6) , PAGE 2
STATION: ANDERSON SC
MONTH: JANUARY
YEAR: 2022
LATITUDE: 34 30 N
LONGITUDE: 82 43 W
[TEMPERATURE DATA] [PRECIPITATION DATA] SYMBOLS USED IN COLUMN 16
AVERAGE MONTHLY: 42.4 TOTAL FOR MONTH: 2.92 1 = FOG OR MIST
DPTR FM NORMAL: -0.6 DPTR FM NORMAL: -1.17 2 = FOG REDUCING VISIBILITY
HIGHEST: 74 ON 1 GRTST 24HR 1.91 ON 2- 3 TO 1/4 MILE OR LESS
LOWEST: 22 ON 23 3 = THUNDER
SNOW, ICE PELLETS, HAIL 4 = ICE PELLETS
TOTAL MONTH: M 5 = HAIL
GRTST 24HR M ON M 6 = FREEZING RAIN OR DRIZZLE
GRTST DEPTH: M ON M 7 = DUSTSTORM OR SANDSTORM:
VSBY 1/2 MILE OR LESS
8 = SMOKE OR HAZE
[NO. OF DAYS WITH] [WEATHER - DAYS WITH] 9 = BLOWING SNOW
X = TORNADO
MAX 32 OR BELOW: 0 0.01 INCH OR MORE: 7
MAX 90 OR ABOVE: 0 0.10 INCH OR MORE: 5
MIN 32 OR BELOW: 20 0.50 INCH OR MORE: 2
MIN 0 OR BELOW: 0 1.00 INCH OR MORE: 1
[HDD (BASE 65) ]
TOTAL THIS MO. 695 CLEAR (SCALE 0-3) 19
DPTR FM NORMAL 13 PTCLDY (SCALE 4-7) 6
TOTAL FM JUL 1 1576 CLOUDY (SCALE 8-10) 6
DPTR FM NORMAL -256
[CDD (BASE 65) ]
TOTAL THIS MO. 3
DPTR FM NORMAL 3 [PRESSURE DATA]
TOTAL FM JAN 1 3 HIGHEST SLP 30.61 ON 8
DPTR FM NORMAL 3 LOWEST SLP 29.38 ON 3
[REMARKS]
#FINAL-01-22#