000
CXUS53 KIWX 260810
CF6AOH
PRELIMINARY LOCAL CLIMATOLOGICAL DATA (WS FORM: F-6)
STATION: LIMA
MONTH: APRIL
YEAR: 2024
LATITUDE: 40 42 N
LONGITUDE: 84 1 W
TEMPERATURE IN F: :PCPN: SNOW: WIND :SUNSHINE: SKY :PK WND
================================================================================
1 2 3 4 5 6A 6B 7 8 9 10 11 12 13 14 15 16 17 18
12Z AVG MX 2MIN
DY MAX MIN AVG DEP HDD CDD WTR SNW DPTH SPD SPD DIR MIN PSBL S-S WX SPD DR
================================================================================
1 50 42 46 1 19 0 1.41 M M 11.2 31 280 M M 10 13 44 280
2 64 44 54 8 11 0 1.28 M M 11.2 28 250 M M 10 123 37 260
3 47 34 41 -5 24 0 0.09 M M 14.9 31 230 M M 10 18 42 230
4 46 34 40 -6 25 0 0.06 M M 10.6 23 280 M M 9 1 31 280
5 47 36 42 -5 23 0 0.00 M M 10.1 17 330 M M 8 26 310
6 55 32 44 -3 21 0 0.00 M M 6.3 15 330 M M 3 22 340
7 61 33 47 -1 18 0 0.07 M M 9.2 20 130 M M 3 29 100
8 73 48 61 13 4 0 0.01 M M 9.1 20 130 M M 3 26 120
9 74 54 64 16 1 0 0.27 M M 11.1 21 220 M M 5 13 30 210
10 64 52 58 9 7 0 0.97 M M 8.0 15 60 M M 10 1 21 60
11 66 48 57 8 8 0 0.58 M M 12.8 26 300 M M 10 13 35 280
12 56 47 52 3 13 0 0.05 M M 22.8 38 300 M M 8 1 52 330
13 62 43 53 3 12 0 0.00 M M 15.0 24 270 M M 0 33 270
14 80 53 67 17 0 2 0.00 M M 16.2 31 250 M M 1 39 260
15 73 52 63 12 2 0 0.00 M M 6.9 18 60 M M 1 26 40
16 83 46 65 14 0 0 0.00 M M 7.8 17 130 M M 1 24 130
17 74 57 66 15 0 1 0.83 M M 16.1 35 230 M M 8 13 51 240
18 71 53 62 10 3 0 0.00 M M 8.2 23 270 M M 3 33 270
19 65 50 58 6 7 0 0.28 0.0 0 13.5 26 300 M M 6 13 40 210
20 50 41 46 -6 19 0 0.00 M M 13.1 26 270 M M 5 34 260
21 52 39 46 -7 19 0 0.00 M M 8.4 18 300 M M 7 24 290
22 62 33 48 -5 17 0 0.00 M M 7.6 20 260 M M 0 26 200
23 61 48 55 1 10 0 0.24 M M 11.9 26 250 M M 5 1 40 240
24 52 41 47 -7 18 0 0.00 M M 9.7 18 320 M M 10 1 27 280
25 56 32 44 -10 21 0 0.00 M M 5.2 14 60 M M 1 1 19 70
================================================================================
SM 1544 1092 302 3 6.14 0.0 276.9 M 137
================================================================================
AV 61.8 43.7 11.1 FASTST M M 5 MAX(MPH)
MISC ----> 38 300 52 330
================================================================================
NOTES:
# LAST OF SEVERAL OCCURRENCES
COLUMN 17 PEAK WIND IN M.P.H.
PRELIMINARY LOCAL CLIMATOLOGICAL DATA (WS FORM: F-6) , PAGE 2
STATION: LIMA
MONTH: APRIL
YEAR: 2024
LATITUDE: 40 42 N
LONGITUDE: 84 1 W
[TEMPERATURE DATA] [PRECIPITATION DATA] SYMBOLS USED IN COLUMN 16
AVERAGE MONTHLY: 52.7 TOTAL FOR MONTH: 6.14 1 = FOG OR MIST
DPTR FM NORMAL: 2.9 DPTR FM NORMAL: 3.18 2 = FOG REDUCING VISIBILITY
HIGHEST: 83 ON 16 GRTST 24HR 2.04 ON 1- 2 TO 1/4 MILE OR LESS
LOWEST: 32 ON 25, 6 3 = THUNDER
SNOW, ICE PELLETS, HAIL 4 = ICE PELLETS
TOTAL MONTH: 0.0 INCH 5 = HAIL
GRTST 24HR 0.0 6 = FREEZING RAIN OR DRIZZLE
GRTST DEPTH: 0 7 = DUSTSTORM OR SANDSTORM:
VSBY 1/2 MILE OR LESS
8 = SMOKE OR HAZE
[NO. OF DAYS WITH] [WEATHER - DAYS WITH] 9 = BLOWING SNOW
X = TORNADO
MAX 32 OR BELOW: 0 0.01 INCH OR MORE: 13
MAX 90 OR ABOVE: 0 0.10 INCH OR MORE: 8
MIN 32 OR BELOW: 2 0.50 INCH OR MORE: 5
MIN 0 OR BELOW: 0 1.00 INCH OR MORE: 2
[HDD (BASE 65) ]
TOTAL THIS MO. 302 CLEAR (SCALE 0-3) 7
DPTR FM NORMAL -83 PTCLDY (SCALE 4-7) 11
TOTAL FM JUL 1 4552 CLOUDY (SCALE 8-10) 7
DPTR FM NORMAL -974
[CDD (BASE 65) ]
TOTAL THIS MO. 3
DPTR FM NORMAL 3 [PRESSURE DATA]
TOTAL FM JAN 1 3 HIGHEST SLP M ON M
DPTR FM NORMAL 1 LOWEST SLP 29.26 ON 11
[REMARKS]