000
CXUS52 KMFL 011030
CF6APF
PRELIMINARY LOCAL CLIMATOLOGICAL DATA (WS FORM: F-6)
STATION: NAPLES
MONTH: MAY
YEAR: 2022
LATITUDE: 26 8 N
LONGITUDE: 81 46 W
TEMPERATURE IN F: :PCPN: SNOW: WIND :SUNSHINE: SKY :PK WND
================================================================================
1 2 3 4 5 6A 6B 7 8 9 10 11 12 13 14 15 16 17 18
12Z AVG MX 2MIN
DY MAX MIN AVG DEP HDD CDD WTR SNW DPTH SPD SPD DIR MIN PSBL S-S WX SPD DR
================================================================================
1 87 68 78 1 0 13 0.49 0.0 0 6.0 25 100 M M 2 13 32 100
2 88 68 78 1 0 13 2.10 0.0 0 7.8 22 90 M M 3 13 28 90
3 88 71 80 3 0 15 0.04 0.0 0 8.0 15 70 M M 2 3 19 130
4 88 71 80 2 0 15 0.00 0.0 0 6.4 15 280 M M 1 1 18 260
5 88 74 81 3 0 16 0.00 0.0 0 5.2 15 270 M M 0 17 260
6 88 76 82 4 0 17 0.00 0.0 0 6.4 13 220 M M 2 18 230
7 87 72 80 2 0 15 0.16 0.0 0 13.1 20 230 M M 5 13 24 240
8 86 76 81 3 0 16 0.00 0.0 0 8.9 14 280 M M 3 19 280
9 95 71 83 5 0 18 0.00 0.0 0 8.7 20 70 M M 1 25 90
10 89 68 79 1 0 14 0.00 0.0 0 10.8 20 60 M M 0 24 60
11 88 67 78 0 0 13 0.00 0.0 0 10.0 23 290 M M 2 29 310
12 86 65 76 -2 0 11 T 0.0 0 8.8 21 300 M M 2 25 300
13 85 69 77 -1 0 12 0.00 0.0 0 7.1 15 220 M M 4 3 19 230
14 86 67 77 -2 0 12 0.00 0.0 0 5.5 15 280 M M 0 20 280
15 88 71 80 1 0 15 0.00 0.0 0 5.3 13 270 M M 2 16 270
16 84 71 78 -1 0 13 0.00 0.0 0 5.7 16 290 M M 0 20 290
17 86 71 79 0 0 14 0.00 0.0 0 6.4 15 250 M M 0 19 260
18 87 71 79 0 0 14 0.00 0.0 0 4.9 13 290 M M 1 18 250
19 89 74 82 3 0 17 0.00 0.0 0 5.6 13 270 M M 1 16 240
20 89 74 82 3 0 17 0.45 0.0 M 9.0 24 80 M M 5 138 32 210
21 92 73 83 4 0 18 0.00 M M 10.6 20 150 M M 2 24 130
22 95 78 87 7 0 22 0.00 0.0 0 10.7 20 110 M M 5 30 90
23 91 75 83 3 0 18 0.84 0.0 0 8.9 22 340 M M 3 138 32 340
24 92 74 83 3 0 18 0.00 0.0 0 10.9 20 200 M M 2 26 190
25 93 74 84 4 0 19 0.00 0.0 0 10.6 17 110 M M 1 24 120
26 90 75 83 3 0 18 0.00 0.0 0 9.7 20 220 M M 2 28 200
27 88 74 81 1 0 16 0.00 0.0 0 7.7 18 220 M M 1 24 210
28 88 75 82 2 0 17 T 0.0 0 6.6 14 280 M M 1 19 270
29 89 71 80 0 0 15 2.32 0.0 0 6.6 25 120 M M 3 123 31 110
30 88 71 80 0 0 15 0.01 0.0 0 7.4 26 80 M M 2 3X 32 70
31 91 72 82 2 0 17 T 0.0 0 7.2 24 160 M M 1 3 29 160
================================================================================
SM 2749 2227 0 483 6.41 0.0 246.5 M 59
================================================================================
AV 88.7 71.8 8.0 FASTST M M 2 MAX(MPH)
MISC ----> 26 80 # 32 100
================================================================================
NOTES:
# LAST OF SEVERAL OCCURRENCES
COLUMN 17 PEAK WIND IN M.P.H.
PRELIMINARY LOCAL CLIMATOLOGICAL DATA (WS FORM: F-6) , PAGE 2
STATION: NAPLES
MONTH: MAY
YEAR: 2022
LATITUDE: 26 8 N
LONGITUDE: 81 46 W
[TEMPERATURE DATA] [PRECIPITATION DATA] SYMBOLS USED IN COLUMN 16
AVERAGE MONTHLY: 80.3 TOTAL FOR MONTH: 6.41 1 = FOG OR MIST
DPTR FM NORMAL: 1.5 DPTR FM NORMAL: 3.65 2 = FOG REDUCING VISIBILITY
HIGHEST: 95 ON 22, 9 GRTST 24HR 2.33 ON 29-30 TO 1/4 MILE OR LESS
LOWEST: 65 ON 12 3 = THUNDER
SNOW, ICE PELLETS, HAIL 4 = ICE PELLETS
TOTAL MONTH: 0.0 INCH 5 = HAIL
GRTST 24HR 0.0 6 = FREEZING RAIN OR DRIZZLE
GRTST DEPTH: 0 7 = DUSTSTORM OR SANDSTORM:
VSBY 1/2 MILE OR LESS
8 = SMOKE OR HAZE
[NO. OF DAYS WITH] [WEATHER - DAYS WITH] 9 = BLOWING SNOW
X = TORNADO
MAX 32 OR BELOW: 0 0.01 INCH OR MORE: 8
MAX 90 OR ABOVE: 8 0.10 INCH OR MORE: 6
MIN 32 OR BELOW: 0 0.50 INCH OR MORE: 3
MIN 0 OR BELOW: 0 1.00 INCH OR MORE: 2
[HDD (BASE 65) ]
TOTAL THIS MO. 0 CLEAR (SCALE 0-3) 25
DPTR FM NORMAL 0 PTCLDY (SCALE 4-7) 6
TOTAL FM JUL 1 87 CLOUDY (SCALE 8-10) 0
DPTR FM NORMAL -135
[CDD (BASE 65) ]
TOTAL THIS MO. 483
DPTR FM NORMAL 54 [PRESSURE DATA]
TOTAL FM JAN 1 1514 HIGHEST SLP 30.17 ON 22
DPTR FM NORMAL 392 LOWEST SLP 29.80 ON 7
[REMARKS]
#FINAL-05-22#