647
CXUS54 KLCH 010853
CF6ARA
PRELIMINARY LOCAL CLIMATOLOGICAL DATA (WS FORM: F-6)
STATION: NEW IBERIA
MONTH: NOVEMBER
YEAR: 2020
LATITUDE: 30 1 N
LONGITUDE: 91 53 W
TEMPERATURE IN F: :PCPN: SNOW: WIND :SUNSHINE: SKY :PK WND
================================================================================
1 2 3 4 5 6A 6B 7 8 9 10 11 12 13 14 15 16 17 18
12Z AVG MX 2MIN
DY MAX MIN AVG DEP HDD CDD WTR SNW DPTH SPD SPD DIR MIN PSBL S-S WX SPD DR
================================================================================
1 76 50 63 -2 2 0 0.00 0.0 0 10.7 23 360 M M 0 1 33 20
2 70 46 58 -7 7 0 0.00 0.0 0 9.9 17 50 M M 0 8 23 30
3 74 41 58 -7 7 0 0.00 0.0 0 3.6 10 80 M M 0 15 80
4 76 47 62 -2 3 0 0.00 0.0 0 2.4 10 100 M M 0 14 110
5 77 53 65 1 0 0 0.00 0.0 0 4.2 9 70 M M 0 8 12 100
6 81 57 69 5 0 4 0.00 0.0 0 7.1 14 50 M M 1 18 18 70
7 82 64 73 9 0 8 0.17 0.0 0 8.3 17 100 M M 6 3 24 90
8 78 70 74 11 0 9 0.68 0.0 0 7.9 16 100 M M 8 18 23 90
9 82 68 75 12 0 10 0.00 0.0 0 7.2 14 120 M M 5 18 18 130
10 79 68 74 11 0 9 T 0.0 0 3.8 12 120 M M 9 128 14 120
11 84 65 75 13 0 10 0.00 0.0 0 7.3 16 360 M M 6 128 21 350
12 81 57 69 7 0 4 0.00 0.0 0 5.8 10 50 M M 0 14 30
13 82 58 70 8 0 5 0.00 0.0 0 3.4 10 50 M M 0 18 15 50
14 M 59 M M M M 0.00 0.0 0 8.1 18 180 M M 1 18 28 180
15 79 52 66 5 0 1 T 0.0 0 8.8 29 360 M M 4 128 39 360
16 73 47 60 -1 5 0 0.00 0.0 0 7.9 18 70 M M 0 8 27 50
17 75 43 59 -2 6 0 0.00 0.0 0 8.1 18 40 M M 0 23 40
18 73 43 58 -2 7 0 0.00 0.0 0 6.4 13 80 M M 0 21 120
19 78 47 63 3 2 0 0.00 0.0 0 6.7 16 140 M M 1 8 21 120
20 80 58 69 9 0 4 0.00 0.0 0 6.9 16 110 M M 1 1 23 120
21 78 56 67 7 0 2 0.00 0.0 0 5.6 13 80 M M 3 12 18 90
22 79 54 67 8 0 2 0.00 0.0 0 5.1 16 20 M M 1 1 20 10
23 70 50 60 1 5 0 0.00 0.0 0 8.8 16 20 M M 2 23 10
24 78 50 64 5 1 0 0.01 0.0 0 12.1 29 150 M M 4 1 38 160
25 76 62 69 11 0 4 1.25 0.0 0 7.0 21 310 M M 8 13 32 190
26 73 59 66 8 0 1 0.20 0.0 0 7.3 12 40 M M 8 1 M M
27 77 66 72 14 0 7 1.37 0.0 0 7.2 17 330 M M 9 123 25 350
28 67 62 65 7 0 0 0.39 0.0 0 5.7 16 20 M M 8 1 21 20
29 63 48 56 -1 9 0 1.18 M 0 12.7 28 320 M M 10 13 39 340
30 54 35 45 -12 20 0 0.00 0.0 0 11.1 25 330 M M 1 33 340
================================================================================
SM 2195 1635 74 80 5.25 0.0 217.1 M 96
================================================================================
AV 75.7 54.5 7.2 FASTST M M 3 MAX(MPH)
MISC ----> # 29 360 # 39 360
================================================================================
NOTES:
# LAST OF SEVERAL OCCURRENCES
COLUMN 17 PEAK WIND IN M.P.H.
PRELIMINARY LOCAL CLIMATOLOGICAL DATA (WS FORM: F-6) , PAGE 2
STATION: NEW IBERIA
MONTH: NOVEMBER
YEAR: 2020
LATITUDE: 30 1 N
LONGITUDE: 91 53 W
[TEMPERATURE DATA] [PRECIPITATION DATA] SYMBOLS USED IN COLUMN 16
AVERAGE MONTHLY: 65.1 TOTAL FOR MONTH: 5.25 1 = FOG OR MIST
DPTR FM NORMAL: 3.9 DPTR FM NORMAL: 1.00 2 = FOG REDUCING VISIBILITY
HIGHEST: 84 ON 11 GRTST 24HR 1.37 ON 27-27 TO 1/4 MILE OR LESS
LOWEST: 35 ON 30 3 = THUNDER
SNOW, ICE PELLETS, HAIL 4 = ICE PELLETS
TOTAL MONTH: 0.0 INCH 5 = HAIL
GRTST 24HR 0.0 6 = FREEZING RAIN OR DRIZZLE
GRTST DEPTH: 0 7 = DUSTSTORM OR SANDSTORM:
VSBY 1/2 MILE OR LESS
8 = SMOKE OR HAZE
[NO. OF DAYS WITH] [WEATHER - DAYS WITH] 9 = BLOWING SNOW
X = TORNADO
MAX 32 OR BELOW: 0 0.01 INCH OR MORE: 8
MAX 90 OR ABOVE: 0 0.10 INCH OR MORE: 7
MIN 32 OR BELOW: 0 0.50 INCH OR MORE: 4
MIN 0 OR BELOW: 0 1.00 INCH OR MORE: 3
[HDD (BASE 65) ]
TOTAL THIS MO. 74 CLEAR (SCALE 0-3) 18
DPTR FM NORMAL -87 PTCLDY (SCALE 4-7) 9
TOTAL FM JUL 1 93 CLOUDY (SCALE 8-10) 3
DPTR FM NORMAL -102
[CDD (BASE 65) ]
TOTAL THIS MO. 80
DPTR FM NORMAL 33 [PRESSURE DATA]
TOTAL FM JAN 1 3168 HIGHEST SLP 30.47 ON 18
DPTR FM NORMAL 376 LOWEST SLP 29.82 ON 10
[REMARKS]
#FINAL-11-20#