000
CXUS51 KBUF 011247
CLMART
CLIMATE REPORT
NATIONAL WEATHER SERVICE BUFFALO NY
747 AM EST FRI DEC 01 2023
...................................
...THE WATERTOWN NY CLIMATE SUMMARY FOR THE MONTH OF NOVEMBER 2023...
CLIMATE NORMAL PERIOD: 1991 TO 2020
CLIMATE RECORD PERIOD: 1949 TO 2023
WEATHER OBSERVED NORMAL DEPART LAST YEAR`S
VALUE DATE(S) VALUE FROM VALUE DATE(S)
NORMAL
................................................................
TEMPERATURE (F)
RECORD
HIGH 77 11/02/1971
LOW -7 11/13/2019
11/23/2018
11/22/2018
HIGHEST 62 11/17 77 11/05
LOWEST 14 11/20 4 11/21
AVG. MAXIMUM 45.6 46.6 -1.0 49.9
AVG. MINIMUM 28.4 29.5 -1.1 32.1
MEAN 37.0 38.0 -1.0 41.0
DAYS MAX >= 90 0 0.0 0.0 0
DAYS MAX <= 32 1 2.0 -1.0 1
DAYS MIN <= 32 19 18.1 0.9 18
DAYS MIN <= 0 0 0.2 -0.2 0
PRECIPITATION (INCHES)
RECORD
MAXIMUM 7.17 1963
MINIMUM 0.76 1960
TOTALS 2.48 3.40 -0.92 6.21
DAYS >= .01 12 14.4 -2.4 14
DAYS >= .10 5 8.5 -3.5 11
DAYS >= .50 2 1.9 0.1 4
DAYS >= 1.00 0 0.4 -0.4 2
GREATEST
24 HR. TOTAL 1.21 11/21 TO 11/22 2.14 11/18 TO 11/19
DEGREE DAYS
HEATING TOTAL 806 809 -3 717
SINCE 7/1 1368 1567 -199 MM
COOLING TOTAL 0 0 0 5
SINCE 1/1 421 385 36 MM
................................................................
WIND (MPH)
AVERAGE WIND SPEED 8.0
HIGHEST WIND SPEED/DIRECTION 30/210
HIGHEST GUST SPEED/DIRECTION 53/220 DATE 11/03
SKY COVER
POSSIBLE SUNSHINE (PERCENT) MM
AVERAGE SKY COVER 0.67
NUMBER OF DAYS FAIR 2
NUMBER OF DAYS PC 13
NUMBER OF DAYS CLOUDY 14
AVERAGE RH (PERCENT) 70
WEATHER CONDITIONS. NUMBER OF DAYS WITH
THUNDERSTORM 0 MIXED PRECIP 0
HEAVY RAIN 2 RAIN 6
LIGHT RAIN 15 FREEZING RAIN 0
LT FREEZING RAIN 0 HAIL 0
HEAVY SNOW 0 SNOW 1
LIGHT SNOW 7 SLEET 0
FOG 12 FOG W/VIS <= 1/4 MILE 1
HAZE 0
- INDICATES NEGATIVE NUMBERS.
R INDICATES RECORD WAS SET OR TIED.
MM INDICATES DATA IS MISSING.
T INDICATES TRACE AMOUNT.
$$