000
CXUS53 KARX 061419
CF6ARX
PRELIMINARY LOCAL CLIMATOLOGICAL DATA (WS FORM: F-6)
STATION: LA CROSSE WEATHER OFFICE WI
MONTH: DECEMBER
YEAR: 2021
LATITUDE: 43 49 N
LONGITUDE: 91 12 W
TEMPERATURE IN F: :PCPN: SNOW: WIND :SUNSHINE: SKY :PK WND
================================================================================
1 2 3 4 5 6A 6B 7 8 9 10 11 12 13 14 15 16 17 18
12Z AVG MX 2MIN
DY MAX MIN AVG DEP HDD CDD WTR SNW DPTH SPD SPD DIR MIN PSBL S-S WX SPD DR
================================================================================
1 49 33 41 13 24 0 0.14 T 0 M M M M M M 23 M
2 49 38 44 17 21 0 T T 0 M M M M M M 4 29 M
3 40 32 36 9 29 0 0.03 T 0 M M M M M M 28 M
4 32 27 30 4 35 0 0.00 0.0 0 M M M M M M 18 M
5 32 28 30 4 35 0 0.01 T 0 M M M M M M 33 M
6 28 3 16 -10 49 0 T T 0 M M M M M M 40 M
7 19 3 11 -14 54 0 0.03 1.0 0 M M M M M M 40 M
8 24 9 17 -8 48 0 T T 1 M M M M M M 22 M
9 34 23 29 5 36 0 0.02 0.2 0 M M M M M M 4 29 M
10 30 27 29 5 36 0 0.33 1.9 0 M M M M M M 46 28 M
11 31 22 27 3 38 0 0.16 3.8 6 M M M M M M 4 30 M
12 40 23 32 9 33 0 0.00 0.0 5 M M M M M M 30 M
13 44 32 38 15 27 0 0.00 0.0 5 M M M M M M 30 M
14 45 32 39 16 26 0 0.00 0.0 4 M M M M M M 30 M
15 65 44 55 33 10 0 0.46 0.0 0 M M M M M M 3 54 M
16 51 19 35 13 30 0 T T 0 M M M M M M 61 M
17 23 15 19 -3 46 0 0.00 0.0 0 M M M M M M 39 M
18 23 17 20 -1 45 0 T T 0 M M M M M M 15 M
19 25 16 21 0 44 0 0.00 0.0 0 M M M M M M 26 M
20 33 12 23 2 42 0 0.00 0.0 0 M M M M M M 26 M
21 23 10 17 -3 48 0 T T 0 M M M M M M 29 M
22 23 6 15 -5 50 0 0.00 0.0 0 M M M M M M 29 M
23 38 23 31 11 34 0 0.00 0.0 0 M M M M M M 21 M
24 43 32 38 18 27 0 0.00 0.0 0 M M M M M M 26 M
25 37 23 30 11 35 0 0.00 0.0 0 M M M M M M 26 M
26 32 17 25 6 40 0 0.22 2.4 0 M M M M M M 30 M
27 33 12 23 4 42 0 0.03 0.0 2 M M M M M M 16 30 M
28 23 11 17 -2 48 0 0.37 4.5 7 M M M M M M 126 28 M
29 21 -4 9 -9 56 0 0.00 0.0 7 M M M M M M 18 M
30 24 7 16 -2 49 0 0.03 0.8 7 M M M M M M 6 16 M
31 27 10 19 1 46 0 0.00 0.0 7 M M M M M M 16 M
================================================================================
SM 1041 602 1183 0 1.83 14.6 M M M
================================================================================
AV 33.6 19.4 M FASTST M M M MAX(MPH)
MISC ----> M M 61 9999
================================================================================
NOTES:
# LAST OF SEVERAL OCCURRENCES
COLUMN 17 PEAK WIND IN M.P.H.
PRELIMINARY LOCAL CLIMATOLOGICAL DATA (WS FORM: F-6) , PAGE 2
STATION: LA CROSSE WEATHER OFFICE WI
MONTH: DECEMBER
YEAR: 2021
LATITUDE: 43 49 N
LONGITUDE: 91 12 W
[TEMPERATURE DATA] [PRECIPITATION DATA] SYMBOLS USED IN COLUMN 16
AVERAGE MONTHLY: 26.5 TOTAL FOR MONTH: 1.83 1 = FOG OR MIST
DPTR FM NORMAL: 4.2 DPTR FM NORMAL: 0.34 2 = FOG REDUCING VISIBILITY
HIGHEST: 65 ON 15 GRTST 24HR 0.46 ON 15-15 TO 1/4 MILE OR LESS
LOWEST: -4 ON 29 3 = THUNDER
SNOW, ICE PELLETS, HAIL 4 = ICE PELLETS
TOTAL MONTH: 14.6 INCHES 5 = HAIL
GRTST 24HR 4.5 ON 28-28 6 = FREEZING RAIN OR DRIZZLE
GRTST DEPTH: 7 ON 31,30 7 = DUSTSTORM OR SANDSTORM:
VSBY 1/2 MILE OR LESS
8 = SMOKE OR HAZE
[NO. OF DAYS WITH] [WEATHER - DAYS WITH] 9 = BLOWING SNOW
X = TORNADO
MAX 32 OR BELOW: 17 0.01 INCH OR MORE: 12
MAX 90 OR ABOVE: 0 0.10 INCH OR MORE: 6
MIN 32 OR BELOW: 28 0.50 INCH OR MORE: 0
MIN 0 OR BELOW: 1 1.00 INCH OR MORE: 0
[HDD (BASE 65) ]
TOTAL THIS MO. 1183 CLEAR (SCALE 0-3) 0
DPTR FM NORMAL -141 PTCLDY (SCALE 4-7) 0
TOTAL FM JUL 1 2482 CLOUDY (SCALE 8-10) 31
DPTR FM NORMAL -458
[CDD (BASE 65) ]
TOTAL THIS MO. 0
DPTR FM NORMAL 0 [PRESSURE DATA]
TOTAL FM JAN 1 671 HIGHEST SLP M ON M
DPTR FM NORMAL 128 LOWEST SLP M ON M
[REMARKS]
#FINAL-12-21#