000
CXUS54 KMAF 011110
CF6ATS
PRELIMINARY LOCAL CLIMATOLOGICAL DATA (WS FORM: F-6)
STATION: ARTESIA
MONTH: MAY
YEAR: 2023
LATITUDE: 32 54 N
LONGITUDE: 104 30 W
TEMPERATURE IN F: :PCPN: SNOW: WIND :SUNSHINE: SKY :PK WND
================================================================================
1 2 3 4 5 6A 6B 7 8 9 10 11 12 13 14 15 16 17 18
12Z AVG MX 2MIN
DY MAX MIN AVG DEP HDD CDD WTR SNW DPTH SPD SPD DIR MIN PSBL S-S WX SPD DR
================================================================================
1 79 48 64 M 1 0 0.00 M M 6.4 18 170 M M 0 24 170
2 88 57 73 M 0 8 0.00 M M 8.3 25 360 M M 2 32 360
3 82 48 65 M 0 0 0.15 M M 10.1 24 160 M M 0 36 150
4 86 59 73 M 0 8 0.00 M M 9.7 28 230 M M 2 37 240
5 88 55 72 M 0 7 0.00 M M 15.0 28 230 M M 0 37 230
6 88 52 70 M 0 5 0.00 M M 12.9 28 230 M M 0 36 230
7 91 54 73 M 0 8 0.00 M M 14.3 30 240 M M 0 37 240
8 93 52 73 M 0 8 0.00 M M 9.9 16 270 M M 0 26 190
9 93 55 74 M 0 9 0.00 M M 8.7 17 130 M M 0 25 290
10 91 57 74 M 0 9 0.00 M M 14.9 29 220 M M 0 38 220
11 86 50 68 M 0 3 0.00 M M 9.9 23 220 M M 0 28 99
12 90 54 72 M 0 7 0.00 M M 10.4 31 170 M M 0 8 39 100
13 72 55 64 M 1 0 0.08 M M 11.9 22 160 M M 4 3 25 150
14 79 52 66 M 0 1 0.00 M M 10.6 17 20 M M 4 23 20
15 79 61 70 M 0 5 0.00 M M 8.8 14 10 M M 6 21 50
16 82 55 69 M 0 4 0.00 M M 7.1 14 160 M M 1 22 130
17 86 61 74 M 0 9 0.00 M M 9.3 30 220 M M 3 36 220
18 86 61 74 M 0 9 0.00 M M 11.1 21 230 M M 2 30 260
19 86 59 73 M 0 8 0.00 M M 14.1 29 330 M M 2 36 330
20 70 57 64 M 1 0 0.00 M M 7.0 18 30 M M 8 18 18 40
21 82 57 70 M 0 5 0.00 M M 6.8 17 180 M M 1 1 21 180
22 86 55 71 M 0 6 0.17 M M 9.8 20 150 M M 0 32 150
23 90 57 74 M 0 9 0.00 M M 8.0 21 30 M M 0 30 30
24 91 61 76 M 0 11 0.00 M M 11.7 25 160 M M 2 36 160
25 86 64 75 M 0 10 0.00 M M 15.2 26 160 M M 3 31 150
26 84 64 74 M 0 9 0.00 M M 15.2 22 160 M M 4 18 29 150
27 81 66 74 M 0 9 0.00 M M 15.3 22 150 M M 3 3 30 180
28 88 57 73 M 0 8 0.00 M M 8.6 21 180 M M 2 28 180
29 91 55 73 M 0 8 0.00 M M 7.3 13 170 M M 0 17 30
30 95 59 77 M 0 12 0.00 M M 6.7 16 150 M M 0 24 150
31 93 66 80 M 0 15 0.03 M M 15.4 29 150 M M 0 39 150
================================================================================
SM 2662 1763 3 210 0.43 M 330.4 M 49
================================================================================
AV 85.9 56.9 10.7 FASTST M M 2 MAX(MPH)
MISC ----> 31 170 # 39 100
================================================================================
NOTES:
# LAST OF SEVERAL OCCURRENCES
COLUMN 17 PEAK WIND IN M.P.H.
PRELIMINARY LOCAL CLIMATOLOGICAL DATA (WS FORM: F-6) , PAGE 2
STATION: ARTESIA
MONTH: MAY
YEAR: 2023
LATITUDE: 32 54 N
LONGITUDE: 104 30 W
[TEMPERATURE DATA] [PRECIPITATION DATA] SYMBOLS USED IN COLUMN 16
AVERAGE MONTHLY: 71.4 TOTAL FOR MONTH: 0.43 1 = FOG OR MIST
DPTR FM NORMAL: 0.0 DPTR FM NORMAL: M 2 = FOG REDUCING VISIBILITY
HIGHEST: 95 ON 30 GRTST 24HR 0.17 ON 22-22 TO 1/4 MILE OR LESS
LOWEST: 48 ON 3, 1 3 = THUNDER
SNOW, ICE PELLETS, HAIL 4 = ICE PELLETS
TOTAL MONTH: M 5 = HAIL
GRTST 24HR M ON M 6 = FREEZING RAIN OR DRIZZLE
GRTST DEPTH: M ON M 7 = DUSTSTORM OR SANDSTORM:
VSBY 1/2 MILE OR LESS
8 = SMOKE OR HAZE
[NO. OF DAYS WITH] [WEATHER - DAYS WITH] 9 = BLOWING SNOW
X = TORNADO
MAX 32 OR BELOW: 0 0.01 INCH OR MORE: 4
MAX 90 OR ABOVE: 10 0.10 INCH OR MORE: 2
MIN 32 OR BELOW: 0 0.50 INCH OR MORE: 0
MIN 0 OR BELOW: 0 1.00 INCH OR MORE: 0
[HDD (BASE 65) ]
TOTAL THIS MO. 3 CLEAR (SCALE 0-3) 26
DPTR FM NORMAL M PTCLDY (SCALE 4-7) 4
TOTAL FM JUL 1 2846 CLOUDY (SCALE 8-10) 1
DPTR FM NORMAL M
[CDD (BASE 65) ]
TOTAL THIS MO. 210
DPTR FM NORMAL M [PRESSURE DATA]
TOTAL FM JAN 1 241 HIGHEST SLP M ON M
DPTR FM NORMAL M LOWEST SLP M ON M
[REMARKS]
#FINAL-05-23#