968
CXUS51 KGYX 010900
CF6AUG
PRELIMINARY LOCAL CLIMATOLOGICAL DATA (WS FORM: F-6)
STATION: AUGUSTA
MONTH: AUGUST
YEAR: 2020
LATITUDE: 44 18 N
LONGITUDE: 69 48 W
TEMPERATURE IN F: :PCPN: SNOW: WIND :SUNSHINE: SKY :PK WND
================================================================================
1 2 3 4 5 6A 6B 7 8 9 10 11 12 13 14 15 16 17 18
12Z AVG MX 2MIN
DY MAX MIN AVG DEP HDD CDD WTR SNW DPTH SPD SPD DIR MIN PSBL S-S WX SPD DR
================================================================================
1 85 63 74 4 0 9 0.00 0.0 0 4.6 12 10 M M 1 16 20
2 85 64 75 5 0 10 0.03 0.0 0 6.9 15 160 M M 4 1 23 150
3 86 68 77 7 0 12 T 0.0 0 8.2 18 280 M M 4 1 28 280
4 76 64 70 0 0 5 0.63 0.0 0 9.4 30 150 M M 4 1 45 150
5 84 65 75 5 0 10 0.00 0.0 0 6.5 16 190 M M 1 27 220
6 78 61 70 0 0 5 0.00 0.0 0 6.1 15 290 M M 1 25 260
7 81 56 69 -1 0 4 0.00 0.0 0 2.5 9 180 M M 0 17 50
8 83 60 72 2 0 7 0.00 0.0 0 3.6 8 240 M M 1 12 190
9 84 60 72 3 0 7 0.00 0.0 0 3.1 9 160 M M 2 13 150
10 85 67 76 7 0 11 T 0.0 0 2.9 9 270 M M 4 1 12 270
11 91 66 79 10 0 14 0.00 0.0 0 4.7 14 160 M M 2 12 18 160
12 88 70 79 10 0 14 0.00 0.0 0 6.1 13 330 M M 2 17 310
13 88 64 76 7 0 11 0.00 0.0 0 4.2 10 340 M M 1 13 340
14 85 64 75 6 0 10 0.00 0.0 0 7.4 14 350 M M 1 20 330
15 79 61 70 1 0 5 0.00 0.0 0 6.4 14 30 M M 6 18 30
16 75 56 66 -3 0 1 T 0.0 0 4.7 14 160 M M 3 1 18 160
17 80 60 70 2 0 5 T 0.0 0 5.0 10 210 M M 3 17 330
18 77 61 69 1 0 4 0.26 0.0 0 4.1 13 310 M M 5 13 17 290
19 76 56 66 -2 0 1 0.04 0.0 0 5.2 17 330 M M 2 22 340
20 75 55 65 -3 0 0 0.00 0.0 0 5.8 15 280 M M 1 21 290
21 82 59 71 3 0 6 T 0.0 0 3.8 10 360 M M 7 14 270
22 80 58 69 1 0 4 0.00 0.0 0 3.6 14 160 M M 3 1 18 160
23 77 58 68 1 0 3 0.00 0.0 0 2.8 8 160 M M 3 12 12 200
24 86 63 75 8 0 10 0.89 0.0 0 2.3 22 50 M M 5 123 31 50
25 86 62 74 7 0 9 0.05 0.0 0 7.0 35 330 M M 6 123 50 320
26 68 54 61 -6 4 0 0.00 0.0 0 10.6 23 330 M M 1 31 340
27 64 49 57 -9 8 0 0.00 0.0 0 5.8 17 270 M M 1 25 280
28 77 50 64 -2 1 0 0.00 0.0 0 6.3 17 290 M M 1 25 290
29 61 55 58 -8 7 0 1.05 0.0 0 4.3 13 30 M M 7 12 16 30
30 65 52 59 -7 6 0 0.00 0.0 0 9.0 25 300 M M 6 1 40 280
31 72 50 61 -5 4 0 0.00 0.0 0 3.9 14 160 M M 2 18 180
================================================================================
SM 2459 1851 30 177 2.95 0.0 166.8 M 90
================================================================================
AV 79.3 59.7 5.4 FASTST M M 3 MAX(MPH)
MISC ----> # 35 330 # 50 320
================================================================================
NOTES:
# LAST OF SEVERAL OCCURRENCES
COLUMN 17 PEAK WIND IN M.P.H.
PRELIMINARY LOCAL CLIMATOLOGICAL DATA (WS FORM: F-6) , PAGE 2
STATION: AUGUSTA
MONTH: AUGUST
YEAR: 2020
LATITUDE: 44 18 N
LONGITUDE: 69 48 W
[TEMPERATURE DATA] [PRECIPITATION DATA] SYMBOLS USED IN COLUMN 16
AVERAGE MONTHLY: 69.5 TOTAL FOR MONTH: 2.95 1 = FOG OR MIST
DPTR FM NORMAL: 1.2 DPTR FM NORMAL: -0.36 2 = FOG REDUCING VISIBILITY
HIGHEST: 91 ON 11 GRTST 24HR 1.05 ON 29-29 TO 1/4 MILE OR LESS
LOWEST: 49 ON 27 3 = THUNDER
SNOW, ICE PELLETS, HAIL 4 = ICE PELLETS
TOTAL MONTH: 0.0 INCH 5 = HAIL
GRTST 24HR 0.0 6 = FREEZING RAIN OR DRIZZLE
GRTST DEPTH: 0 7 = DUSTSTORM OR SANDSTORM:
VSBY 1/2 MILE OR LESS
8 = SMOKE OR HAZE
[NO. OF DAYS WITH] [WEATHER - DAYS WITH] 9 = BLOWING SNOW
X = TORNADO
MAX 32 OR BELOW: 0 0.01 INCH OR MORE: 7
MAX 90 OR ABOVE: 1 0.10 INCH OR MORE: 4
MIN 32 OR BELOW: 0 0.50 INCH OR MORE: 3
MIN 0 OR BELOW: 0 1.00 INCH OR MORE: 1
[HDD (BASE 65) ]
TOTAL THIS MO. 30 CLEAR (SCALE 0-3) 18
DPTR FM NORMAL 4 PTCLDY (SCALE 4-7) 13
TOTAL FM JUL 1 39 CLOUDY (SCALE 8-10) 0
DPTR FM NORMAL -3
[CDD (BASE 65) ]
TOTAL THIS MO. 177
DPTR FM NORMAL 50 [PRESSURE DATA]
TOTAL FM JAN 1 538 HIGHEST SLP M ON M
DPTR FM NORMAL 181 LOWEST SLP 29.35 ON 29
[REMARKS]
#FINAL-08-20#