000
CXUS53 KGID 011121
CF6AUH
PRELIMINARY LOCAL CLIMATOLOGICAL DATA (WS FORM: F-6)
STATION: AURORA NE
MONTH: AUGUST
YEAR: 2021
LATITUDE: 40 54 N
LONGITUDE: 97 59 W
TEMPERATURE IN F: :PCPN: SNOW: WIND :SUNSHINE: SKY :PK WND
================================================================================
1 2 3 4 5 6A 6B 7 8 9 10 11 12 13 14 15 16 17 18
12Z AVG MX 2MIN
DY MAX MIN AVG DEP HDD CDD WTR SNW DPTH SPD SPD DIR MIN PSBL S-S WX SPD DR
================================================================================
1 78 58 68 M 0 3 0.00 M M 6.4 12 20 M M 0 1 20 30
2 79 53 66 M 0 1 0.00 M M 3.2 8 120 M M 0 1 M M
3 81 57 69 M 0 4 0.00 M M 7.5 12 140 M M 2 18 160
4 89 62 76 M 0 11 0.64 M M 10.2 24 240 M M 5 3 32 240
5 87 66 77 M 0 12 T M M 4.3 8 280 M M 2 M M
6 90 67 79 M 0 14 0.00 M M 10.0 14 170 M M 0 20 170
7 85 67 76 M 0 11 0.70 M M 10.1 18 110 M M 4 3 28 40
8 86 65 76 M 0 11 0.01 M M 7.3 16 200 M M 1 23 220
9 93 66 80 M 0 15 0.00 M M 7.8 14 190 M M 0 20 190
10 88 68 78 M 0 13 0.00 M M 6.5 10 180 M M 0 21 50
11 85 66 76 M 0 11 0.00 M M 7.2 14 20 M M 0 18 20
12 85 65 75 M 0 10 0.00 M M 7.0 16 40 M M 1 23 40
13 82 61 72 M 0 7 0.00 M M 4.1 9 10 M M 2 M M
14 83 58 71 M 0 6 0.00 M M 5.7 13 160 M M 1 17 160
15 85 63 74 M 0 9 0.04 M M 9.1 14 160 M M 3 21 170
16 88 64 76 M 0 11 0.00 M M 8.5 13 170 M M 1 20 170
17 87 66 77 M 0 12 0.00 M M 9.6 15 170 M M 1 21 160
18 86 67 77 M 0 12 0.00 M M 10.2 18 160 M M 2 22 170
19 87 69 78 M 0 13 0.00 M M 9.2 17 150 M M 4 1 18 170
20 86 63 75 M 0 10 M M M 9.1 20 160 M M 6 3 29 360
21 76 56 66 M 0 1 0.00 M M 6.2 10 330 M M 0 18 350
22 88 60 74 M 0 9 0.00 M M 11.2 20 160 M M 3 29 170
23 91 64 78 M 0 13 0.00 M M 8.5 14 220 M M 0 23 230
24 92 71 82 M 0 17 0.00 M M 8.1 17 50 M M 1 23 50
25 86 65 76 M 0 11 0.01 M M 9.0 13 90 M M 3 1 21 110
26 91 70 81 M 0 16 0.00 M M 6.5 13 210 M M 2 23 160
27 92 72 82 M 0 17 0.04 M M 9.5 17 160 M M 1 3 22 180
28 92 69 81 M 0 16 0.00 M M 13.5 16 160 M M 1 27 40
29 77 65 71 M 0 6 0.96 M M 5.1 14 350 M M 5 22 350
30 84 66 75 M 0 10 0.00 M M 6.1 12 140 M M 6 1 16 160
31 78 62 70 M 0 5 0.13 M M 8.2 15 20 M M 2 28 20
================================================================================
SM 2657 1991 0 317 M M 244.9 M 59
================================================================================
AV 85.7 64.2 7.9 FASTST M M 2 MAX(MPH)
MISC ----> 24 240 M M
================================================================================
NOTES:
# LAST OF SEVERAL OCCURRENCES
COLUMN 17 PEAK WIND IN M.P.H.
PRELIMINARY LOCAL CLIMATOLOGICAL DATA (WS FORM: F-6) , PAGE 2
STATION: AURORA NE
MONTH: AUGUST
YEAR: 2021
LATITUDE: 40 54 N
LONGITUDE: 97 59 W
[TEMPERATURE DATA] [PRECIPITATION DATA] SYMBOLS USED IN COLUMN 16
AVERAGE MONTHLY: 75.0 TOTAL FOR MONTH: M 1 = FOG OR MIST
DPTR FM NORMAL: M DPTR FM NORMAL: M 2 = FOG REDUCING VISIBILITY
HIGHEST: 93 ON 9 GRTST 24HR M ON M TO 1/4 MILE OR LESS
LOWEST: 53 ON 2 3 = THUNDER
SNOW, ICE PELLETS, HAIL 4 = ICE PELLETS
TOTAL MONTH: M 5 = HAIL
GRTST 24HR M ON M 6 = FREEZING RAIN OR DRIZZLE
GRTST DEPTH: M ON M 7 = DUSTSTORM OR SANDSTORM:
VSBY 1/2 MILE OR LESS
8 = SMOKE OR HAZE
[NO. OF DAYS WITH] [WEATHER - DAYS WITH] 9 = BLOWING SNOW
X = TORNADO
MAX 32 OR BELOW: 0 0.01 INCH OR MORE: M
MAX 90 OR ABOVE: 7 0.10 INCH OR MORE: M
MIN 32 OR BELOW: 0 0.50 INCH OR MORE: M
MIN 0 OR BELOW: 0 1.00 INCH OR MORE: M
[HDD (BASE 65) ]
TOTAL THIS MO. 0 CLEAR (SCALE 0-3) 24
DPTR FM NORMAL M PTCLDY (SCALE 4-7) 7
TOTAL FM JUL 1 0 CLOUDY (SCALE 8-10) 0
DPTR FM NORMAL M
[CDD (BASE 65) ]
TOTAL THIS MO. 317
DPTR FM NORMAL M [PRESSURE DATA]
TOTAL FM JAN 1 1029 HIGHEST SLP M ON M
DPTR FM NORMAL 1019 LOWEST SLP M ON M
[REMARKS]
#FINAL-08-21#