000
CXUS53 KARX 010930
CF6AUM
PRELIMINARY LOCAL CLIMATOLOGICAL DATA (WS FORM: F-6)
STATION: AUSTIN MUNI MN
MONTH: JUNE
YEAR: 2020
LATITUDE: 43 40 N
LONGITUDE: 92 56 W
TEMPERATURE IN F: :PCPN: SNOW: WIND :SUNSHINE: SKY :PK WND
================================================================================
1 2 3 4 5 6A 6B 7 8 9 10 11 12 13 14 15 16 17 18
12Z AVG MX 2MIN
DY MAX MIN AVG DEP HDD CDD WTR SNW DPTH SPD SPD DIR MIN PSBL S-S WX SPD DR
================================================================================
1 90 59 75 M 0 10 M 0.0 0 13.0 23 200 M M 3 3 32 190
2 M 66 M M M M M 0.0 0 8.1 20 60 M M 2 3 31 60
3 84 63 74 M 0 9 0.00 0.0 0 2.4 9 300 M M 3 123 M M
4 90 63 77 M 0 12 0.00 0.0 0 1.7 7 300 M M 1 M M
5 82 66 74 M 0 9 M 0.0 0 6.3 14 330 M M 2 21 350
6 81 61 71 M 0 6 M 0.0 0 8.0 16 90 M M 6 3 20 90
7 88 64 76 M 0 11 0.00 0.0 0 12.9 17 150 M M 1 25 150
8 91 72 82 M 0 17 0.00 0.0 0 10.5 20 190 M M 0 27 190
9 82 66 74 M 0 9 M 0.0 0 6.8 21 60 M M 4 29 60
10 70 57 64 M 1 0 M 0.0 0 14.9 28 320 M M 6 36 320
11 79 52 66 M 0 1 0.00 0.0 0 10.1 23 290 M M 1 35 310
12 82 54 68 M 0 3 M 0.0 0 6.8 14 310 M M 2 17 300
13 70 57 64 M 1 0 0.00 0.0 0 11.7 16 120 M M 4 22 120
14 77 54 66 M 0 1 0.00 0.0 0 14.9 21 140 M M 2 31 140
15 84 61 73 M 0 8 0.00 0.0 0 10.9 15 170 M M 0 25 160
16 84 64 74 M 0 9 0.00 0.0 0 9.5 18 190 M M 0 24 180
17 84 63 74 M 0 9 0.00 0.0 0 9.2 15 180 M M 0 23 180
18 84 68 76 M 0 11 M 0.0 0 9.0 20 130 M M 3 3 22 170
19 73 64 69 M 0 4 M 0.0 0 5.4 9 360 M M 6 1 17 350
20 72 61 67 M 0 2 M 0.0 0 1.7 10 310 M M 5 M M
21 84 59 72 M 0 7 M 0.0 0 6.1 23 330 M M 3 3 35 330
22 70 61 66 M 0 1 M 0.0 0 3.5 8 350 M M 6 M M
23 73 55 64 M 1 0 M 0.0 0 6.8 15 300 M M 4 25 330
24 77 54 66 M 0 1 0.00 0.0 0 4.2 10 310 M M 3 3 18 310
25 82 54 68 M 0 3 0.00 0.0 0 2.9 12 220 M M 1 17 220
26 82 66 74 M 0 9 M 0.0 0 3.9 10 250 M M 3 3 M M
27 84 61 73 M 0 8 0.00 0.0 0 0.8 6 350 M M 1 1 M M
28 82 63 73 M 0 8 M 0.0 0 7.1 15 120 M M 3 3 21 120
29 84 66 75 M 0 10 M 0.0 0 8.7 16 110 M M 4 3 21 110
30 86 72 79 M 0 14 0.00 0.0 0 6.9 14 140 M M 3 18 150
================================================================================
SM 2351 1846 3 192 0.00 0.0 224.7 M 82
================================================================================
AV 81.1 61.5 7.5 FASTST M M 3 MAX(MPH)
MISC ----> # 28 320 # 36 320
================================================================================
NOTES:
# LAST OF SEVERAL OCCURRENCES
COLUMN 17 PEAK WIND IN M.P.H.
PRELIMINARY LOCAL CLIMATOLOGICAL DATA (WS FORM: F-6) , PAGE 2
STATION: AUSTIN MUNI MN
MONTH: JUNE
YEAR: 2020
LATITUDE: 43 40 N
LONGITUDE: 92 56 W
[TEMPERATURE DATA] [PRECIPITATION DATA] SYMBOLS USED IN COLUMN 16
AVERAGE MONTHLY: 71.3 TOTAL FOR MONTH: 0.00 1 = FOG OR MIST
DPTR FM NORMAL: M DPTR FM NORMAL: M 2 = FOG REDUCING VISIBILITY
HIGHEST: 91 ON 8 GRTST 24HR 0.00 ON 30-30 TO 1/4 MILE OR LESS
LOWEST: 52 ON 11 3 = THUNDER
SNOW, ICE PELLETS, HAIL 4 = ICE PELLETS
TOTAL MONTH: 0.0 INCH 5 = HAIL
GRTST 24HR 0.0 6 = FREEZING RAIN OR DRIZZLE
GRTST DEPTH: 0 7 = DUSTSTORM OR SANDSTORM:
VSBY 1/2 MILE OR LESS
8 = SMOKE OR HAZE
[NO. OF DAYS WITH] [WEATHER - DAYS WITH] 9 = BLOWING SNOW
X = TORNADO
MAX 32 OR BELOW: 0 0.01 INCH OR MORE: 0
MAX 90 OR ABOVE: 3 0.10 INCH OR MORE: 0
MIN 32 OR BELOW: 0 0.50 INCH OR MORE: 0
MIN 0 OR BELOW: 0 1.00 INCH OR MORE: 0
[HDD (BASE 65) ]
TOTAL THIS MO. 3 CLEAR (SCALE 0-3) 21
DPTR FM NORMAL M PTCLDY (SCALE 4-7) 9
TOTAL FM JUL 1 6975 CLOUDY (SCALE 8-10) 0
DPTR FM NORMAL M
[CDD (BASE 65) ]
TOTAL THIS MO. 192
DPTR FM NORMAL M [PRESSURE DATA]
TOTAL FM JAN 1 228 HIGHEST SLP M ON M
DPTR FM NORMAL M LOWEST SLP M ON M
[REMARKS]
#FINAL-06-20#