000
CXUS54 KBMX 011110
CF6AUO
PRELIMINARY LOCAL CLIMATOLOGICAL DATA (WS FORM: F-6)
STATION: AUBURN AWOS
MONTH: NOVEMBER
YEAR: 2022
LATITUDE: 32 34 N
LONGITUDE: 85 30 W
TEMPERATURE IN F: :PCPN: SNOW: WIND :SUNSHINE: SKY :PK WND
================================================================================
1 2 3 4 5 6A 6B 7 8 9 10 11 12 13 14 15 16 17 18
12Z AVG MX 2MIN
DY MAX MIN AVG DEP HDD CDD WTR SNW DPTH SPD SPD DIR MIN PSBL S-S WX SPD DR
================================================================================
1 74 52 63 M 2 0 0.00 0.0 0 4.3 9 330 M M 0 M M
2 77 55 66 M 0 1 0.00 0.0 0 4.4 7 70 M M 0 M M
3 77 55 66 M 0 1 0.00 0.0 0 5.9 9 90 M M 0 M M
4 77 56 67 M 0 2 0.00 0.0 0 6.1 10 130 M M 0 8 M M
5 78 60 69 M 0 4 0.00 0.0 0 7.6 15 160 M M 5 21 160
6 83 62 73 M 0 8 0.00 0.0 0 4.0 6 60 M M 2 1 M M
7 82 67 75 M 0 10 0.00 0.0 0 5.6 8 20 M M 4 1 M M
8 83 61 72 M 0 7 0.00 0.0 0 8.3 12 60 M M 1 18 60
9 69 51 60 M 5 0 0.00 0.0 0 10.9 16 70 M M 0 24 70
10 69 57 63 M 2 0 0.86 0.0 0 14.3 21 30 M M 7 30 30
11 68 64 66 M 0 1 0.28 0.0 M 7.6 17 10 M M 10 1 23 10
12 68 41 55 M 10 0 T M M 8.2 18 330 M M 10 12 24 330
13 52 33 43 M 22 0 M M M 10.4 17 350 M M 3 24 350
14 59 33 46 M 19 0 M 0.0 0 8.3 13 60 M M 1 17 100
15 57 48 53 M 12 0 0.34 M M 7.9 13 350 M M 10 12 18 350
16 52 39 46 M 19 0 0.00 0.0 0 8.8 14 330 M M 2 22 350
17 50 31 41 M 24 0 M M M 6.9 13 300 M M 0 20 300
18 54 28 41 M 24 0 0.00 0.0 0 5.1 9 20 M M 0 M M
19 54 33 44 M 21 0 0.00 0.0 0 5.8 10 300 M M 0 M M
20 47 34 41 M 24 0 0.00 0.0 0 6.9 9 10 M M 0 M M
21 61 29 45 M 20 0 0.00 0.0 0 6.2 10 60 M M 0 M M
22 63 43 53 M 12 0 0.00 0.0 0 5.7 9 50 M M 4 M M
23 70 49 60 M 5 0 T M M 5.5 9 30 M M 4 M M
24 70 53 62 M 3 0 0.06 0.0 0 7.5 13 90 M M 7 8 17 90
25 61 52 57 M 8 0 0.94 0.0 0 7.3 13 40 M M 7 1 M M
26 61 52 57 M 8 0 0.38 0.0 0 8.8 14 90 M M 6 1 20 120
27 67 58 63 M 2 0 0.61 0.0 0 12.4 18 230 M M 5 1 27 230
28 67 47 57 M 8 0 0.02 M M 4.3 13 250 M M 0 M M
29 72 46 59 M 6 0 0.05 0.0 0 7.6 16 190 M M 5 13 20 170
30 64 57 61 M 4 0 0.00 0.0 0 7.8 14 190 M M 10 M M
================================================================================
SM 1986 1446 260 34 3.54 0.0 220.4 M 103
================================================================================
AV 66.2 48.2 7.3 FASTST M M 3 MAX(MPH)
MISC ----> 21 30 30 30
================================================================================
NOTES:
# LAST OF SEVERAL OCCURRENCES
COLUMN 17 PEAK WIND IN M.P.H.
PRELIMINARY LOCAL CLIMATOLOGICAL DATA (WS FORM: F-6) , PAGE 2
STATION: AUBURN AWOS
MONTH: NOVEMBER
YEAR: 2022
LATITUDE: 32 34 N
LONGITUDE: 85 30 W
[TEMPERATURE DATA] [PRECIPITATION DATA] SYMBOLS USED IN COLUMN 16
AVERAGE MONTHLY: 57.2 TOTAL FOR MONTH: 3.54 1 = FOG OR MIST
DPTR FM NORMAL: 0.0 DPTR FM NORMAL: M 2 = FOG REDUCING VISIBILITY
HIGHEST: 83 ON 8, 6 GRTST 24HR 0.94 ON 25-25 TO 1/4 MILE OR LESS
LOWEST: 28 ON 18 3 = THUNDER
SNOW, ICE PELLETS, HAIL 4 = ICE PELLETS
TOTAL MONTH: 0.0 INCH 5 = HAIL
GRTST 24HR 0.0 6 = FREEZING RAIN OR DRIZZLE
GRTST DEPTH: 0 7 = DUSTSTORM OR SANDSTORM:
VSBY 1/2 MILE OR LESS
8 = SMOKE OR HAZE
[NO. OF DAYS WITH] [WEATHER - DAYS WITH] 9 = BLOWING SNOW
X = TORNADO
MAX 32 OR BELOW: 0 0.01 INCH OR MORE: 9
MAX 90 OR ABOVE: 0 0.10 INCH OR MORE: 6
MIN 32 OR BELOW: 3 0.50 INCH OR MORE: 3
MIN 0 OR BELOW: 0 1.00 INCH OR MORE: 0
[HDD (BASE 65) ]
TOTAL THIS MO. 260 CLEAR (SCALE 0-3) 16
DPTR FM NORMAL M PTCLDY (SCALE 4-7) 10
TOTAL FM JUL 1 365 CLOUDY (SCALE 8-10) 4
DPTR FM NORMAL M
[CDD (BASE 65) ]
TOTAL THIS MO. 34
DPTR FM NORMAL M [PRESSURE DATA]
TOTAL FM JAN 1 1966 HIGHEST SLP M ON M
DPTR FM NORMAL M LOWEST SLP M ON M
[REMARKS]
#FINAL-11-22#