000
CXUS53 KGRB 010912
CF6AUW
PRELIMINARY LOCAL CLIMATOLOGICAL DATA (WS FORM: F-6)
STATION: WAUSAU WI
MONTH: AUGUST
YEAR: 2021
LATITUDE: 44 55 N
LONGITUDE: 89 37 W
TEMPERATURE IN F: :PCPN: SNOW: WIND :SUNSHINE: SKY :PK WND
================================================================================
1 2 3 4 5 6A 6B 7 8 9 10 11 12 13 14 15 16 17 18
12Z AVG MX 2MIN
DY MAX MIN AVG DEP HDD CDD WTR SNW DPTH SPD SPD DIR MIN PSBL S-S WX SPD DR
================================================================================
1 77 59 68 -1 0 3 0.00 0.0 0 8.1 17 340 M M 3 8 25 350
2 79 55 67 -2 0 2 0.00 0.0 0 4.0 12 270 M M 2 16 250
3 81 60 71 2 0 6 0.00 0.0 0 3.6 13 260 M M 0 18 17 270
4 85 60 73 4 0 8 0.00 0.0 0 3.6 12 260 M M 0 18 18 270
5 80 62 71 2 0 6 0.04 0.0 0 8.6 17 170 M M 5 18 27 190
6 84 66 75 6 0 10 0.00 0.0 0 4.5 14 160 M M 6 18 20 170
7 71 65 68 -1 0 3 1.15 0.0 0 6.0 20 120 M M 8 1238 27 130
8 83 69 76 7 0 11 1.57 0.0 0 8.1 26 180 M M 8 138 44 190
9 83 68 76 8 0 11 0.69 0.0 0 4.1 10 210 M M 5 12 21 180
10 85 64 75 7 0 10 0.00 0.0 0 5.5 15 220 M M 6 12 25 220
11 85 67 76 8 0 11 2.64 0.0 0 7.6 20 170 M M 5 1238 27 170
12 83 61 72 4 0 7 T 0.0 0 7.5 21 270 M M 2 30 250
13 77 54 66 -2 0 1 0.00 0.0 0 5.9 20 280 M M 1 30 290
14 81 52 67 -1 0 2 0.00 0.0 0 3.5 14 240 M M 0 19 230
15 82 56 69 1 0 4 0.00 0.0 0 5.2 13 230 M M 0 18 230
16 82 56 69 1 0 4 0.00 0.0 0 5.5 14 130 M M 0 19 160
17 83 57 70 2 0 5 0.00 0.0 0 5.3 14 170 M M 2 18 150
18 87 60 74 7 0 9 0.00 0.0 0 3.2 9 200 M M 1 18 16 210
19 88 61 75 8 0 10 0.00 0.0 0 1.8 8 180 M M 0 1 12 210
20 89 64 77 10 0 12 0.00 0.0 0 7.0 15 120 M M 3 12 22 110
21 86 59 73 6 0 8 T 0.0 0 10.5 20 280 M M 4 28 250
22 81 54 68 1 0 3 T 0.0 0 5.1 14 40 M M 0 20 40
23 88 61 75 9 0 10 T 0.0 0 6.0 14 240 M M 2 1 20 200
24 76 65 71 5 0 6 0.81 0.0 0 5.6 30 260 M M 6 123 43 240
25 88 66 77 11 0 12 0.00 0.0 0 4.2 14 260 M M 4 1 18 250
26 79 62 71 5 0 6 0.62 0.0 0 5.4 16 80 M M 2 138 21 90
27 74 62 68 2 0 3 1.82 0.0 0 6.6 15 40 M M 9 13 24 100
28 85 68 77 12 0 12 0.19 0.0 0 5.8 21 140 M M 2 13 29 140
29 82 67 75 10 0 10 0.07 0.0 0 10.3 23 250 M M 3 38 34 220
30 83 61 72 7 0 7 0.00 0.0 0 8.3 18 280 M M 0 24 300
31 78 59 69 4 0 4 0.00 0.0 0 4.2 12 40 M M 3 17 90
================================================================================
SM 2545 1900 0 216 9.60 0.0 180.6 M 92
================================================================================
AV 82.1 61.3 5.8 FASTST M M 3 MAX(MPH)
MISC ----> 30 260 44 190
================================================================================
NOTES:
# LAST OF SEVERAL OCCURRENCES
COLUMN 17 PEAK WIND IN M.P.H.
PRELIMINARY LOCAL CLIMATOLOGICAL DATA (WS FORM: F-6) , PAGE 2
STATION: WAUSAU WI
MONTH: AUGUST
YEAR: 2021
LATITUDE: 44 55 N
LONGITUDE: 89 37 W
[TEMPERATURE DATA] [PRECIPITATION DATA] SYMBOLS USED IN COLUMN 16
AVERAGE MONTHLY: 71.7 TOTAL FOR MONTH: 9.60 1 = FOG OR MIST
DPTR FM NORMAL: 4.3 DPTR FM NORMAL: 5.53 2 = FOG REDUCING VISIBILITY
HIGHEST: 89 ON 20 GRTST 24HR 2.64 ON 11-11 TO 1/4 MILE OR LESS
LOWEST: 52 ON 14 3 = THUNDER
SNOW, ICE PELLETS, HAIL 4 = ICE PELLETS
TOTAL MONTH: 0.0 INCH 5 = HAIL
GRTST 24HR 0.0 6 = FREEZING RAIN OR DRIZZLE
GRTST DEPTH: 0 7 = DUSTSTORM OR SANDSTORM:
VSBY 1/2 MILE OR LESS
8 = SMOKE OR HAZE
[NO. OF DAYS WITH] [WEATHER - DAYS WITH] 9 = BLOWING SNOW
X = TORNADO
MAX 32 OR BELOW: 0 0.01 INCH OR MORE: 10
MAX 90 OR ABOVE: 0 0.10 INCH OR MORE: 8
MIN 32 OR BELOW: 0 0.50 INCH OR MORE: 7
MIN 0 OR BELOW: 0 1.00 INCH OR MORE: 4
[HDD (BASE 65) ]
TOTAL THIS MO. 0 CLEAR (SCALE 0-3) 18
DPTR FM NORMAL -40 PTCLDY (SCALE 4-7) 11
TOTAL FM JUL 1 3 CLOUDY (SCALE 8-10) 2
DPTR FM NORMAL -61
[CDD (BASE 65) ]
TOTAL THIS MO. 216
DPTR FM NORMAL 102 [PRESSURE DATA]
TOTAL FM JAN 1 727 HIGHEST SLP 30.27 ON 14
DPTR FM NORMAL 342 LOWEST SLP 29.62 ON 11
[REMARKS]
#FINAL-08-21#