000
CXUS53 KGRB 131431
CF6AUW
PRELIMINARY LOCAL CLIMATOLOGICAL DATA (WS FORM: F-6)
STATION: WAUSAU WI
MONTH: JANUARY
YEAR: 2024
LATITUDE: 44 55 N
LONGITUDE: 89 37 W
TEMPERATURE IN F: :PCPN: SNOW: WIND :SUNSHINE: SKY :PK WND
================================================================================
1 2 3 4 5 6A 6B 7 8 9 10 11 12 13 14 15 16 17 18
12Z AVG MX 2MIN
DY MAX MIN AVG DEP HDD CDD WTR SNW DPTH SPD SPD DIR MIN PSBL S-S WX SPD DR
================================================================================
1 25 20 23 7 42 0 T T 0 9.2 16 220 M M 10 18 23 220
2 31 22 27 11 38 0 0.00 0.0 0 9.9 16 260 M M 10 1 22 270
3 34 22 28 12 37 0 T T 0 8.2 17 320 M M 10 26 330
4 23 18 21 5 44 0 T T 0 6.7 12 240 M M 10 17 230
5 32 22 27 11 38 0 0.00 0.0 0 5.9 14 240 M M 9 18 18 250
6 33 27 30 14 35 0 0.03 0.6 T 3.2 8 100 M M 10 18 11 100
7 32 26 29 14 36 0 0.01 0.1 T 6.1 12 280 M M 10 18 16 290
8 31 28 30 15 35 0 0.00 0.0 T 5.7 15 140 M M 10 18 22 120
9 33 30 32 17 33 0 0.16 2.0 1 10.9 20 340 M M 10 18 30 20
10 31 27 29 14 36 0 0.08 1.0 2 6.8 20 320 M M 10 1 27 330
11 29 18 24 9 41 0 0.07 1.4 3 3.6 10 230 M M 10 18 13 150
12 28 24 26 11 39 0 0.28 4.1 6 10.5 22 350 M M 10 18 35 340
13 26 6 16 1 49 0 T T 6 14.2 23 310 M M 10 18 34 320
14 6 -3 2 -12 63 0 T T 6 14.2 22 270 M M 8 8 29 280
15 1 -8 -3 -17 68 0 0.00 0.0 6 9.6 14 260 M M 3 21 260
16 2 -9 -3 -17 68 0 0.00 0.0 6 10.0 15 270 M M 3 8 23 220
17 9 -2 4 -10 61 0 0.00 0.0 6 8.7 15 230 M M 6 22 250
18 10 -3 4 -10 61 0 0.00 0.0 6 8.0 14 330 M M 3 20 340
19 14 -1 7 -7 58 0 0.00 0.0 6 9.0 14 340 M M 5 21 330
20 15 -2 7 -7 58 0 0.00 0.0 6 6.8 15 260 M M 0 20 260
21 17 0 9 -5 56 0 0.00 0.0 6 10.6 18 170 M M 5 29 170
22 31 17 24 10 41 0 0.00 0.0 5 6.9 16 170 M M 7 22 170
23 31 26 29 15 36 0 0.00 0.0 5 6.4 12 80 M M 10 8 M M
24 33 29 31 17 34 0 0.00 0.0 4 2.4 8 130 M M 10 126 10 150
25 37 33 35 21 30 0 0.15 0.0 3 2.3 7 50 M M 10 12 8 40
26 38 33 36 22 29 0 T 0.0 2 1.2 5 40 M M 10 12 6 50
27 36 33 35 21 30 0 0.00 0.0 2 4.5 13 270 M M 10 12 16 310
28 33 29 31 17 34 0 T T 2 6.9 13 270 M M 9 1 16 270
29 35 28 32 18 33 0 0.00 0.0 2 6.2 16 300 M M 10 1 24 300
30 37 32 35 20 30 0 0.00 0.0 1 7.3 16 320 M M 10 22 330
31 47 32 40 25 25 0 0.00 0.0 0 6.7 16 240 M M 4 1 22 200
================================================================================
SM 820 554 1318 0 0.78 9.2 228.6 M 252
================================================================================
AV 26.5 17.9 7.4 FASTST M M 8 MAX(MPH)
MISC ----> 23 310 35 340
================================================================================
NOTES:
# LAST OF SEVERAL OCCURRENCES
COLUMN 17 PEAK WIND IN M.P.H.
PRELIMINARY LOCAL CLIMATOLOGICAL DATA (WS FORM: F-6) , PAGE 2
STATION: WAUSAU WI
MONTH: JANUARY
YEAR: 2024
LATITUDE: 44 55 N
LONGITUDE: 89 37 W
[TEMPERATURE DATA] [PRECIPITATION DATA] SYMBOLS USED IN COLUMN 16
AVERAGE MONTHLY: 22.2 TOTAL FOR MONTH: 0.78 1 = FOG OR MIST
DPTR FM NORMAL: 7.4 DPTR FM NORMAL: -0.42 2 = FOG REDUCING VISIBILITY
HIGHEST: 47 ON 31 GRTST 24HR 0.55 ON 12-13 TO 1/4 MILE OR LESS
LOWEST: -9 ON 16 3 = THUNDER
SNOW, ICE PELLETS, HAIL 4 = ICE PELLETS
TOTAL MONTH: 9.2 INCHES 5 = HAIL
GRTST 24HR 4.1 ON 12-12 6 = FREEZING RAIN OR DRIZZLE
GRTST DEPTH: 6 ON 21,20 7 = DUSTSTORM OR SANDSTORM:
VSBY 1/2 MILE OR LESS
8 = SMOKE OR HAZE
[NO. OF DAYS WITH] [WEATHER - DAYS WITH] 9 = BLOWING SNOW
X = TORNADO
MAX 32 OR BELOW: 20 0.01 INCH OR MORE: 7
MAX 90 OR ABOVE: 0 0.10 INCH OR MORE: 3
MIN 32 OR BELOW: 28 0.50 INCH OR MORE: 0
MIN 0 OR BELOW: 8 1.00 INCH OR MORE: 0
[HDD (BASE 65) ]
TOTAL THIS MO. 1318 CLEAR (SCALE 0-3) 3
DPTR FM NORMAL -240 PTCLDY (SCALE 4-7) 6
TOTAL FM JUL 1 3854 CLOUDY (SCALE 8-10) 22
DPTR FM NORMAL -894
[CDD (BASE 65) ]
TOTAL THIS MO. 0
DPTR FM NORMAL 0 [PRESSURE DATA]
TOTAL FM JAN 1 0 HIGHEST SLP 30.59 ON 20
DPTR FM NORMAL 0 LOWEST SLP 29.28 ON 9
[REMARKS]
#FINAL-01-24#