000
CXUS53 KGRB 010928
CLMAUW
CLIMATE REPORT
NATIONAL WEATHER SERVICE GREEN BAY
328 AM CST MON JAN 01 2024
...................................
...THE WAUSAU WI CLIMATE SUMMARY FOR THE MONTH OF DECEMBER 2023...
CLIMATE NORMAL PERIOD: 1991 TO 2020
CLIMATE RECORD PERIOD: 1896 TO 2023
WEATHER OBSERVED NORMAL DEPART LAST YEAR`S
VALUE DATE(S) VALUE FROM VALUE DATE(S)
NORMAL
................................................................
TEMPERATURE (F)
RECORD
HIGH 61 12/05/2001
12/02/1982
LOW -31 12/31/1946
HIGHEST 50 12/08 43 7 44 12/30
12/25
LOWEST 12 12/19 -13 25 -13 12/23
AVG. MAXIMUM 38.6 27.9 10.7 27.1
AVG. MINIMUM 26.9 13.5 13.4 13.9
MEAN 32.8 20.7 12.1 20.5
DAYS MAX >= 90 0 0.0 0.0 0
DAYS MAX <= 32 6 20.0 -14.0 16
DAYS MIN <= 32 25 29.7 -4.7 30
DAYS MIN <= 0 0 4.9 -4.9 5
PRECIPITATION (INCHES)
RECORD
MAXIMUM 4.94 2015
MINIMUM 0.10 1958
TOTALS 0.82 1.54 -0.72 1.59
DAYS >= .01 8 10.6 -2.6 13
DAYS >= .10 3 4.2 -1.2 5
DAYS >= .50 0 0.6 -0.6
DAYS >= 1.00 0 0.2 -0.2 0
GREATEST
STORM TOTAL 0.32
(MM/DD(HH))
SNOWFALL (INCHES)
RECORDS
TOTAL 37.6 2008
24 HR TOTAL 12.8 MM
TOTALS 2.6 14.4 -11.8 18.8
SINCE 7/1 6.8 21.8 -15.0 MM
DAYS >= TRACE 8 10.6 -2.6
DAYS >= 1.0 1 4.6 -3.6 7
GREATEST
SNOW DEPTH 1 12/10 13 12/19
12/11
12/12
24 HR TOTAL MM
DEGREE DAYS
HEATING TOTAL 991 1373 -382 1375
SINCE 7/1 2536 3190 -654 MM
COOLING TOTAL 0 0 0 0
SINCE 1/1 603 422 181 MM
................................................................
WIND (MPH)
AVERAGE WIND SPEED 6.7
HIGHEST WIND SPEED/DIRECTION 30/280 DATE 12/18
HIGHEST GUST SPEED/DIRECTION 44/270 DATE 12/18
SKY COVER
POSSIBLE SUNSHINE (PERCENT) MM
AVERAGE SKY COVER 0.65
NUMBER OF DAYS FAIR 7
NUMBER OF DAYS PC 6
NUMBER OF DAYS CLOUDY 15
AVERAGE RH (PERCENT) 76
WEATHER CONDITIONS. NUMBER OF DAYS WITH
THUNDERSTORM 0 MIXED PRECIP 0
HEAVY RAIN 0 RAIN 1
LIGHT RAIN 7 FREEZING RAIN 0
LT FREEZING RAIN 1 HAIL 0
HEAVY SNOW 0 SNOW 0
LIGHT SNOW 7 SLEET 0
FOG 17 FOG W/VIS <= 1/4 MILE 4
HAZE 11
- INDICATES NEGATIVE NUMBERS.
R INDICATES RECORD WAS SET OR TIED.
MM INDICATES DATA IS MISSING.
T INDICATES TRACE AMOUNT.
$$