000
CXUS52 KGSP 010917
CF6AVL
PRELIMINARY LOCAL CLIMATOLOGICAL DATA (WS FORM: F-6)
STATION: ASHEVILLE NC
MONTH: FEBRUARY
YEAR: 2021
LATITUDE: 35 25 N
LONGITUDE: 82 33 W
TEMPERATURE IN F: :PCPN: SNOW: WIND :SUNSHINE: SKY :PK WND
================================================================================
1 2 3 4 5 6A 6B 7 8 9 10 11 12 13 14 15 16 17 18
12Z AVG MX 2MIN
DY MAX MIN AVG DEP HDD CDD WTR SNW DPTH SPD SPD DIR MIN PSBL S-S WX SPD DR
================================================================================
1 39 26 33 -5 32 0 0.02 T 0 16.1 25 350 M M 10 18 33 340
2 32 25 29 -9 36 0 T T T 22.0 35 330 M M 5 1 46 340
3 39 23 31 -7 34 0 0.00 0.0 0 16.5 33 340 M M 1 8 44 330
4 43 20 32 -6 33 0 T 0.0 0 5.5 13 170 M M 3 20 170
5 49 31 40 1 25 0 0.03 0.0 0 8.0 21 330 M M 3 1 27 310
6 45 23 34 -5 31 0 0.26 2.8 0 2.8 12 150 M M 5 1 20 130
7 41 28 35 -4 30 0 0.08 0.1 3 10.8 25 350 M M 5 1 35 350
8 51 23 37 -2 28 0 0.00 0.0 T 4.5 17 170 M M 1 22 170
9 64 35 50 11 15 0 0.00 0.0 0 5.0 17 310 M M 6 22 280
10 62 32 47 8 18 0 0.00 0.0 0 4.7 13 150 M M 2 1 20 150
11 54 41 48 8 17 0 0.26 0.0 0 2.7 12 160 M M 8 1 17 140
12 43 34 39 -1 26 0 0.24 T 0 6.9 14 180 M M 10 14 18 180
13 41 34 38 -2 27 0 0.50 0.0 0 2.0 8 180 M M 10 1 10 200
14 43 41 42 2 23 0 0.03 0.0 0 3.1 8 180 M M 10 1 11 360
15 41 37 39 -1 26 0 0.82 0.0 0 7.0 15 220 M M 10 1 18 180
16 40 21 31 -9 34 0 0.00 0.0 0 14.3 29 330 M M 6 1 36 340
17 45 20 33 -8 32 0 T 0.0 0 5.8 14 150 M M 1 21 150
18 42 32 37 -4 28 0 1.17 0.0 0 3.8 14 190 M M 10 13 17 170
19 42 30 36 -5 29 0 T 0.0 0 15.2 26 340 M M 3 35 330
20 43 22 33 -8 32 0 0.00 0.0 0 9.3 20 340 M M 0 25 350
21 47 22 35 -7 30 0 T 0.0 0 6.2 16 150 M M 1 23 140
22 56 33 45 3 20 0 0.36 T T 7.5 21 310 M M 6 1 28 280
23 65 36 51 9 14 0 0.00 0.0 0 7.6 23 300 M M 0 31 330
24 68 30 49 7 16 0 0.00 0.0 0 4.9 18 210 M M 0 26 190
25 66 35 51 9 14 0 0.00 0.0 0 6.8 16 340 M M 1 22 330
26 52 38 45 2 20 0 0.66 0.0 0 5.4 13 170 M M 7 1 16 170
27 71 37 54 11 11 0 0.01 0.0 0 5.4 14 160 M M 7 1 18 160
28 72 53 63 20 2 0 0.01 0.0 0 8.8 22 210 M M 8 30 200
================================================================================
SM 1396 862 683 0 4.45 2.9 218.6 M 139
================================================================================
AV 49.9 30.8 7.8 FASTST M M 5 MAX(MPH)
MISC ----> 35 330 46 340
================================================================================
NOTES:
# LAST OF SEVERAL OCCURRENCES
COLUMN 17 PEAK WIND IN M.P.H.
PRELIMINARY LOCAL CLIMATOLOGICAL DATA (WS FORM: F-6) , PAGE 2
STATION: ASHEVILLE NC
MONTH: FEBRUARY
YEAR: 2021
LATITUDE: 35 25 N
LONGITUDE: 82 33 W
[TEMPERATURE DATA] [PRECIPITATION DATA] SYMBOLS USED IN COLUMN 16
AVERAGE MONTHLY: 40.3 TOTAL FOR MONTH: 4.45 1 = FOG OR MIST
DPTR FM NORMAL: 0.0 DPTR FM NORMAL: 0.69 2 = FOG REDUCING VISIBILITY
HIGHEST: 72 ON 28 GRTST 24HR 1.17 ON 17-18 TO 1/4 MILE OR LESS
LOWEST: 20 ON 17, 4 3 = THUNDER
SNOW, ICE PELLETS, HAIL 4 = ICE PELLETS
TOTAL MONTH: 3.5 INCHES 5 = HAIL
GRTST 24HR 2.8 ON 6- 6 6 = FREEZING RAIN OR DRIZZLE
GRTST DEPTH: 3 ON 7 7 = DUSTSTORM OR SANDSTORM:
VSBY 1/2 MILE OR LESS
8 = SMOKE OR HAZE
[NO. OF DAYS WITH] [WEATHER - DAYS WITH] 9 = BLOWING SNOW
X = TORNADO
MAX 32 OR BELOW: 1 0.01 INCH OR MORE: 14
MAX 90 OR ABOVE: 0 0.10 INCH OR MORE: 8
MIN 32 OR BELOW: 16 0.50 INCH OR MORE: 4
MIN 0 OR BELOW: 0 1.00 INCH OR MORE: 1
[HDD (BASE 65) ]
TOTAL THIS MO. 683 CLEAR (SCALE 0-3) 12
DPTR FM NORMAL -7 PTCLDY (SCALE 4-7) 10
TOTAL FM JUL 1 2872 CLOUDY (SCALE 8-10) 6
DPTR FM NORMAL -345
[CDD (BASE 65) ]
TOTAL THIS MO. 0
DPTR FM NORMAL 0 [PRESSURE DATA]
TOTAL FM JAN 1 0 HIGHEST SLP 30.52 ON 21
DPTR FM NORMAL 0 LOWEST SLP 29.68 ON 16
[REMARKS]
#FINAL-02-21#