000
CXUS51 KBGM 041719 CCA
CF6AVP
PRELIMINARY LOCAL CLIMATOLOGICAL DATA (WS FORM: F-6)
STATION: AVOCA PA
MONTH: DECEMBER
YEAR: 2021
LATITUDE: 41 19 N
LONGITUDE: 75 44 W
TEMPERATURE IN F: :PCPN: SNOW: WIND :SUNSHINE: SKY :PK WND
================================================================================
1 2 3 4 5 6A 6B 7 8 9 10 11 12 13 14 15 16 17 18
12Z AVG MX 2MIN
DY MAX MIN AVG DEP HDD CDD WTR SNW DPTH SPD SPD DIR MIN PSBL S-S WX SPD DR
================================================================================
1 43 34 39 1 26 0 0.02 0.0 M 6.5 15 230 M M 5 19 210
2 57 40 49 12 16 0 0.10 0.0 M 6.8 26 320 M M 9 138 39 320
3 44 28 36 -1 29 0 0.00 0.0 M 9.8 23 300 M M 6 34 300
4 47 28 38 1 27 0 0.00 0.0 M 5.7 17 260 M M 5 23 260
5 48 31 40 4 25 0 0.00 0.0 M 3.0 15 160 M M 4 24 190
6 56 36 46 10 19 0 0.10 0.0 M 10.6 31 270 M M 9 18 41 250
7 36 30 33 -3 32 0 0.00 0.0 M 6.4 18 270 M M 7 26 260
8 37 29 33 -2 32 0 0.01 0.5 M 3.6 14 320 M M 9 18 19 310
9 36 24 30 -5 35 0 0.00 0.0 M 4.4 13 320 M M 5 18 300
10 45 35 40 5 25 0 0.00 0.0 M 3.7 12 190 M M 9 20 170
11 65 42 54 20 11 0 0.38 0.0 M 9.5 32 250 M M 9 13 42 260
12 47 35 41 7 24 0 T 0.0 M 9.8 23 310 M M 3 32 290
13 50 34 42 8 23 0 0.00 0.0 M 8.2 16 240 M M 0 24 260
14 51 32 42 8 23 0 0.00 0.0 M 5.5 10 10 M M 1 14 40
15 52 32 42 9 23 0 0.01 0.0 M 5.1 14 220 M M 5 25 230
16 65 49 57 24 8 0 0.00 0.0 M 6.8 15 200 M M 6 22 220
17 61 35 48 15 17 0 0.00 0.0 M 8.5 22 250 M M 1 29 250
18 41 37 39 6 26 0 0.21 0.0 M 2.0 8 210 M M 9 1 11 240
19 41 24 33 1 32 0 0.01 T M 12.8 23 320 M M 9 1 31 330
20 37 18 28 -4 37 0 0.00 0.0 M 4.4 10 270 M M 2 14 260
21 41 22 32 0 33 0 0.00 0.0 M 2.2 7 230 M M 2 10 220
22 43 28 36 4 29 0 T T M 9.8 25 310 M M 6 18 33 320
23 35 26 31 0 34 0 T T M 6.7 21 300 M M 3 27 320
24 40 28 34 3 31 0 0.04 0.5 M 2.1 7 40 M M 7 18 10 180
25 48 38 43 12 22 0 0.27 0.0 M 3.9 16 320 M M 10 18 22 320
26 48 35 42 11 23 0 0.00 0.0 M 8.5 20 310 M M 10 26 290
27 36 30 33 3 32 0 0.15 T M 2.4 14 330 M M 8 16 20 330
28 41 34 38 8 27 0 0.05 0.0 M 6.3 15 230 M M 9 18 20 230
29 46 38 42 12 23 0 T 0.0 M 2.3 8 250 M M 10 18 12 230
30 48 43 46 16 19 0 0.11 0.0 M 1.0 7 240 M M 10 12 9 230
31 53 46 50 20 15 0 T 0.0 M 2.9 14 220 M M 8 18 20 230
================================================================================
SM 1438 1021 778 0 1.46 1.0 181.2 M 196
================================================================================
AV 46.4 32.9 5.8 FASTST M M 6 MAX(MPH)
MISC ----> 32 250 42 260
================================================================================
NOTES:
# LAST OF SEVERAL OCCURRENCES
COLUMN 17 PEAK WIND IN M.P.H.
PRELIMINARY LOCAL CLIMATOLOGICAL DATA (WS FORM: F-6) , PAGE 2
STATION: AVOCA PA
MONTH: DECEMBER
YEAR: 2021
LATITUDE: 41 19 N
LONGITUDE: 75 44 W
[TEMPERATURE DATA] [PRECIPITATION DATA] SYMBOLS USED IN COLUMN 16
AVERAGE MONTHLY: 39.7 TOTAL FOR MONTH: 1.46 1 = FOG OR MIST
DPTR FM NORMAL: 6.4 DPTR FM NORMAL: -1.34 2 = FOG REDUCING VISIBILITY
HIGHEST: 65 ON 16,11 GRTST 24HR 0.38 ON 11-11 TO 1/4 MILE OR LESS
LOWEST: 18 ON 20 3 = THUNDER
SNOW, ICE PELLETS, HAIL 4 = ICE PELLETS
TOTAL MONTH: 1.0 INCHES 5 = HAIL
GRTST 24HR 0.5 ON 8- 8 6 = FREEZING RAIN OR DRIZZLE
GRTST DEPTH: M ON M 7 = DUSTSTORM OR SANDSTORM:
VSBY 1/2 MILE OR LESS
8 = SMOKE OR HAZE
[NO. OF DAYS WITH] [WEATHER - DAYS WITH] 9 = BLOWING SNOW
X = TORNADO
MAX 32 OR BELOW: 0 0.01 INCH OR MORE: 13
MAX 90 OR ABOVE: 0 0.10 INCH OR MORE: 7
MIN 32 OR BELOW: 15 0.50 INCH OR MORE: 0
MIN 0 OR BELOW: 0 1.00 INCH OR MORE: 0
[HDD (BASE 65) ]
TOTAL THIS MO. 778 CLEAR (SCALE 0-3) 7
DPTR FM NORMAL -205 PTCLDY (SCALE 4-7) 11
TOTAL FM JUL 1 1745 CLOUDY (SCALE 8-10) 13
DPTR FM NORMAL -387
[CDD (BASE 65) ]
TOTAL THIS MO. 0
DPTR FM NORMAL 0 [PRESSURE DATA]
TOTAL FM JAN 1 936 HIGHEST SLP 30.62 ON 15
DPTR FM NORMAL 146 LOWEST SLP 29.45 ON 25
[REMARKS]
#FINAL-12-21#
CORRECTED SNOW TOTAL MONTH
2ND WARMEST DECEMBER