000
CXUS53 KGRR 011010
CF6AZO
PRELIMINARY LOCAL CLIMATOLOGICAL DATA (WS FORM: F-6)
STATION: KALAMAZOO
MONTH: FEBRUARY
YEAR: 2023
LATITUDE: 42 13 N
LONGITUDE: 85 33 W
TEMPERATURE IN F: :PCPN: SNOW: WIND :SUNSHINE: SKY :PK WND
================================================================================
1 2 3 4 5 6A 6B 7 8 9 10 11 12 13 14 15 16 17 18
12Z AVG MX 2MIN
DY MAX MIN AVG DEP HDD CDD WTR SNW DPTH SPD SPD DIR MIN PSBL S-S WX SPD DR
================================================================================
1 25 7 16 -8 49 0 T T 4 9.8 16 200 M M 3 8 22 210
2 34 15 25 0 40 0 T T 4 14.2 25 320 M M 4 8 33 280
3 20 11 16 -9 49 0 T T 3 10.2 21 330 M M 10 26 330
4 38 14 26 1 39 0 0.00 0.0 3 12.8 24 190 M M 3 33 200
5 42 32 37 12 28 0 T T 3 13.8 23 330 M M 5 30 340
6 37 26 32 7 33 0 0.00 0.0 1 8.6 18 310 M M 3 27 130
7 47 32 40 15 25 0 T 0.0 1 12.4 25 280 M M 8 33 280
8 45 25 35 10 30 0 T 0.0 0 4.0 9 180 M M 0 18 12 200
9 55 36 46 20 19 0 1.16 0.0 0 11.5 31 220 M M 10 18 42 240
10 39 24 32 6 33 0 0.01 0.0 0 11.5 22 290 M M 6 29 300
11 47 19 33 7 32 0 0.00 0.0 0 6.9 15 210 M M 0 19 220
12 53 25 39 13 26 0 0.00 0.0 0 6.1 15 280 M M 0 20 280
13 47 27 37 11 28 0 0.00 0.0 0 8.6 21 310 M M 0 29 290
14 56 27 42 15 23 0 T 0.0 0 9.6 23 170 M M 3 38 190
15 55 39 47 20 18 0 0.02 0.0 0 17.2 30 240 M M 10 44 210
16 40 25 33 6 32 0 0.09 0.2 M 9.3 21 340 M M 10 16 28 50
17 27 19 23 -4 42 0 T T T 11.5 23 350 M M 8 1 31 360
18 45 20 33 5 32 0 0.00 0.0 T 11.2 18 230 M M 0 25 240
19 54 36 45 17 20 0 0.00 0.0 0 12.1 25 210 M M 3 34 200
20 46 27 37 9 28 0 0.00 0.0 0 3.4 14 310 M M 2 18 17 310
21 40 28 34 5 31 0 T T 0 12.0 29 300 M M 6 39 270
22 34 30 32 3 33 0 1.12 0.0 0 8.5 16 100 M M 10 16 29 80
23 44 32 38 9 27 0 0.07 0.0 0 11.2 26 250 M M 10 16 39 250
24 M M M M M M 0.00 0.0 0 M M M M M 6 M M
25 34 27 31 1 34 0 T M M 7.9 17 210 M M 5 18 22 210
26 47 27 37 7 28 0 0.00 0.0 0 7.7 16 270 M M 1 18 23 290
27 42 27 35 5 30 0 1.27 0.0 0 8.9 24 260 M M 8 136 33 270
28 49 36 43 12 22 0 T 0.0 0 9.7 26 300 M M 6 1 37 290
================================================================================
SM 1142 693 831 0 3.74 0.2 270.6 M 140
================================================================================
AV 42.3 25.7 10.0 FASTST M M 5 MAX(MPH)
MISC ----> 31 220 44 210
================================================================================
NOTES:
# LAST OF SEVERAL OCCURRENCES
COLUMN 17 PEAK WIND IN M.P.H.
PRELIMINARY LOCAL CLIMATOLOGICAL DATA (WS FORM: F-6) , PAGE 2
STATION: KALAMAZOO
MONTH: FEBRUARY
YEAR: 2023
LATITUDE: 42 13 N
LONGITUDE: 85 33 W
[TEMPERATURE DATA] [PRECIPITATION DATA] SYMBOLS USED IN COLUMN 16
AVERAGE MONTHLY: 34.0 TOTAL FOR MONTH: 3.74 1 = FOG OR MIST
DPTR FM NORMAL: 6.9 DPTR FM NORMAL: 2.40 2 = FOG REDUCING VISIBILITY
HIGHEST: 56 ON 14 GRTST 24HR 1.27 ON 27-27 TO 1/4 MILE OR LESS
LOWEST: 7 ON 1 3 = THUNDER
SNOW, ICE PELLETS, HAIL 4 = ICE PELLETS
TOTAL MONTH: 0.2 INCH 5 = HAIL
GRTST 24HR 0.2 ON 16-16 6 = FREEZING RAIN OR DRIZZLE
GRTST DEPTH: 4 ON 2, 1 7 = DUSTSTORM OR SANDSTORM:
VSBY 1/2 MILE OR LESS
8 = SMOKE OR HAZE
[NO. OF DAYS WITH] [WEATHER - DAYS WITH] 9 = BLOWING SNOW
X = TORNADO
MAX 32 OR BELOW: 3 0.01 INCH OR MORE: 7
MAX 90 OR ABOVE: 0 0.10 INCH OR MORE: 3
MIN 32 OR BELOW: 23 0.50 INCH OR MORE: 3
MIN 0 OR BELOW: 0 1.00 INCH OR MORE: 3
[HDD (BASE 65) ]
TOTAL THIS MO. 831 CLEAR (SCALE 0-3) 10
DPTR FM NORMAL -230 PTCLDY (SCALE 4-7) 11
TOTAL FM JUL 1 3981 CLOUDY (SCALE 8-10) 7
DPTR FM NORMAL -708
[CDD (BASE 65) ]
TOTAL THIS MO. 0
DPTR FM NORMAL 0 [PRESSURE DATA]
TOTAL FM JAN 1 0 HIGHEST SLP 30.65 ON 24
DPTR FM NORMAL 0 LOWEST SLP 29.17 ON 27
[REMARKS]
#FINAL-02-23#