000
CXUS53 KGRR 011010
CF6AZO
PRELIMINARY LOCAL CLIMATOLOGICAL DATA (WS FORM: F-6)
STATION: KALAMAZOO
MONTH: DECEMBER
YEAR: 2022
LATITUDE: 42 13 N
LONGITUDE: 85 33 W
TEMPERATURE IN F: :PCPN: SNOW: WIND :SUNSHINE: SKY :PK WND
================================================================================
1 2 3 4 5 6A 6B 7 8 9 10 11 12 13 14 15 16 17 18
12Z AVG MX 2MIN
DY MAX MIN AVG DEP HDD CDD WTR SNW DPTH SPD SPD DIR MIN PSBL S-S WX SPD DR
================================================================================
1 36 28 32 -2 33 0 0.00 0.0 0 10.5 22 290 M M 7 35 270
2 53 34 44 10 21 0 0.01 0.0 0 14.8 28 210 M M 10 1 37 200
3 52 23 38 4 27 0 0.16 0.0 0 13.7 29 280 M M 6 1 44 280
4 38 20 29 -5 36 0 0.00 0.0 0 10.4 17 230 M M 0 24 250
5 42 27 35 2 30 0 0.00 0.0 0 9.3 15 190 M M 5 1 22 180
6 46 37 42 9 23 0 0.00 0.0 0 2.6 15 320 M M 10 18 320
7 47 40 44 11 21 0 0.00 0.0 0 5.6 15 300 M M 10 8 20 300
8 40 32 36 4 29 0 0.00 0.0 0 4.7 8 60 M M 9 13 70
9 36 30 33 1 32 0 0.02 2.2 0 6.8 15 70 M M 8 12 26 70
10 35 32 34 2 31 0 T T 2 3.5 9 80 M M 10 18 15 110
11 39 34 37 5 28 0 0.05 0.0 T 3.5 13 300 M M 10 12 16 310
12 37 35 36 5 29 0 0.00 0.0 0 4.1 9 100 M M 10 1 14 80
13 36 33 35 4 30 0 0.00 0.0 0 9.0 14 100 M M 7 23 100
14 44 33 39 8 26 0 0.15 0.0 0 11.8 18 100 M M 7 1 31 100
15 43 33 38 8 27 0 0.42 0.1 0 10.8 22 120 M M 10 1 36 90
16 33 27 30 0 35 0 T 0.2 T 11.4 20 210 M M 10 1 27 190
17 27 25 26 -4 39 0 T 0.6 1 12.5 18 200 M M 10 18 27 200
18 25 22 24 -6 41 0 T 0.4 1 10.8 16 220 M M 10 1 23 240
19 27 24 26 -3 39 0 0.00 0.0 1 6.3 16 280 M M 10 24 280
20 34 22 28 -1 37 0 0.00 0.0 1 6.1 13 300 M M 10 18 16 300
21 32 18 25 -4 40 0 0.00 0.0 1 4.6 12 350 M M 6 8 17 280
22 36 17 27 -2 38 0 0.18 2.5 1 6.7 25 300 M M 9 18 34 300
23 17 4 11 -17 54 0 0.08 2.1 4 19.8 29 270 M M 10 43 270
24 18 5 12 -16 53 0 0.14 2.4 5 14.7 25 270 M M 10 12 37 250
25 18 11 15 -13 50 0 0.02 0.7 7 11.9 20 260 M M 10 18 28 260
26 23 14 19 -9 46 0 T 0.1 5 7.3 13 190 M M 10 17 200
27 29 19 24 -4 41 0 T T 4 11.2 25 190 M M 6 8 32 170
28 43 28 36 9 29 0 0.00 0.0 4 15.5 23 180 M M 0 34 180
29 53 41 47 20 18 0 0.00 0.0 2 12.9 18 200 M M 7 1 26 200
30 56 40 48 21 17 0 0.14 0.0 0 7.8 18 180 M M 10 1 25 230
31 41 33 37 10 28 0 0.00 0.0 0 4.9 9 290 M M 10 18 13 280
================================================================================
SM 1136 821 1028 0 1.37 11.3 285.5 M 257
================================================================================
AV 36.6 26.5 9.2 FASTST M M 8 MAX(MPH)
MISC ----> # 29 280 44 280
================================================================================
NOTES:
# LAST OF SEVERAL OCCURRENCES
COLUMN 17 PEAK WIND IN M.P.H.
PRELIMINARY LOCAL CLIMATOLOGICAL DATA (WS FORM: F-6) , PAGE 2
STATION: KALAMAZOO
MONTH: DECEMBER
YEAR: 2022
LATITUDE: 42 13 N
LONGITUDE: 85 33 W
[TEMPERATURE DATA] [PRECIPITATION DATA] SYMBOLS USED IN COLUMN 16
AVERAGE MONTHLY: 31.6 TOTAL FOR MONTH: 1.37 1 = FOG OR MIST
DPTR FM NORMAL: 1.2 DPTR FM NORMAL: -0.31 2 = FOG REDUCING VISIBILITY
HIGHEST: 56 ON 30 GRTST 24HR 0.56 ON 14-15 TO 1/4 MILE OR LESS
LOWEST: 4 ON 23 3 = THUNDER
SNOW, ICE PELLETS, HAIL 4 = ICE PELLETS
TOTAL MONTH: 11.3 INCHES 5 = HAIL
GRTST 24HR 2.5 ON 22-22 6 = FREEZING RAIN OR DRIZZLE
GRTST DEPTH: 7 ON 25 7 = DUSTSTORM OR SANDSTORM:
VSBY 1/2 MILE OR LESS
8 = SMOKE OR HAZE
[NO. OF DAYS WITH] [WEATHER - DAYS WITH] 9 = BLOWING SNOW
X = TORNADO
MAX 32 OR BELOW: 9 0.01 INCH OR MORE: 11
MAX 90 OR ABOVE: 0 0.10 INCH OR MORE: 6
MIN 32 OR BELOW: 20 0.50 INCH OR MORE: 0
MIN 0 OR BELOW: 0 1.00 INCH OR MORE: 0
[HDD (BASE 65) ]
TOTAL THIS MO. 1028 CLEAR (SCALE 0-3) 2
DPTR FM NORMAL -46 PTCLDY (SCALE 4-7) 9
TOTAL FM JUL 1 2186 CLOUDY (SCALE 8-10) 20
DPTR FM NORMAL -198
[CDD (BASE 65) ]
TOTAL THIS MO. 0
DPTR FM NORMAL 0 [PRESSURE DATA]
TOTAL FM JAN 1 966 HIGHEST SLP 30.51 ON 1
DPTR FM NORMAL 257 LOWEST SLP 29.45 ON 15
[REMARKS]
#FINAL-12-22#