000
CXUS53 KGRR 011010
CF6AZO
PRELIMINARY LOCAL CLIMATOLOGICAL DATA (WS FORM: F-6)
STATION: KALAMAZOO
MONTH: JANUARY
YEAR: 2022
LATITUDE: 42 13 N
LONGITUDE: 85 33 W
TEMPERATURE IN F: :PCPN: SNOW: WIND :SUNSHINE: SKY :PK WND
================================================================================
1 2 3 4 5 6A 6B 7 8 9 10 11 12 13 14 15 16 17 18
12Z AVG MX 2MIN
DY MAX MIN AVG DEP HDD CDD WTR SNW DPTH SPD SPD DIR MIN PSBL S-S WX SPD DR
================================================================================
1 41 23 32 5 33 0 0.09 M M 9.6 18 20 M M 10 128 30 30
2 25 13 19 -7 46 0 0.03 M M 7.4 16 350 M M 7 18 24 20
3 28 18 23 -3 42 0 0.00 M M 9.1 17 210 M M 5 24 200
4 36 17 27 1 38 0 0.00 M M 10.5 20 180 M M 0 29 170
5 36 13 25 -1 40 0 T M M 16.3 28 260 M M 9 89 46 250
6 17 13 15 -11 50 0 T M M 10.9 20 210 M M 10 18 26 200
7 21 9 15 -11 50 0 0.02 M M 5.9 13 210 M M 10 1 16 210
8 35 6 21 -4 44 0 T M M 10.0 17 190 M M 5 16 27 160
9 36 18 27 2 38 0 T M M 15.1 30 300 M M 9 1 44 280
10 19 11 15 -10 50 0 T M M 12.7 24 290 M M 10 8 38 280
11 33 11 22 -3 43 0 0.00 M M 12.6 28 190 M M 4 42 190
12 38 29 34 9 31 0 T M M 7.5 21 230 M M 5 33 210
13 38 28 33 8 32 0 T M M 3.7 13 320 M M 10 18 16 330
14 34 15 25 0 40 0 0.00 M M 7.9 14 60 M M 10 8 23 60
15 23 11 17 -7 48 0 0.00 M M 6.0 15 50 M M 2 24 50
16 32 4 18 -6 47 0 0.00 M M 2.4 8 340 M M 0 11 150
17 31 20 26 2 39 0 T M M 10.5 21 300 M M 10 8 31 330
18 40 25 33 9 32 0 0.00 M M 11.7 21 210 M M 8 31 210
19 42 20 31 7 34 0 T M M 14.0 25 300 M M 8 8 37 310
20 21 13 17 -7 48 0 T M M 6.5 16 320 M M 9 23 320
21 23 6 15 -9 50 0 0.00 M M 3.8 12 180 M M 2 15 180
22 27 16 22 -2 43 0 T M M 11.5 20 230 M M 6 8 29 250
23 25 14 20 -4 45 0 0.09 M M 7.6 17 350 M M 9 18 24 10
24 27 16 22 -2 43 0 0.04 M M 8.7 16 290 M M 10 8 20 290
25 21 14 18 -6 47 0 T M M 7.3 16 270 M M 10 8 21 290
26 18 4 11 -13 54 0 T M M M 99 M M M M M M
27 30 1 16 -8 49 0 T M M 11.7 18 350 M M 10 68 28 250
28 24 -1 12 -12 53 0 T M M 6.2 16 360 M M 3 21 350
29 21 0 11 -13 54 0 T M M 6.6 13 210 M M 8 17 240
30 30 11 21 -3 44 0 0.00 M M 3.0 10 330 M M 8 8 12 330
31 31 23 27 3 38 0 0.00 M M 5.1 14 180 M M 7 8 19 130
================================================================================
SM 903 421 1345 0 0.27 M 261.8 M 214
================================================================================
AV 29.1 13.6 8.7 FASTST M M 7 MAX(MPH)
MISC ----> 99 9999 46 250
================================================================================
NOTES:
# LAST OF SEVERAL OCCURRENCES
COLUMN 17 PEAK WIND IN M.P.H.
PRELIMINARY LOCAL CLIMATOLOGICAL DATA (WS FORM: F-6) , PAGE 2
STATION: KALAMAZOO
MONTH: JANUARY
YEAR: 2022
LATITUDE: 42 13 N
LONGITUDE: 85 33 W
[TEMPERATURE DATA] [PRECIPITATION DATA] SYMBOLS USED IN COLUMN 16
AVERAGE MONTHLY: 21.4 TOTAL FOR MONTH: 0.27 1 = FOG OR MIST
DPTR FM NORMAL: -3.4 DPTR FM NORMAL: -1.43 2 = FOG REDUCING VISIBILITY
HIGHEST: 42 ON 19 GRTST 24HR 0.16 ON 1- 2 TO 1/4 MILE OR LESS
LOWEST: -1 ON 28 3 = THUNDER
SNOW, ICE PELLETS, HAIL 4 = ICE PELLETS
TOTAL MONTH: M 5 = HAIL
GRTST 24HR M ON M 6 = FREEZING RAIN OR DRIZZLE
GRTST DEPTH: M ON M 7 = DUSTSTORM OR SANDSTORM:
VSBY 1/2 MILE OR LESS
8 = SMOKE OR HAZE
[NO. OF DAYS WITH] [WEATHER - DAYS WITH] 9 = BLOWING SNOW
X = TORNADO
MAX 32 OR BELOW: 20 0.01 INCH OR MORE: 5
MAX 90 OR ABOVE: 0 0.10 INCH OR MORE: 0
MIN 32 OR BELOW: 31 0.50 INCH OR MORE: 0
MIN 0 OR BELOW: 2 1.00 INCH OR MORE: 0
[HDD (BASE 65) ]
TOTAL THIS MO. 1345 CLEAR (SCALE 0-3) 5
DPTR FM NORMAL 99 PTCLDY (SCALE 4-7) 8
TOTAL FM JUL 1 3247 CLOUDY (SCALE 8-10) 18
DPTR FM NORMAL -386
[CDD (BASE 65) ]
TOTAL THIS MO. 0
DPTR FM NORMAL 0 [PRESSURE DATA]
TOTAL FM JAN 1 0 HIGHEST SLP 30.64 ON 21
DPTR FM NORMAL 0 LOWEST SLP 29.49 ON 5
[REMARKS]
#FINAL-01-22#