000
CXUS53 KGRR 011010
CF6AZO
PRELIMINARY LOCAL CLIMATOLOGICAL DATA (WS FORM: F-6)
STATION: KALAMAZOO
MONTH: JANUARY
YEAR: 2021
LATITUDE: 42 13 N
LONGITUDE: 85 33 W
TEMPERATURE IN F: :PCPN: SNOW: WIND :SUNSHINE: SKY :PK WND
================================================================================
1 2 3 4 5 6A 6B 7 8 9 10 11 12 13 14 15 16 17 18
12Z AVG MX 2MIN
DY MAX MIN AVG DEP HDD CDD WTR SNW DPTH SPD SPD DIR MIN PSBL S-S WX SPD DR
================================================================================
1 33 18 26 1 39 0 0.53 M M 6.4 15 50 M M 6 168 25 60
2 34 30 32 7 33 0 0.01 M M 3.4 14 360 M M 10 1 17 350
3 34 32 33 8 32 0 0.03 M M 3.5 10 310 M M 10 1 14 270
4 34 30 32 7 33 0 0.00 M M 6.9 13 200 M M 10 18 18 180
5 36 31 34 9 31 0 T M M 6.6 12 300 M M 10 18 16 320
6 38 32 35 10 30 0 0.00 M M 4.4 10 350 M M 10 15 40
7 37 32 35 10 30 0 0.00 M M 6.0 14 40 M M 10 21 30
8 32 21 27 3 38 0 0.00 M M 6.8 13 60 M M 5 19 10
9 38 16 27 3 38 0 0.00 M M 2.6 8 350 M M 2 18 11 360
10 33 17 25 1 40 0 0.00 M M 3.4 13 210 M M 5 128 18 210
11 29 24 27 3 38 0 T M M 9.9 17 220 M M 10 18 24 210
12 34 27 31 7 34 0 0.00 M M 9.4 16 210 M M 10 8 22 200
13 42 29 36 12 29 0 T M M 7.5 16 220 M M 3 18 22 210
14 47 29 38 14 27 0 T M M 6.9 13 150 M M 4 20 140
15 40 26 33 9 32 0 0.02 M M 4.7 12 210 M M 8 18 17 170
16 35 25 30 6 35 0 0.01 M M 7.3 12 270 M M 9 18 15 300
17 34 30 32 8 33 0 0.06 M M 5.7 13 250 M M 10 18 15 240
18 31 27 29 5 36 0 0.03 M M 7.7 14 240 M M 10 18 21 230
19 30 23 27 3 38 0 T M M 10.0 21 360 M M 10 18 27 350
20 30 21 26 2 39 0 T M M 12.4 21 210 M M 6 8 31 170
21 41 29 35 11 30 0 0.00 M M 13.9 28 270 M M 2 42 260
22 35 19 27 3 38 0 T M M 14.4 24 330 M M 10 32 330
23 30 12 21 -3 44 0 0.00 M M 3.4 12 240 M M 5 15 250
24 31 26 29 5 36 0 T M M 5.0 12 170 M M 10 8 19 150
25 34 29 32 8 33 0 0.00 M M 4.9 9 70 M M 10 8 22 70
26 31 24 28 4 37 0 0.12 M M 9.7 17 360 M M 10 168 26 60
27 28 13 21 -3 44 0 0.00 M M 8.5 18 340 M M 6 24 340
28 25 18 22 -2 43 0 T M M 8.5 17 310 M M 9 21 310
29 30 12 21 -3 44 0 0.00 M M 2.3 7 100 M M 3 11 70
30 32 20 26 2 39 0 0.00 M M 8.1 15 100 M M 7 24 90
31 31 27 29 4 36 0 0.12 M M 11.1 17 20 M M 10 18 28 60
================================================================================
SM 1049 749 1109 0 0.93 M 221.3 M 240
================================================================================
AV 33.8 24.2 7.1 FASTST M M 8 MAX(MPH)
MISC ----> 28 270 42 260
================================================================================
NOTES:
# LAST OF SEVERAL OCCURRENCES
COLUMN 17 PEAK WIND IN M.P.H.
PRELIMINARY LOCAL CLIMATOLOGICAL DATA (WS FORM: F-6) , PAGE 2
STATION: KALAMAZOO
MONTH: JANUARY
YEAR: 2021
LATITUDE: 42 13 N
LONGITUDE: 85 33 W
[TEMPERATURE DATA] [PRECIPITATION DATA] SYMBOLS USED IN COLUMN 16
AVERAGE MONTHLY: 29.0 TOTAL FOR MONTH: 0.93 1 = FOG OR MIST
DPTR FM NORMAL: 4.5 DPTR FM NORMAL: -0.86 2 = FOG REDUCING VISIBILITY
HIGHEST: 47 ON 14 GRTST 24HR 0.53 ON 1- 1 TO 1/4 MILE OR LESS
LOWEST: 12 ON 29,23 3 = THUNDER
SNOW, ICE PELLETS, HAIL 4 = ICE PELLETS
TOTAL MONTH: M 5 = HAIL
GRTST 24HR M ON M 6 = FREEZING RAIN OR DRIZZLE
GRTST DEPTH: M ON M 7 = DUSTSTORM OR SANDSTORM:
VSBY 1/2 MILE OR LESS
8 = SMOKE OR HAZE
[NO. OF DAYS WITH] [WEATHER - DAYS WITH] 9 = BLOWING SNOW
X = TORNADO
MAX 32 OR BELOW: 13 0.01 INCH OR MORE: 9
MAX 90 OR ABOVE: 0 0.10 INCH OR MORE: 3
MIN 32 OR BELOW: 31 0.50 INCH OR MORE: 1
MIN 0 OR BELOW: 0 1.00 INCH OR MORE: 0
[HDD (BASE 65) ]
TOTAL THIS MO. 1109 CLEAR (SCALE 0-3) 3
DPTR FM NORMAL -148 PTCLDY (SCALE 4-7) 9
TOTAL FM JUL 1 3290 CLOUDY (SCALE 8-10) 19
DPTR FM NORMAL -422
[CDD (BASE 65) ]
TOTAL THIS MO. 0
DPTR FM NORMAL 0 [PRESSURE DATA]
TOTAL FM JAN 1 0 HIGHEST SLP 30.65 ON 28
DPTR FM NORMAL 0 LOWEST SLP 29.49 ON 15
[REMARKS]
#FINAL-01-21#