000
CXUS54 KEWX 011110
CF6BAZ
PRELIMINARY LOCAL CLIMATOLOGICAL DATA (WS FORM: F-6)
STATION: NEW BRAUNFELS
MONTH: DECEMBER
YEAR: 2023
LATITUDE: 29 43 N
LONGITUDE: 98 3 W
TEMPERATURE IN F: :PCPN: SNOW: WIND :SUNSHINE: SKY :PK WND
================================================================================
1 2 3 4 5 6A 6B 7 8 9 10 11 12 13 14 15 16 17 18
12Z AVG MX 2MIN
DY MAX MIN AVG DEP HDD CDD WTR SNW DPTH SPD SPD DIR MIN PSBL S-S WX SPD DR
================================================================================
1 73 53 63 7 2 0 T M M 8.1 16 360 M M 3 12 23 10
2 73 50 62 6 3 0 T M M 5.7 10 310 M M 3 15 320
3 74 46 60 4 5 0 0.00 M M 8.3 18 210 M M 0 24 210
4 71 47 59 3 6 0 0.00 M M 7.8 17 30 M M 0 23 30
5 74 40 57 2 8 0 0.00 M M 3.6 9 330 M M 0 9 330
6 70 45 58 3 7 0 0.00 M M 5.5 12 100 M M 0 17 50
7 75 43 59 4 6 0 T M M 8.1 21 190 M M 6 1 28 200
8 74 57 66 11 0 1 M M M 8.7 17 200 M M 8 23 200
9 81 56 69 15 0 4 0.01 M M 11.4 29 10 M M 6 1 37 360
10 62 35 49 -5 16 0 0.00 M M 9.4 25 10 M M 0 38 10
11 66 30 48 -6 17 0 0.00 M M 5.4 15 200 M M 0 22 180
12 71 38 55 1 10 0 0.00 M M 8.6 20 120 M M 5 27 120
13 60 54 57 3 8 0 0.15 M M 10.3 16 70 M M 10 1 25 70
14 67 51 59 5 6 0 0.00 M M 8.6 15 40 M M 9 21 40
15 66 57 62 9 3 0 0.25 M M 7.2 16 340 M M 10 128 24 30
16 68 42 55 2 10 0 T M M 8.7 21 10 M M 0 27 360
17 71 36 54 1 11 0 0.00 M M 5.9 13 220 M M 0 17 220
18 72 42 57 4 8 0 T M M 8.7 20 30 M M 0 24 40
19 69 45 57 4 8 0 0.00 0.0 M 8.1 16 160 M M 0 20 150
20 75 47 61 8 4 0 0.00 M M 8.0 20 160 M M 4 12 27 150
21 64 59 62 10 3 0 0.01 M M 6.7 16 130 M M 10 1 20 140
22 73 60 67 15 0 2 0.04 M M 2.2 7 100 M M 7 12 8 100
23 73 61 67 15 0 2 0.22 M M 7.7 17 140 M M 9 1 22 130
24 77 53 65 13 0 0 0.42 M M 7.7 23 240 M M 6 13 31 240
25 58 43 51 -1 14 0 0.00 M M 11.0 23 350 M M 0 30 360
26 61 36 49 -3 16 0 0.00 M M 6.1 15 200 M M 2 24 210
27 70 37 54 2 11 0 T M M 6.6 14 20 M M 0 19 40
28 65 35 50 -2 15 0 0.00 0.0 0 4.1 13 290 M M 0 17 340
29 63 34 49 -3 16 0 0.00 0.0 0 7.6 17 280 M M 0 25 260
30 71 33 52 0 13 0 0.00 0.0 0 6.9 16 220 M M 0 21 210
31 74 38 56 4 9 0 0.00 0.0 0 5.5 18 180 M M 0 25 170
================================================================================
SM 2161 1403 235 9 1.10 0.0 228.2 M 98
================================================================================
AV 69.7 45.3 7.4 FASTST M M 3 MAX(MPH)
MISC ----> 29 10 38 10
================================================================================
NOTES:
# LAST OF SEVERAL OCCURRENCES
COLUMN 17 PEAK WIND IN M.P.H.
PRELIMINARY LOCAL CLIMATOLOGICAL DATA (WS FORM: F-6) , PAGE 2
STATION: NEW BRAUNFELS
MONTH: DECEMBER
YEAR: 2023
LATITUDE: 29 43 N
LONGITUDE: 98 3 W
[TEMPERATURE DATA] [PRECIPITATION DATA] SYMBOLS USED IN COLUMN 16
AVERAGE MONTHLY: 57.5 TOTAL FOR MONTH: 1.10 1 = FOG OR MIST
DPTR FM NORMAL: 4.0 DPTR FM NORMAL: -1.32 2 = FOG REDUCING VISIBILITY
HIGHEST: 81 ON 9 GRTST 24HR 0.64 ON 23-24 TO 1/4 MILE OR LESS
LOWEST: 30 ON 11 3 = THUNDER
SNOW, ICE PELLETS, HAIL 4 = ICE PELLETS
TOTAL MONTH: 0.0 INCH 5 = HAIL
GRTST 24HR 0.0 6 = FREEZING RAIN OR DRIZZLE
GRTST DEPTH: 0 7 = DUSTSTORM OR SANDSTORM:
VSBY 1/2 MILE OR LESS
8 = SMOKE OR HAZE
[NO. OF DAYS WITH] [WEATHER - DAYS WITH] 9 = BLOWING SNOW
X = TORNADO
MAX 32 OR BELOW: 0 0.01 INCH OR MORE: 7
MAX 90 OR ABOVE: 0 0.10 INCH OR MORE: 4
MIN 32 OR BELOW: 1 0.50 INCH OR MORE: 0
MIN 0 OR BELOW: 0 1.00 INCH OR MORE: 0
[HDD (BASE 65) ]
TOTAL THIS MO. 235 CLEAR (SCALE 0-3) 19
DPTR FM NORMAL -137 PTCLDY (SCALE 4-7) 7
TOTAL FM JUL 1 432 CLOUDY (SCALE 8-10) 5
DPTR FM NORMAL -155
[CDD (BASE 65) ]
TOTAL THIS MO. 9
DPTR FM NORMAL -6 [PRESSURE DATA]
TOTAL FM JAN 1 3949 HIGHEST SLP 30.43 ON 10
DPTR FM NORMAL 805 LOWEST SLP 29.73 ON 24
[REMARKS]
#FINAL-12-23#