000
CXUS55 KLBF 020636
CF6BBW
PRELIMINARY LOCAL CLIMATOLOGICAL DATA (WS FORM: F-6)
STATION: BROKEN BOW
MONTH: OCTOBER
YEAR: 2021
LATITUDE: 41 26 N
LONGITUDE: 99 39 W
TEMPERATURE IN F: :PCPN: SNOW: WIND :SUNSHINE: SKY :PK WND
================================================================================
1 2 3 4 5 6A 6B 7 8 9 10 11 12 13 14 15 16 17 18
12Z AVG MX 2MIN
DY MAX MIN AVG DEP HDD CDD WTR SNW DPTH SPD SPD DIR MIN PSBL S-S WX SPD DR
================================================================================
1 66 48 57 -1 8 0 0.00 M M 6.1 15 310 M M 8 1 18 310
2 72 45 59 2 6 0 0.00 M M 1.1 10 310 M M 3 1 14 300
3 80 41 61 4 4 0 0.00 M M 1.4 10 280 M M 0 15 280
4 82 43 63 7 2 0 0.00 M M 3.5 12 110 M M 0 18 18 20
5 79 42 61 5 4 0 0.00 M M 3.8 14 140 M M 0 20 150
6 76 41 59 4 6 0 0.00 M M 7.3 20 140 M M 0 28 140
7 80 48 64 9 1 0 0.00 M M 7.2 20 160 M M 0 1 26 140
8 85 45 65 11 0 0 0.00 M M 2.2 12 160 M M 0 15 140
9 82 52 67 13 0 2 0.00 M M 6.8 23 290 M M 0 30 280
10 70 41 56 3 9 0 0.00 M M 10.4 26 310 M M 1 37 300
11 73 37 55 2 10 0 0.00 M M 5.1 14 360 M M 0 18 360
12 75 43 59 7 6 0 0.19 M M 14.7 35 130 M M 4 13 52 140
13 57 36 47 -5 18 0 0.06 M M 20.7 41 260 M M 4 3 59 260
14 53 28 41 -11 24 0 0.06 M M 3.5 13 300 M M 4 18 280
15 58 32 45 -6 20 0 0.00 M M 10.4 26 290 M M 2 33 280
16 69 30 50 -1 15 0 0.00 M M 4.4 16 300 M M 0 26 310
17 77 31 54 4 11 0 0.00 M M 7.0 20 180 M M 0 28 190
18 73 32 53 3 12 0 0.00 M M 8.4 25 150 M M 0 34 140
19 73 37 55 6 10 0 0.01 M M 8.5 30 250 M M 2 50 250
20 48 34 41 -8 24 0 T M M 17.3 29 300 M M 8 38 310
21 60 29 45 -3 20 0 0.00 M M 4.6 14 320 M M 1 20 330
22 72 27 50 2 15 0 0.00 M M 5.3 15 60 M M 0 21 70
23 52 37 45 -3 20 0 0.00 M M 9.6 17 110 M M 5 23 110
24 64 38 51 4 14 0 T M M 11.0 24 330 M M 5 34 310
25 47 39 43 -4 22 0 0.00 M M 11.8 23 150 M M 10 1 32 150
26 63 45 54 8 11 0 0.21 M M 17.3 30 110 M M 10 13 40 110
27 55 42 49 3 16 0 0.05 M M 20.5 31 330 M M 5 46 340
28 60 43 52 7 13 0 0.00 M M 23.8 43 320 M M 0 58 330
29 64 31 48 3 17 0 0.00 M M 3.4 12 310 M M 0 16 310
30 66 31 49 5 16 0 0.00 M M 14.1 32 340 M M 0 45 350
31 43 34 39 -5 26 0 0.03 M M 7.9 17 350 M M 10 1 24 360
================================================================================
SM 2074 1182 380 2 0.61 M 279.1 M 82
================================================================================
AV 66.9 38.1 9.0 FASTST M M 3 MAX(MPH)
MISC ----> 43 320 59 260
================================================================================
NOTES:
# LAST OF SEVERAL OCCURRENCES
COLUMN 17 PEAK WIND IN M.P.H.
PRELIMINARY LOCAL CLIMATOLOGICAL DATA (WS FORM: F-6) , PAGE 2
STATION: BROKEN BOW
MONTH: OCTOBER
YEAR: 2021
LATITUDE: 41 26 N
LONGITUDE: 99 39 W
[TEMPERATURE DATA] [PRECIPITATION DATA] SYMBOLS USED IN COLUMN 16
AVERAGE MONTHLY: 52.5 TOTAL FOR MONTH: 0.61 1 = FOG OR MIST
DPTR FM NORMAL: 1.8 DPTR FM NORMAL: -1.24 2 = FOG REDUCING VISIBILITY
HIGHEST: 85 ON 8 GRTST 24HR 0.26 ON 26-27 TO 1/4 MILE OR LESS
LOWEST: 27 ON 22 3 = THUNDER
SNOW, ICE PELLETS, HAIL 4 = ICE PELLETS
TOTAL MONTH: M 5 = HAIL
GRTST 24HR M ON M 6 = FREEZING RAIN OR DRIZZLE
GRTST DEPTH: M ON M 7 = DUSTSTORM OR SANDSTORM:
VSBY 1/2 MILE OR LESS
8 = SMOKE OR HAZE
[NO. OF DAYS WITH] [WEATHER - DAYS WITH] 9 = BLOWING SNOW
X = TORNADO
MAX 32 OR BELOW: 0 0.01 INCH OR MORE: 7
MAX 90 OR ABOVE: 0 0.10 INCH OR MORE: 2
MIN 32 OR BELOW: 9 0.50 INCH OR MORE: 0
MIN 0 OR BELOW: 0 1.00 INCH OR MORE: 0
[HDD (BASE 65) ]
TOTAL THIS MO. 380 CLEAR (SCALE 0-3) 20
DPTR FM NORMAL -71 PTCLDY (SCALE 4-7) 7
TOTAL FM JUL 1 431 CLOUDY (SCALE 8-10) 4
DPTR FM NORMAL -149
[CDD (BASE 65) ]
TOTAL THIS MO. 2
DPTR FM NORMAL -6 [PRESSURE DATA]
TOTAL FM JAN 1 1001 HIGHEST SLP 30.40 ON 31
DPTR FM NORMAL 89 LOWEST SLP 29.32 ON 13
[REMARKS]
#FINAL-10-21#