000
CXAK56 PAFC 011338
CF6BET
PRELIMINARY LOCAL CLIMATOLOGICAL DATA (WS FORM: F-6)
STATION: BETHEL
MONTH: FEBRUARY
YEAR: 2024
LATITUDE: 60 46 N
LONGITUDE: 161 48 W
TEMPERATURE IN F: :PCPN: SNOW: WIND :SUNSHINE: SKY :PK WND
================================================================================
1 2 3 4 5 6A 6B 7 8 9 10 11 12 13 14 15 16 17 18
12Z AVG MX 2MIN
DY MAX MIN AVG DEP HDD CDD WTR SNW DPTH SPD SPD DIR MIN PSBL S-S WX SPD DR
================================================================================
1 -7 -18 -12 -23 77 0 0.00 M M 12.6 18 20 M M 6 1 22 20
2 -7 -12 -9 -20 74 0 0.00 M M 16.5 22 30 M M 2 29 30
3 4 -11 -3 -14 68 0 0.10 M M 19.6 26 40 M M 6 18 36 30
4 31 3 17 5 48 0 0.07 M M 9.6 18 40 M M 10 1 23 30
5 33 6 20 8 45 0 0.07 M M 17.0 32 160 M M 8 1 42 160
6 37 24 31 19 34 0 0.06 M M 17.5 32 140 M M 6 1 42 140
7 34 28 31 19 34 0 T M M 20.5 35 140 M M 6 1 44 150
8 34 25 30 17 35 0 T M M 14.6 28 160 M M 5 1 35 170
9 32 21 27 14 38 0 0.00 M M 15.0 22 40 M M 9 28 50
10 26 19 23 10 42 0 0.06 M M 13.3 28 200 M M 9 1 35 190
11 29 26 28 15 37 0 0.01 M M 15.6 28 190 M M 10 1 38 190
12 37 15 26 12 39 0 0.06 M M 11.0 29 150 M M 8 12 39 150
13 35 13 24 10 41 0 0.57 M M 11.0 22 280 M M 10 12 29 280
14 16 9 13 -1 52 0 0.41 M M 13.3 28 340 M M 10 1 37 340
15 34 10 22 8 43 0 0.39 M M 12.9 20 350 M M 10 16 26 340
16 37 32 35 21 30 0 0.21 M M 7.1 16 40 M M 9 1 22 40
17 37 31 34 20 31 0 T M M 6.1 12 130 M M 10 15 130
18 34 22 28 14 37 0 0.07 M M 10.6 21 180 M M 9 12 27 170
19 29 21 25 11 40 0 0.16 M M 13.2 23 190 M M 9 12 28 30
20 23 14 19 5 46 0 T M M 8.5 17 200 M M 10 12 20 210
21 32 16 24 10 41 0 0.03 M M 16.7 33 170 M M 9 12 45 110
22 30 20 25 11 40 0 0.01 M M 19.7 32 160 M M 6 12 43 160
23 29 23 26 12 39 0 0.08 M M 17.1 26 190 M M 9 12 33 190
24 26 16 21 7 44 0 0.02 M M 10.9 22 300 M M 10 1 32 290
25 19 -1 9 -5 56 0 T M M 9.7 16 30 M M 8 1 20 40
26 13 5 9 -5 56 0 0.48 M M 23.6 33 20 M M 9 12 43 20
27 5 -6 0 -14 65 0 0.00 M M 16.4 28 360 M M 0 1 35 360
28 4 -13 -4 -18 69 0 T M M 13.4 20 300 M M 5 1 29 300
29 -8 -18 -13 -27 78 0 0.00 M M 11.2 18 310 M M 0 1 25 300
================================================================================
SM 678 320 1379 0 2.86 M 404.2 M 218
================================================================================
AV 23.4 11.0 13.9 FASTST M M 8 MAX(MPH)
MISC ----> 35 140 45 110
================================================================================
NOTES:
# LAST OF SEVERAL OCCURRENCES
COLUMN 17 PEAK WIND IN M.P.H.
PRELIMINARY LOCAL CLIMATOLOGICAL DATA (WS FORM: F-6) , PAGE 2
STATION: BETHEL
MONTH: FEBRUARY
YEAR: 2024
LATITUDE: 60 46 N
LONGITUDE: 161 48 W
[TEMPERATURE DATA] [PRECIPITATION DATA] SYMBOLS USED IN COLUMN 16
AVERAGE MONTHLY: 17.2 TOTAL FOR MONTH: 2.86 1 = FOG OR MIST
DPTR FM NORMAL: 3.9 DPTR FM NORMAL: 1.98 2 = FOG REDUCING VISIBILITY
HIGHEST: 37 ON 17,16 GRTST 24HR 0.71 ON 14-15 TO 1/4 MILE OR LESS
LOWEST: -18 ON 29, 1 3 = THUNDER
SNOW, ICE PELLETS, HAIL 4 = ICE PELLETS
TOTAL MONTH: M 5 = HAIL
GRTST 24HR M ON M 6 = FREEZING RAIN OR DRIZZLE
GRTST DEPTH: M ON M 7 = DUSTSTORM OR SANDSTORM:
VSBY 1/2 MILE OR LESS
8 = SMOKE OR HAZE
[NO. OF DAYS WITH] [WEATHER - DAYS WITH] 9 = BLOWING SNOW
X = TORNADO
MAX 32 OR BELOW: 19 0.01 INCH OR MORE: 18
MAX 90 OR ABOVE: 0 0.10 INCH OR MORE: 7
MIN 32 OR BELOW: 29 0.50 INCH OR MORE: 1
MIN 0 OR BELOW: 7 1.00 INCH OR MORE: 0
[HDD (BASE 65) ]
TOTAL THIS MO. 1379 CLEAR (SCALE 0-3) 3
DPTR FM NORMAL -69 PTCLDY (SCALE 4-7) 10
TOTAL FM JUL 1 8292 CLOUDY (SCALE 8-10) 16
DPTR FM NORMAL -360
[CDD (BASE 65) ]
TOTAL THIS MO. 0
DPTR FM NORMAL 0 [PRESSURE DATA]
TOTAL FM JAN 1 0 HIGHEST SLP 30.42 ON 29
DPTR FM NORMAL 0 LOWEST SLP 28.75 ON 9
[REMARKS]
#FINAL-02-24#