000
CXUS51 KCTP 010900
CF6BFD
PRELIMINARY LOCAL CLIMATOLOGICAL DATA (WS FORM: F-6)
STATION: BRADFORD
MONTH: FEBRUARY
YEAR: 2024
LATITUDE: 41 47 N
LONGITUDE: 78 38 W
TEMPERATURE IN F: :PCPN: SNOW: WIND :SUNSHINE: SKY :PK WND
================================================================================
1 2 3 4 5 6A 6B 7 8 9 10 11 12 13 14 15 16 17 18
12Z AVG MX 2MIN
DY MAX MIN AVG DEP HDD CDD WTR SNW DPTH SPD SPD DIR MIN PSBL S-S WX SPD DR
================================================================================
1 39 33 36 13 29 0 0.03 M M 6.1 15 240 M M 10 18 26 230
2 38 32 35 12 30 0 T M M 8.5 14 360 M M 10 18 22 340
3 43 28 36 13 29 0 0.00 M M 4.5 10 10 M M 4 15 350
4 50 22 36 13 29 0 0.00 M M 3.0 12 350 M M 0 15 350
5 33 25 29 6 36 0 0.00 M M 5.1 13 30 M M 5 20 50
6 42 18 30 7 35 0 0.00 M M 3.3 13 50 M M 0 8 19 60
7 49 20 35 12 30 0 0.00 M M 0.8 8 280 M M 0 8 11 280
8 51 27 39 15 26 0 0.00 M M 5.8 13 140 M M 0 8 20 140
9 57 42 50 26 15 0 0.01 M M 7.8 17 220 M M 4 27 220
10 53 35 44 20 21 0 0.21 M M 8.1 17 270 M M 7 26 250
11 40 28 34 10 31 0 0.00 M M 3.4 10 310 M M 7 18 15 340
12 43 29 36 12 29 0 0.00 M M 3.7 10 330 M M 6 15 330
13 37 26 32 8 33 0 0.01 M M 12.2 28 290 M M 7 8 38 320
14 29 22 26 1 39 0 T M M 13.2 25 310 M M 9 8 36 290
15 38 13 26 1 39 0 0.09 M M 9.6 29 290 M M 6 128 46 290
16 31 23 27 2 38 0 0.04 M M 11.4 29 280 M M 9 8 49 290
17 24 17 21 -4 44 0 0.03 M M 10.6 26 300 M M 10 8 35 310
18 30 13 22 -3 43 0 T M M 11.5 22 280 M M 8 35 270
19 33 17 25 -1 40 0 T M M 7.5 18 320 M M 4 26 280
20 44 8 26 0 39 0 0.00 M M 4.1 10 140 M M 0 8 16 140
21 48 24 36 10 29 0 0.00 M M 7.8 14 180 M M 2 21 170
22 38 35 37 11 28 0 0.18 M M 6.2 13 140 M M 10 16 18 140
23 53 33 43 16 22 0 T M M 7.2 16 320 M M 8 128 21 10
24 32 15 24 -3 41 0 T M M 9.1 15 330 M M 4 23 330
25 43 11 27 0 38 0 0.00 M M 6.2 18 210 M M 2 27 190
26 58 37 48 21 17 0 T M M 5.0 12 220 M M 3 19 290
27 62 40 51 23 14 0 0.31 M M 8.7 13 180 M M 3 39 180
28 59 21 40 12 25 0 0.79 M M 13.9 32 290 M M 10 13 55 310
29 29 20 25 -3 40 0 T M M 12.9 23 310 M M 5 38 290
================================================================================
SM 1226 714 909 0 1.70 M 217.2 M 153
================================================================================
AV 42.3 24.6 7.5 FASTST M M 5 MAX(MPH)
MISC ----> 32 290 55 310
================================================================================
NOTES:
# LAST OF SEVERAL OCCURRENCES
COLUMN 17 PEAK WIND IN M.P.H.
PRELIMINARY LOCAL CLIMATOLOGICAL DATA (WS FORM: F-6) , PAGE 2
STATION: BRADFORD
MONTH: FEBRUARY
YEAR: 2024
LATITUDE: 41 47 N
LONGITUDE: 78 38 W
[TEMPERATURE DATA] [PRECIPITATION DATA] SYMBOLS USED IN COLUMN 16
AVERAGE MONTHLY: 33.4 TOTAL FOR MONTH: 1.70 1 = FOG OR MIST
DPTR FM NORMAL: 8.5 DPTR FM NORMAL: -0.38 2 = FOG REDUCING VISIBILITY
HIGHEST: 62 ON 27 GRTST 24HR 0.79 ON 28-28 TO 1/4 MILE OR LESS
LOWEST: 8 ON 20 3 = THUNDER
SNOW, ICE PELLETS, HAIL 4 = ICE PELLETS
TOTAL MONTH: M 5 = HAIL
GRTST 24HR M ON M 6 = FREEZING RAIN OR DRIZZLE
GRTST DEPTH: M ON M 7 = DUSTSTORM OR SANDSTORM:
VSBY 1/2 MILE OR LESS
8 = SMOKE OR HAZE
[NO. OF DAYS WITH] [WEATHER - DAYS WITH] 9 = BLOWING SNOW
X = TORNADO
MAX 32 OR BELOW: 6 0.01 INCH OR MORE: 10
MAX 90 OR ABOVE: 0 0.10 INCH OR MORE: 4
MIN 32 OR BELOW: 22 0.50 INCH OR MORE: 1
MIN 0 OR BELOW: 0 1.00 INCH OR MORE: 0
[HDD (BASE 65) ]
TOTAL THIS MO. 909 CLEAR (SCALE 0-3) 8
DPTR FM NORMAL -214 PTCLDY (SCALE 4-7) 13
TOTAL FM JUL 1 4253 CLOUDY (SCALE 8-10) 8
DPTR FM NORMAL -1021
[CDD (BASE 65) ]
TOTAL THIS MO. 0
DPTR FM NORMAL 0 [PRESSURE DATA]
TOTAL FM JAN 1 0 HIGHEST SLP 30.44 ON 29
DPTR FM NORMAL 0 LOWEST SLP 29.34 ON 28
[REMARKS]
#FINAL-02-24#