000
CXUS51 KCTP 010800
CF6BFD
PRELIMINARY LOCAL CLIMATOLOGICAL DATA (WS FORM: F-6)
STATION: BRADFORD
MONTH: APRIL
YEAR: 2021
LATITUDE: 41 47 N
LONGITUDE: 78 38 W
TEMPERATURE IN F: :PCPN: SNOW: WIND :SUNSHINE: SKY :PK WND
================================================================================
1 2 3 4 5 6A 6B 7 8 9 10 11 12 13 14 15 16 17 18
12Z AVG MX 2MIN
DY MAX MIN AVG DEP HDD CDD WTR SNW DPTH SPD SPD DIR MIN PSBL S-S WX SPD DR
================================================================================
1 34 20 27 -11 38 0 0.04 M M 13.1 24 330 M M 10 18 31 310
2 33 17 25 -13 40 0 T M M 11.4 24 330 M M 1 1 31 310
3 47 15 31 -8 34 0 0.00 M M 5.0 15 190 M M 4 1 19 170
4 59 29 44 5 21 0 0.00 M M 6.0 21 330 M M 1 27 330
5 62 26 44 4 21 0 T M M 3.5 13 280 M M 3 18 17 330
6 72 36 54 14 11 0 0.00 M M 2.7 16 300 M M 4 21 330
7 75 45 60 19 5 0 T M M 5.3 15 330 M M 3 22 320
8 77 46 62 21 3 0 0.00 M M 9.8 20 140 M M 0 27 120
9 62 50 56 15 9 0 0.01 M M 11.3 20 120 M M 9 26 150
10 76 50 63 21 2 0 0.00 M M 10.3 18 150 M M 5 1 25 140
11 67 50 59 17 6 0 0.54 M M 5.7 13 150 M M 9 1 20 140
12 56 46 51 8 14 0 0.01 M M 3.5 13 220 M M 9 1 17 220
13 64 40 52 9 13 0 0.00 M M 3.7 15 280 M M 6 12 19 280
14 63 38 51 8 14 0 0.00 M M 3.8 15 340 M M 6 20 210
15 45 34 40 -4 25 0 0.04 M M 8.8 17 300 M M 10 18 24 290
16 41 35 38 -6 27 0 T M M 12.9 23 310 M M 10 18 29 300
17 50 35 43 -1 22 0 0.00 M M 5.6 13 300 M M 10 18 19 300
18 56 36 46 1 19 0 0.00 M M 5.4 15 280 M M 9 25 320
19 60 33 47 2 18 0 T M M 5.1 15 310 M M 7 1 25 260
20 49 34 42 -3 23 0 0.00 M M 8.5 16 300 M M 7 22 290
21 34 25 30 -16 35 0 0.07 M M 11.7 23 300 M M 9 16 32 310
22 37 21 29 -17 36 0 0.01 M M 11.3 24 280 M M 7 18 32 290
23 59 20 40 -6 25 0 0.00 M M 6.1 23 310 M M 0 18 30 300
24 61 29 45 -2 20 0 T M M 4.2 13 170 M M 3 17 200
25 54 30 42 -5 23 0 0.05 M M 10.0 24 310 M M 9 18 32 320
26 57 27 42 -5 23 0 0.00 M M 6.9 15 280 M M 2 20 330
27 78 36 57 9 8 0 T M M 5.5 16 290 M M 4 22 300
28 77 53 65 17 0 0 0.49 M M 5.4 28 310 M M 5 138 32 320
29 65 47 56 8 9 0 1.20 M M 7.3 20 300 M M 10 1 32 210
30 50 33 42 -7 23 0 0.13 M M 18.4 32 310 M M 9 18 45 280
================================================================================
SM 1720 1036 567 0 2.59 M 228.2 M 181
================================================================================
AV 57.3 34.5 7.6 FASTST M M 6 MAX(MPH)
MISC ----> 32 310 45 280
================================================================================
NOTES:
# LAST OF SEVERAL OCCURRENCES
COLUMN 17 PEAK WIND IN M.P.H.
PRELIMINARY LOCAL CLIMATOLOGICAL DATA (WS FORM: F-6) , PAGE 2
STATION: BRADFORD
MONTH: APRIL
YEAR: 2021
LATITUDE: 41 47 N
LONGITUDE: 78 38 W
[TEMPERATURE DATA] [PRECIPITATION DATA] SYMBOLS USED IN COLUMN 16
AVERAGE MONTHLY: 45.9 TOTAL FOR MONTH: 2.59 1 = FOG OR MIST
DPTR FM NORMAL: 2.3 DPTR FM NORMAL: -0.96 2 = FOG REDUCING VISIBILITY
HIGHEST: 78 ON 27 GRTST 24HR 1.45 ON 28-29 TO 1/4 MILE OR LESS
LOWEST: 15 ON 3 3 = THUNDER
SNOW, ICE PELLETS, HAIL 4 = ICE PELLETS
TOTAL MONTH: M 5 = HAIL
GRTST 24HR M ON M 6 = FREEZING RAIN OR DRIZZLE
GRTST DEPTH: M ON M 7 = DUSTSTORM OR SANDSTORM:
VSBY 1/2 MILE OR LESS
8 = SMOKE OR HAZE
[NO. OF DAYS WITH] [WEATHER - DAYS WITH] 9 = BLOWING SNOW
X = TORNADO
MAX 32 OR BELOW: 0 0.01 INCH OR MORE: 11
MAX 90 OR ABOVE: 0 0.10 INCH OR MORE: 4
MIN 32 OR BELOW: 11 0.50 INCH OR MORE: 2
MIN 0 OR BELOW: 0 1.00 INCH OR MORE: 1
[HDD (BASE 65) ]
TOTAL THIS MO. 567 CLEAR (SCALE 0-3) 5
DPTR FM NORMAL -77 PTCLDY (SCALE 4-7) 13
TOTAL FM JUL 1 6166 CLOUDY (SCALE 8-10) 12
DPTR FM NORMAL -931
[CDD (BASE 65) ]
TOTAL THIS MO. 0
DPTR FM NORMAL -2 [PRESSURE DATA]
TOTAL FM JAN 1 0 HIGHEST SLP 30.40 ON 3
DPTR FM NORMAL -2 LOWEST SLP 29.45 ON 11
[REMARKS]
#FINAL-04-21#