000
CXUS55 KCYS 161133
CF6BFF
PRELIMINARY LOCAL CLIMATOLOGICAL DATA (WS FORM: F-6)...CORRECTED
STATION: SCOTTSBLUFF NE AIRPORT
MONTH: NOVEMBER
YEAR: 2021
LATITUDE: 41 52 N
LONGITUDE: 103 36 W
TEMPERATURE IN F: :PCPN: SNOW: WIND :SUNSHINE: SKY :PK WND
================================================================================
1 2 3 4 5 6A 6B 7 8 9 10 11 12 13 14 15 16 17 18
12Z AVG MX 2MIN
DY MAX MIN AVG DEP HDD CDD WTR SNW DPTH SPD SPD DIR MIN PSBL S-S WX SPD DR
================================================================================
1 35 31 33 -10 32 0 0.14 1.5 3 5.2 13 110 M M 10 1 17 100
2 43 29 36 -6 29 0 0.00 0.0 0 8.0 15 110 M M 10 1 18 110
3 61 33 47 5 18 0 0.00 0.0 0 6.9 16 300 M M 5 12 20 300
4 69 29 49 7 16 0 0.00 0.0 0 4.1 10 20 M M 0 14 280
5 71 34 53 12 12 0 0.00 0.0 0 9.1 25 290 M M 0 33 290
6 75 33 54 13 11 0 0.00 0.0 0 4.4 13 180 M M 0 16 180
7 77 32 55 15 10 0 0.00 0.0 0 7.2 22 40 M M 0 30 40
8 52 34 43 3 22 0 0.00 0.0 0 6.2 13 100 M M 0 16 120
9 58 30 44 4 21 0 0.00 0.0 0 10.9 20 110 M M 0 26 140
10 50 34 42 3 23 0 0.02 0.0 0 11.3 23 310 M M 6 33 280
11 47 31 39 0 26 0 0.00 0.0 0 18.5 35 310 M M 7 47 330
12 51 28 40 1 25 0 0.00 0.0 0 13.1 32 320 M M 2 44 310
13 68 30 49 11 16 0 0.00 0.0 0 10.7 35 360 M M 3 47 350
14 68 33 51 13 14 0 0.00 0.0 0 9.1 25 280 M M 4 36 280
15 75 40 58 20 7 0 0.00 0.0 0 9.6 23 260 M M 0 32 300
16 69 34 52 15 13 0 0.00 0.0 0 16.6 31 270 M M 1 43 280
17 41 16 29 -8 36 0 0.00 0.0 0 11.1 28 330 M M 2 38 330
18 54 8 31 -5 34 0 0.00 0.0 0 8.2 22 190 M M 0 28 200
19 64 26 45 9 20 0 T 0.0 0 6.2 26 320 M M 3 8 40 320
20 54 32 43 7 22 0 0.01 0.0 0 8.2 21 340 M M 2 28 260
21 50 24 37 2 28 0 0.00 0.0 0 4.8 9 310 M M 1 12 300
22 66 26 46 11 19 0 0.00 0.0 0 6.1 18 280 M M 0 25 280
23 69 21 45 11 20 0 0.00 0.0 0 9.1 23 280 M M 0 30 290
24 50 19 35 1 30 0 T 0.0 0 11.6 26 350 M M 3 32 350
25 56 12 34 1 31 0 0.00 0.0 0 9.8 25 270 M M 1 37 280
26 67 33 50 17 15 0 0.00 0.0 0 11.1 29 290 M M 0 40 280
27 55 25 40 7 25 0 0.00 0.0 0 7.1 21 340 M M 1 27 330
28 68 21 45 13 20 0 0.00 0.0 0 7.9 21 270 M M 0 29 260
29 68 36 52 20 13 0 0.00 0.0 0 6.8 18 290 M M 0 23 310
30 59 28 44 12 21 0 0.00 0.0 0 8.2 22 60 M M 1 27 60
================================================================================
SM 1790 842 629 0 0.17 1.5 267.1 M 62
================================================================================
AV 59.7 28.1 8.9 FASTST M M 2 MAX(MPH)
MISC ----> # 35 310 # 47 330
================================================================================
NOTES:
# LAST OF SEVERAL OCCURRENCES
COLUMN 17 PEAK WIND IN M.P.H.
PRELIMINARY LOCAL CLIMATOLOGICAL DATA (WS FORM: F-6) , PAGE 2
STATION: SCOTTSBLUFF NE AIRPORT
MONTH: NOVEMBER
YEAR: 2021
LATITUDE: 41 52 N
LONGITUDE: 103 36 W
[TEMPERATURE DATA] [PRECIPITATION DATA] SYMBOLS USED IN COLUMN 16
AVERAGE MONTHLY: 43.9 TOTAL FOR MONTH: 0.17 1 = FOG OR MIST
DPTR FM NORMAL: 6.7 DPTR FM NORMAL: -0.42 2 = FOG REDUCING VISIBILITY
HIGHEST: 77 ON 7 GRTST 24HR 0.34 ON 31- 1 TO 1/4 MILE OR LESS
LOWEST: 8 ON 18 3 = THUNDER
SNOW, ICE PELLETS, HAIL 4 = ICE PELLETS
TOTAL MONTH: 3.5 INCHES 5 = HAIL
GRTST 24HR 1.5 ON 1- 1 6 = FREEZING RAIN OR DRIZZLE
GRTST DEPTH: 3 ON 1 7 = DUSTSTORM OR SANDSTORM:
VSBY 1/2 MILE OR LESS
8 = SMOKE OR HAZE
[NO. OF DAYS WITH] [WEATHER - DAYS WITH] 9 = BLOWING SNOW
X = TORNADO
MAX 32 OR BELOW: 0 0.01 INCH OR MORE: 3
MAX 90 OR ABOVE: 0 0.10 INCH OR MORE: 1
MIN 32 OR BELOW: 20 0.50 INCH OR MORE: 0
MIN 0 OR BELOW: 0 1.00 INCH OR MORE: 0
[HDD (BASE 65) ]
TOTAL THIS MO. 629 CLEAR (SCALE 0-3) 23
DPTR FM NORMAL -205 PTCLDY (SCALE 4-7) 5
TOTAL FM JUL 1 1088 CLOUDY (SCALE 8-10) 2
DPTR FM NORMAL -379
[CDD (BASE 65) ]
TOTAL THIS MO. 0
DPTR FM NORMAL 0 [PRESSURE DATA]
TOTAL FM JAN 1 1094 HIGHEST SLP 30.54 ON 18
DPTR FM NORMAL 241 LOWEST SLP 29.56 ON 16
[REMARKS]
MEAN TEMPERATURE 43.9 DEGREES WAS 3RD WARMEST NOVEMBER
#FINAL-11-21#