000
CXUS56 KHNX 012350
CF6BFL
PRELIMINARY LOCAL CLIMATOLOGICAL DATA (WS FORM: F-6)
STATION: BAKERSFIELD CA
MONTH: OCTOBER
YEAR: 2021
LATITUDE: 35 25 N
LONGITUDE: 119 3 W
TEMPERATURE IN F: :PCPN: SNOW: WIND :SUNSHINE: SKY :PK WND
================================================================================
1 2 3 4 5 6A 6B 7 8 9 10 11 12 13 14 15 16 17 18
12Z AVG MX 2MIN
DY MAX MIN AVG DEP HDD CDD WTR SNW DPTH SPD SPD DIR MIN PSBL S-S WX SPD DR
================================================================================
1 92 60 76 2 0 11 0.00 0.0 0 4.6 15 330 M M 0 8 19 310
2 93 59 76 3 0 11 0.00 0.0 0 5.2 16 320 M M 0 8 19 320
3 94 60 77 4 0 12 0.00 0.0 0 5.7 16 350 M M 0 8 21 350
4 88 63 76 4 0 11 0.00 0.0 0 4.6 12 270 M M 0 8 13 310
5 87 67 77 5 0 12 0.00 0.0 0 6.9 16 340 M M 0 8 20 360
6 83 62 73 1 0 8 0.00 0.0 0 3.8 12 320 M M 0 8 14 330
7 81 62 72 1 0 7 0.00 0.0 0 6.6 16 350 M M 0 8 20 360
8 68 52 60 -11 5 0 T 0.0 0 6.5 21 360 M M 6 8 25 350
9 71 48 60 -10 5 0 0.00 0.0 0 4.3 14 310 M M 0 8 17 310
10 77 51 64 -6 1 0 0.00 0.0 0 4.9 12 320 M M 0 8 16 310
11 68 50 59 -11 6 0 T 0.0 0 16.4 35 320 M M 2 78 47 330
12 67 46 57 -12 8 0 0.00 0.0 0 4.8 9 330 M M 0 78 14 330
13 72 45 59 -10 6 0 0.00 0.0 0 4.6 10 290 M M 0 8 13 310
14 74 47 61 -7 4 0 0.00 0.0 0 4.2 10 140 M M 0 8 14 270
15 84 49 67 -1 0 2 0.00 0.0 0 4.2 14 360 M M 0 8 18 330
16 87 51 69 1 0 4 0.00 0.0 0 4.1 13 170 M M 0 8 16 20
17 86 54 70 3 0 5 0.00 0.0 0 8.1 26 360 M M 0 8 32 360
18 63 49 56 -11 9 0 0.03 0.0 0 8.7 25 350 M M 4 18 29 340
19 73 46 60 -6 5 0 0.00 0.0 0 4.4 14 340 M M 0 8 18 330
20 79 51 65 -1 0 0 0.00 0.0 0 4.0 15 320 M M 0 8 19 310
21 82 58 70 4 0 5 0.00 0.0 0 4.8 12 290 M M 0 8 14 290
22 79 57 68 3 0 3 T 0.0 0 8.1 20 340 M M 4 23 330
23 70 58 64 -1 1 0 0.00 0.0 0 5.2 14 320 M M 4 18 320
24 78 57 68 3 0 3 0.00 0.0 0 5.0 10 120 M M 2 8 13 10
25 70 52 61 -3 4 0 0.91 0.0 0 8.0 33 310 M M 4 138 39 310
26 64 51 58 -6 7 0 0.00 0.0 0 3.7 13 310 M M 3 18 17 300
27 68 49 59 -4 6 0 0.00 0.0 0 3.5 10 310 M M 0 18 13 310
28 73 51 62 -1 3 0 0.00 0.0 0 3.3 9 310 M M 0 18 12 270
29 78 56 67 4 0 2 0.00 0.0 0 3.8 13 300 M M 0 18 17 290
30 78 57 68 6 0 3 0.00 0.0 0 3.5 10 310 M M 0 18 11 310
31 67 56 62 0 3 0 0.00 0.0 0 3.9 12 320 M M 6 18 14 330
================================================================================
SM 2394 1674 73 99 0.94 0.0 169.4 M 35
================================================================================
AV 77.2 54.0 5.5 FASTST M M 1 MAX(MPH)
MISC ----> 35 320 47 330
================================================================================
NOTES:
# LAST OF SEVERAL OCCURRENCES
COLUMN 17 PEAK WIND IN M.P.H.
PRELIMINARY LOCAL CLIMATOLOGICAL DATA (WS FORM: F-6) , PAGE 2
STATION: BAKERSFIELD CA
MONTH: OCTOBER
YEAR: 2021
LATITUDE: 35 25 N
LONGITUDE: 119 3 W
[TEMPERATURE DATA] [PRECIPITATION DATA] SYMBOLS USED IN COLUMN 16
AVERAGE MONTHLY: 65.6 TOTAL FOR MONTH: 0.94 1 = FOG OR MIST
DPTR FM NORMAL: -2.1 DPTR FM NORMAL: 0.66 2 = FOG REDUCING VISIBILITY
HIGHEST: 94 ON 3 GRTST 24HR 0.91 ON 25-25 TO 1/4 MILE OR LESS
LOWEST: 45 ON 13 3 = THUNDER
SNOW, ICE PELLETS, HAIL 4 = ICE PELLETS
TOTAL MONTH: 0.0 INCH 5 = HAIL
GRTST 24HR 0.0 6 = FREEZING RAIN OR DRIZZLE
GRTST DEPTH: 0 7 = DUSTSTORM OR SANDSTORM:
VSBY 1/2 MILE OR LESS
8 = SMOKE OR HAZE
[NO. OF DAYS WITH] [WEATHER - DAYS WITH] 9 = BLOWING SNOW
X = TORNADO
MAX 32 OR BELOW: 0 0.01 INCH OR MORE: 2
MAX 90 OR ABOVE: 3 0.10 INCH OR MORE: 1
MIN 32 OR BELOW: 0 0.50 INCH OR MORE: 1
MIN 0 OR BELOW: 0 1.00 INCH OR MORE: 0
[HDD (BASE 65) ]
TOTAL THIS MO. 73 CLEAR (SCALE 0-3) 25
DPTR FM NORMAL 24 PTCLDY (SCALE 4-7) 6
TOTAL FM JUL 1 73 CLOUDY (SCALE 8-10) 0
DPTR FM NORMAL 25
[CDD (BASE 65) ]
TOTAL THIS MO. 99
DPTR FM NORMAL -34 [PRESSURE DATA]
TOTAL FM JAN 1 2956 HIGHEST SLP 30.35 ON 27
DPTR FM NORMAL 537 LOWEST SLP 29.66 ON 25
[REMARKS]
#FINAL-10-21#