000
CXUS56 KHNX 020643
CF6BFL
PRELIMINARY LOCAL CLIMATOLOGICAL DATA (WS FORM: F-6)
STATION: BAKERSFIELD CA
MONTH: MAY
YEAR: 2021
LATITUDE: 35 25 N
LONGITUDE: 119 3 W
TEMPERATURE IN F: :PCPN: SNOW: WIND :SUNSHINE: SKY :PK WND
================================================================================
1 2 3 4 5 6A 6B 7 8 9 10 11 12 13 14 15 16 17 18
12Z AVG MX 2MIN
DY MAX MIN AVG DEP HDD CDD WTR SNW DPTH SPD SPD DIR MIN PSBL S-S WX SPD DR
================================================================================
1 86 62 74 7 0 9 0.00 0.0 0 8.8 20 310 M M 0 23 310
2 81 55 68 0 0 3 0.00 0.0 0 8.1 20 330 M M 0 28 290
3 86 62 74 6 0 9 0.00 0.0 0 5.8 15 320 M M 0 18 310
4 91 61 76 8 0 11 0.00 0.0 0 6.5 15 310 M M 0 19 320
5 98 66 82 14 0 17 0.00 0.0 0 8.1 18 320 M M 0 8 22 330
6 92 67 80 11 0 15 0.00 0.0 0 8.4 17 300 M M 0 23 320
7 83 59 71 2 0 6 0.00 0.0 0 8.1 20 330 M M 0 8 24 320
8 83 59 71 2 0 6 0.00 0.0 0 4.3 13 330 M M 0 19 320
9 87 64 76 7 0 11 0.00 0.0 0 7.3 16 310 M M 0 21 310
10 88 63 76 6 0 11 0.00 0.0 0 5.2 15 310 M M 0 22 310
11 94 65 80 10 0 15 0.00 0.0 0 6.0 18 320 M M 0 8 24 300
12 98 67 83 13 0 18 0.00 0.0 0 5.7 17 320 M M 0 25 320
13 96 67 82 12 0 17 0.00 0.0 0 5.9 16 320 M M 0 8 22 320
14 95 67 81 10 0 16 0.00 0.0 0 7.0 20 300 M M 0 8 23 290
15 82 57 70 -1 0 5 0.00 0.0 0 11.5 21 320 M M 0 23 320
16 80 55 68 -3 0 3 0.00 0.0 0 7.7 17 310 M M 0 21 310
17 86 61 74 3 0 9 0.00 0.0 0 7.7 16 320 M M 1 20 350
18 86 60 73 1 0 8 0.00 0.0 0 6.9 16 300 M M 0 25 300
19 84 58 71 -1 0 6 0.00 0.0 0 10.3 21 350 M M 0 24 350
20 73 50 62 -10 3 0 0.00 0.0 0 11.1 24 330 M M 0 8 29 320
21 72 50 61 -11 4 0 0.00 0.0 0 8.2 22 270 M M 2 8 29 280
22 77 52 65 -8 0 0 0.00 0.0 0 7.8 21 330 M M 0 28 310
23 81 55 68 -5 0 3 0.00 0.0 0 5.8 16 320 M M 0 19 280
24 87 57 72 -1 0 7 0.00 0.0 0 6.5 16 290 M M 0 20 300
25 86 60 73 0 0 8 0.00 0.0 0 6.1 15 330 M M 0 8 19 290
26 89 62 76 2 0 11 0.00 0.0 0 6.9 16 310 M M 0 22 320
27 90 63 77 3 0 12 0.00 0.0 0 7.3 17 320 M M 0 22 310
28 90 63 77 3 0 12 0.00 0.0 0 5.8 14 310 M M 0 8 17 310
29 90 63 77 3 0 12 0.00 0.0 0 7.3 17 300 M M 0 21 330
30 91 65 78 4 0 13 0.00 0.0 0 5.4 17 310 M M 0 8 22 310
31 102 71 87 12 0 22 0.00 0.0 0 6.0 15 330 M M 0 8 20 310
================================================================================
SM 2704 1886 7 295 0.00 0.0 223.5 M 3
================================================================================
AV 87.2 60.8 7.2 FASTST M M 0 MAX(MPH)
MISC ----> 24 330 # 29 320
================================================================================
NOTES:
# LAST OF SEVERAL OCCURRENCES
COLUMN 17 PEAK WIND IN M.P.H.
PRELIMINARY LOCAL CLIMATOLOGICAL DATA (WS FORM: F-6) , PAGE 2
STATION: BAKERSFIELD CA
MONTH: MAY
YEAR: 2021
LATITUDE: 35 25 N
LONGITUDE: 119 3 W
[TEMPERATURE DATA] [PRECIPITATION DATA] SYMBOLS USED IN COLUMN 16
AVERAGE MONTHLY: 74.0 TOTAL FOR MONTH: 0.00 1 = FOG OR MIST
DPTR FM NORMAL: 2.9 DPTR FM NORMAL: -0.25 2 = FOG REDUCING VISIBILITY
HIGHEST: 102 ON 31 GRTST 24HR 0.00 ON 1- 1 TO 1/4 MILE OR LESS
LOWEST: 50 ON 21,20 3 = THUNDER
SNOW, ICE PELLETS, HAIL 4 = ICE PELLETS
TOTAL MONTH: 0.0 INCH 5 = HAIL
GRTST 24HR 0.0 6 = FREEZING RAIN OR DRIZZLE
GRTST DEPTH: 0 7 = DUSTSTORM OR SANDSTORM:
VSBY 1/2 MILE OR LESS
8 = SMOKE OR HAZE
[NO. OF DAYS WITH] [WEATHER - DAYS WITH] 9 = BLOWING SNOW
X = TORNADO
MAX 32 OR BELOW: 0 0.01 INCH OR MORE: 0
MAX 90 OR ABOVE: 12 0.10 INCH OR MORE: 0
MIN 32 OR BELOW: 0 0.50 INCH OR MORE: 0
MIN 0 OR BELOW: 0 1.00 INCH OR MORE: 0
[HDD (BASE 65) ]
TOTAL THIS MO. 7 CLEAR (SCALE 0-3) 31
DPTR FM NORMAL -19 PTCLDY (SCALE 4-7) 0
TOTAL FM JUL 1 1756 CLOUDY (SCALE 8-10) 0
DPTR FM NORMAL -199
[CDD (BASE 65) ]
TOTAL THIS MO. 295
DPTR FM NORMAL 81 [PRESSURE DATA]
TOTAL FM JAN 1 396 HIGHEST SLP 30.11 ON 24
DPTR FM NORMAL 106 LOWEST SLP 29.72 ON 14
[REMARKS]
#FINAL-05-21#