000
CXUS56 KHNX 011146
CF6BFL
PRELIMINARY LOCAL CLIMATOLOGICAL DATA (WS FORM: F-6)
STATION: BAKERSFIELD CA
MONTH: APRIL
YEAR: 2020
LATITUDE: 35 25 N
LONGITUDE: 119 3 W
TEMPERATURE IN F: :PCPN: SNOW: WIND :SUNSHINE: SKY :PK WND
================================================================================
1 2 3 4 5 6A 6B 7 8 9 10 11 12 13 14 15 16 17 18
12Z AVG MX 2MIN
DY MAX MIN AVG DEP HDD CDD WTR SNW DPTH SPD SPD DIR MIN PSBL S-S WX SPD DR
================================================================================
1 73 51 62 2 3 0 0.00 0.0 0 6.1 16 300 M M 6 20 300
2 68 47 58 -2 7 0 0.00 0.0 0 6.1 16 310 M M 3 24 340
3 70 42 56 -4 9 0 0.00 0.0 0 5.7 14 300 M M 0 20 280
4 73 43 58 -2 7 0 0.00 0.0 0 4.9 16 300 M M 0 23 300
5 71 51 61 1 4 0 0.23 0.0 0 9.2 23 320 M M 8 1 25 320
6 64 49 57 -3 8 0 0.46 0.0 0 6.9 21 320 M M 7 13 27 300
7 64 46 55 -5 10 0 0.91 0.0 0 6.5 15 320 M M 8 1 19 290
8 51 48 50 -11 15 0 0.62 0.0 0 7.3 14 100 M M 10 18 19 90
9 59 48 54 -7 11 0 0.29 0.0 0 6.1 15 130 M M 9 20 140
10 67 48 58 -3 7 0 T 0.0 0 3.7 12 280 M M 5 1 15 280
11 71 51 61 0 4 0 0.00 0.0 0 3.5 9 340 M M 6 13 260
12 75 55 65 3 0 0 0.00 0.0 0 7.6 21 320 M M 3 24 320
13 74 58 66 4 0 1 0.00 0.0 0 5.1 15 320 M M 6 23 300
14 77 55 66 4 0 1 0.00 0.0 0 6.5 14 320 M M 0 17 320
15 80 53 67 5 0 2 0.00 0.0 0 5.9 13 320 M M 0 17 320
16 85 55 70 8 0 5 0.00 0.0 0 7.6 18 310 M M 0 22 310
17 69 57 63 0 2 0 0.04 0.0 0 7.3 18 350 M M 6 21 350
18 65 52 59 -4 6 0 0.06 0.0 0 6.3 20 350 M M 9 1 23 340
19 74 56 65 2 0 0 0.00 0.0 0 5.7 14 310 M M 5 22 330
20 71 52 62 -2 3 0 0.00 0.0 0 7.7 20 330 M M 6 23 330
21 72 55 64 0 1 0 0.00 0.0 0 7.5 14 320 M M 5 20 320
22 80 59 70 6 0 5 0.00 0.0 0 5.7 18 330 M M 2 23 330
23 84 59 72 8 0 7 0.00 0.0 0 5.0 20 330 M M 0 25 340
24 86 61 74 9 0 9 0.00 0.0 0 4.6 12 320 M M 0 19 270
25 90 63 77 12 0 12 0.00 0.0 0 4.8 14 310 M M 0 19 290
26 89 64 77 12 0 12 0.00 0.0 0 6.5 15 320 M M 0 21 300
27 84 60 72 6 0 7 0.00 0.0 0 5.6 16 290 M M 0 20 300
28 88 60 74 8 0 9 0.00 0.0 0 4.3 14 300 M M 0 19 300
29 92 65 79 13 0 14 0.00 0.0 0 4.9 14 340 M M 0 16 330
30 86 61 74 8 0 9 0.00 0.0 0 7.5 17 340 M M 0 22 330
================================================================================
SM 2252 1624 97 93 2.61 0.0 182.1 M 104
================================================================================
AV 75.1 54.1 6.1 FASTST M M 3 MAX(MPH)
MISC ----> # 23 320 # 27 300
================================================================================
NOTES:
# LAST OF SEVERAL OCCURRENCES
COLUMN 17 PEAK WIND IN M.P.H.
PRELIMINARY LOCAL CLIMATOLOGICAL DATA (WS FORM: F-6) , PAGE 2
STATION: BAKERSFIELD CA
MONTH: APRIL
YEAR: 2020
LATITUDE: 35 25 N
LONGITUDE: 119 3 W
[TEMPERATURE DATA] [PRECIPITATION DATA] SYMBOLS USED IN COLUMN 16
AVERAGE MONTHLY: 64.6 TOTAL FOR MONTH: 2.61 1 = FOG OR MIST
DPTR FM NORMAL: 2.0 DPTR FM NORMAL: 2.09 2 = FOG REDUCING VISIBILITY
HIGHEST: 92 ON 29 GRTST 24HR 0.91 ON 7- 7 TO 1/4 MILE OR LESS
LOWEST: 42 ON 3 3 = THUNDER
SNOW, ICE PELLETS, HAIL 4 = ICE PELLETS
TOTAL MONTH: 0.0 INCH 5 = HAIL
GRTST 24HR 0.0 6 = FREEZING RAIN OR DRIZZLE
GRTST DEPTH: 0 7 = DUSTSTORM OR SANDSTORM:
VSBY 1/2 MILE OR LESS
8 = SMOKE OR HAZE
[NO. OF DAYS WITH] [WEATHER - DAYS WITH] 9 = BLOWING SNOW
X = TORNADO
MAX 32 OR BELOW: 0 0.01 INCH OR MORE: 7
MAX 90 OR ABOVE: 2 0.10 INCH OR MORE: 5
MIN 32 OR BELOW: 0 0.50 INCH OR MORE: 2
MIN 0 OR BELOW: 0 1.00 INCH OR MORE: 0
[HDD (BASE 65) ]
TOTAL THIS MO. 97 CLEAR (SCALE 0-3) 16
DPTR FM NORMAL -32 PTCLDY (SCALE 4-7) 11
TOTAL FM JUL 1 1747 CLOUDY (SCALE 8-10) 3
DPTR FM NORMAL -395
[CDD (BASE 65) ]
TOTAL THIS MO. 93
DPTR FM NORMAL 36 [PRESSURE DATA]
TOTAL FM JAN 1 99 HIGHEST SLP 30.25 ON 22
DPTR FM NORMAL 33 LOWEST SLP 29.68 ON 5
[REMARKS]
#FINAL-04-20#