000
CXUS54 KAMA 011440
CLMBGD
CLIMATE REPORT
NATIONAL WEATHER SERVICE AMARILLO
940 AM CDT MON APR 01 2024
...................................
...THE BORGER CLIMATE SUMMARY FOR THE MONTH OF MARCH 2024...
CLIMATE NORMAL PERIOD: 1991 TO 2020
CLIMATE RECORD PERIOD: 1949 TO 2024
WEATHER OBSERVED NORMAL DEPART LAST YEAR`S
VALUE DATE(S) VALUE FROM VALUE DATE(S)
NORMAL
................................................................
TEMPERATURE (F)
HIGHEST 83 03/31 84 03/30
LOWEST 25 03/26 23 03/19
AVG. MAXIMUM 69.1 65.2 3.9 65.0
AVG. MINIMUM 41.5 37.8 3.7 38.2
MEAN 55.3 51.5 3.8 51.6
DAYS MAX >= 90 0 0.4 -0.4 0
DAYS MAX <= 32 0 0.3 -0.3 0
DAYS MIN <= 32 3 8.4 -5.4 8
DAYS MIN <= 0 0 0.0 0.0 0
PRECIPITATION (INCHES)
TOTALS 0.16 1.13 -0.97 0.23
DAILY AVG. 0.01 0.04 -0.03 0.01
DAYS >= .01 5 5.4 -0.4 3
DAYS >= .10 1 2.6 -1.6 1
DAYS >= .50 0 1.0 -1.0 0
DAYS >= 1.00 0 0.2 -0.2 0
GREATEST
24 HR. TOTAL 0.12 03/15 TO 03/16
SNOWFALL (INCHES)
TOTALS MM MM MM MM
SINCE 7/1 MM MM MM MM
DAYS >= TRACE MM MM MM MM
DAYS >= 1.0 MM MM MM MM
GREATEST
SNOW DEPTH MM
24 HR TOTAL MM
DEGREE DAYS
HEATING TOTAL 304 431 -127 412
SINCE 7/1 2733 3261 -528 MM
COOLING TOTAL 12 12 0 2
SINCE 1/1 18 13 5 MM
................................................................
WIND (MPH)
AVERAGE WIND SPEED 11.6
HIGHEST WIND SPEED/DIRECTION 43/230 DATE 03/24
HIGHEST GUST SPEED/DIRECTION 59/220 DATE 03/24
SKY COVER
POSSIBLE SUNSHINE (PERCENT) MM
NUMBER OF DAYS FAIR 24
NUMBER OF DAYS PC 4
NUMBER OF DAYS CLOUDY 3
AVERAGE RH (PERCENT) 47
WEATHER CONDITIONS. NUMBER OF DAYS WITH
THUNDERSTORM 1 MIXED PRECIP 0
HEAVY RAIN 0 RAIN 0
LIGHT RAIN 6 FREEZING RAIN 0
LT FREEZING RAIN 0 HEAVY SNOW 0
SNOW 0 LIGHT SNOW 1
SLEET 0 FOG 3
FOG W/VIS <= 1/4 MILE 0 HAZE 2
- INDICATES NEGATIVE NUMBERS.
R INDICATES RECORD WAS SET OR TIED.
MM INDICATES DATA IS MISSING.
T INDICATES TRACE AMOUNT.
$$