000
CXUS53 KBIS 011959
CLSBIS
CLIMATE REPORT
NATIONAL WEATHER SERVICE BISMARCK, ND
146 PM CST WED MAR 01 2023
...................................
...THE BISMARCK ND CLIMATE SUMMARY FOR THE SEASON, FROM
12/1/2022 TO 2/28/2023...
CLIMATE NORMAL PERIOD: 1991 TO 2020
CLIMATE RECORD PERIOD: 1875 TO 2023
WEATHER OBSERVED NORMAL DEPART LAST YEAR`S
VALUE DATE(S) VALUE FROM VALUE DATE(S)
NORMAL
................................................................
TEMPERATURE (F)
RECORD
HIGH 73 02/27/2016
LOW -45 02/16/1936
01/13/1916
HIGHEST 48 02/13 MM MM 66 12/01
LOWEST -29 02/24 MM MM -27 01/01
AVG. MAXIMUM 22.8 26.2 -3.4 27.3
AVG. MINIMUM 2.9 5.9 -3.0 3.3
MEAN 12.8 16.0 -3.2 15.3
DAYS MAX >= 90 0 0.0 0.0 0
DAYS MAX <= 32 67 56.9 10.1 47
DAYS MIN <= 32 90 89.4 0.6 89
DAYS MIN <= 0 38 31.9 6.1 33
PRECIPITATION (INCHES)
RECORD
MAXIMUM 3.46 2017
MINIMUM 0.69 2021
TOTALS 2.60 1.60 1.00 2.00
DAILY AVG. 0.03 0.02 0.01 0.02
DAYS >= .01 24 23.4 0.6 25
DAYS >= .10 10 4.9 5.1 7
DAYS >= .50 1 0.2 0.8 0
DAYS >= 1.00 0 0.0 0.0 0
GREATEST
24 HR. TOTAL 0.56 12/13 TO 12/13 0.36
STORM TOTAL 0.56 0.33
SNOWFALL (INCHES)
RECORDS
TOTAL 58.0 2009
TOTALS 48.7 26.5
SINCE 7/1 70.0
DEGREE DAYS
HEATING TOTAL 4680
COOLING TOTAL 0
................................................................
WIND (MPH)
HIGHEST WIND SPEED/DIRECTION 43/320 DATE 01/27
HIGHEST GUST SPEED/DIRECTION 63/310 DATE 01/27
- INDICATES NEGATIVE NUMBERS.
R INDICATES RECORD WAS SET OR TIED.
MM INDICATES DATA IS MISSING.
T INDICATES TRACE AMOUNT.
...................................
$$