000
CXUS53 KBIS 020124
CLSBIS
CLIMATE REPORT
NATIONAL WEATHER SERVICE BISMARCK, ND
808 PM CDT WED JUN 01 2022
...................................
...THE BISMARCK ND CLIMATE SUMMARY FOR THE SEASON, FROM
3/1/2022 TO 5/31/2022...
CLIMATE NORMAL PERIOD: 1991 TO 2020
CLIMATE RECORD PERIOD: 1875 TO 2022
WEATHER OBSERVED NORMAL DEPART LAST YEAR`S
VALUE DATE(S) VALUE FROM VALUE DATE(S)
NORMAL
................................................................
TEMPERATURE (F)
RECORD
HIGH 102 05/30/1934
05/28/1934
LOW -36 03/15/1897
HIGHEST 82 05/26 MM MM 87 05/19
05/20
LOWEST -2 03/11 MM MM 9 03/01
AVG. MAXIMUM 52.3 55.1 -2.8 60.5
AVG. MINIMUM 30.2 30.6 -0.4 31.0
MEAN 41.2 42.9 -1.7 45.8
DAYS MAX >= 90 0 0.6 -0.6 0
DAYS MAX <= 32 12 10.4 1.6 2
DAYS MIN <= 32 50 50.1 -0.1 57
DAYS MIN <= 0 2 3.1 -1.1 0
PRECIPITATION (INCHES)
RECORD
MAXIMUM MM
MINIMUM MM
TOTALS 5.76 4.68 1.08 2.03
DAILY AVG. 0.06 0.05 0.01 0.02
DAYS >= .01 28 26.0 2.0 19
DAYS >= .10 12 11.5 0.5 8
DAYS >= .50 4 2.5 1.5 0
DAYS >= 1.00 2 0.5 1.5 0
GREATEST
24 HR. TOTAL 1.17 04/12 TO 04/13 0.40
STORM TOTAL 1.17 0.40
(MM/DD(HH)) MM
SNOWFALL (INCHES)
RECORDS MM
TOTAL MM
TOTALS 24.9 13.5
SINCE 7/1 55.1
DEGREE DAYS
HEATING TOTAL 2159
COOLING TOTAL 1
................................................................
WIND (MPH)
HIGHEST WIND SPEED/DIRECTION 46/260 DATE 04/22
HIGHEST GUST SPEED/DIRECTION 65/210 DATE 05/07
- INDICATES NEGATIVE NUMBERS.
R INDICATES RECORD WAS SET OR TIED.
MM INDICATES DATA IS MISSING.
T INDICATES TRACE AMOUNT.
...................................