000
CXUS53 KGRR 010910
CF6BIV
PRELIMINARY LOCAL CLIMATOLOGICAL DATA (WS FORM: F-6)
STATION: HOLLAND
MONTH: JUNE
YEAR: 2021
LATITUDE: 42 49 N
LONGITUDE: 86 10 W
TEMPERATURE IN F: :PCPN: SNOW: WIND :SUNSHINE: SKY :PK WND
================================================================================
1 2 3 4 5 6A 6B 7 8 9 10 11 12 13 14 15 16 17 18
12Z AVG MX 2MIN
DY MAX MIN AVG DEP HDD CDD WTR SNW DPTH SPD SPD DIR MIN PSBL S-S WX SPD DR
================================================================================
1 74 47 61 -3 4 0 0.00 M M 4.2 12 290 M M 0 17 260
2 80 50 65 1 0 0 0.00 M M 4.1 13 280 M M 2 17 120
3 80 53 67 3 0 2 0.00 M M 6.2 18 330 M M 3 12 35 340
4 86 64 75 10 0 10 T M M 13.2 23 240 M M 4 32 240
5 88 71 80 15 0 15 0.00 M M 14.0 25 220 M M 0 33 220
6 89 74 82 16 0 17 0.00 M M 11.7 22 230 M M 1 30 220
7 78 66 72 6 0 7 0.05 M M 6.1 16 210 M M 4 128 23 220
8 86 65 76 10 0 11 0.27 M M 2.3 13 280 M M 7 123 16 270
9 85 69 77 11 0 12 0.19 M M 3.9 12 20 M M 4 138 19 20
10 87 68 78 11 0 13 0.00 M M 4.5 10 310 M M 2 18 15 300
11 89 67 78 11 0 13 0.00 M M 3.9 12 290 M M 1 8 16 270
12 88 66 77 10 0 12 0.00 M M 6.1 12 300 M M 1 18 20 290
13 82 62 72 4 0 7 0.00 M M 6.4 15 310 M M 0 23 340
14 75 62 69 1 0 4 0.00 M M 9.3 18 320 M M 2 29 320
15 76 57 67 -1 0 2 0.00 M M 7.4 18 310 M M 0 26 310
16 77 50 64 -4 1 0 0.00 M M 4.6 13 300 M M 0 19 270
17 85 47 66 -3 0 1 0.00 M M 4.9 15 210 M M 0 20 220
18 82 65 74 5 0 9 1.03 M M 7.9 21 140 M M 4 13 28 130
19 79 63 71 2 0 6 0.32 M M 6.1 18 170 M M 5 138 26 340
20 83 57 70 1 0 5 0.08 M M 4.3 14 100 M M 3 123 19 170
21 69 49 59 -10 6 0 0.18 M M 11.7 22 310 M M 6 13 38 300
22 69 44 57 -13 8 0 0.00 M M 6.9 21 250 M M 2 28 260
23 73 53 63 -7 2 0 0.06 M M 9.6 20 210 M M 8 29 220
24 74 64 69 -1 0 4 1.70 M M 9.5 18 180 M M 5 138 25 10
25 74 67 71 1 0 6 0.92 M M 9.2 28 210 M M 10 138 42 200
26 78 67 73 3 0 8 1.65 M M 10.9 23 230 M M 8 13 36 210
27 82 63 73 3 0 8 T M M 13.7 25 230 M M 6 38 240
28 82 62 72 1 0 7 0.31 M M 4.3 25 210 M M 5 138 34 210
29 80 70 75 4 0 10 0.06 M M 6.5 16 230 M M 4 1 21 250
30 79 66 73 2 0 8 0.00 M M 5.5 9 260 M M 3 14 260
================================================================================
SM 2409 1828 21 197 6.82 M 218.9 M 100
================================================================================
AV 80.3 60.9 7.3 FASTST M M 3 MAX(MPH)
MISC ----> 28 210 42 200
================================================================================
NOTES:
# LAST OF SEVERAL OCCURRENCES
COLUMN 17 PEAK WIND IN M.P.H.
PRELIMINARY LOCAL CLIMATOLOGICAL DATA (WS FORM: F-6) , PAGE 2
STATION: HOLLAND
MONTH: JUNE
YEAR: 2021
LATITUDE: 42 49 N
LONGITUDE: 86 10 W
[TEMPERATURE DATA] [PRECIPITATION DATA] SYMBOLS USED IN COLUMN 16
AVERAGE MONTHLY: 70.6 TOTAL FOR MONTH: 6.82 1 = FOG OR MIST
DPTR FM NORMAL: 2.7 DPTR FM NORMAL: 3.37 2 = FOG REDUCING VISIBILITY
HIGHEST: 89 ON 11, 6 GRTST 24HR 2.60 ON 24-25 TO 1/4 MILE OR LESS
LOWEST: 44 ON 22 3 = THUNDER
SNOW, ICE PELLETS, HAIL 4 = ICE PELLETS
TOTAL MONTH: M 5 = HAIL
GRTST 24HR M ON M 6 = FREEZING RAIN OR DRIZZLE
GRTST DEPTH: M ON M 7 = DUSTSTORM OR SANDSTORM:
VSBY 1/2 MILE OR LESS
8 = SMOKE OR HAZE
[NO. OF DAYS WITH] [WEATHER - DAYS WITH] 9 = BLOWING SNOW
X = TORNADO
MAX 32 OR BELOW: 0 0.01 INCH OR MORE: 13
MAX 90 OR ABOVE: 0 0.10 INCH OR MORE: 9
MIN 32 OR BELOW: 0 0.50 INCH OR MORE: 4
MIN 0 OR BELOW: 0 1.00 INCH OR MORE: 3
[HDD (BASE 65) ]
TOTAL THIS MO. 21 CLEAR (SCALE 0-3) 15
DPTR FM NORMAL -26 PTCLDY (SCALE 4-7) 14
TOTAL FM JUL 1 5990 CLOUDY (SCALE 8-10) 1
DPTR FM NORMAL -345
[CDD (BASE 65) ]
TOTAL THIS MO. 197
DPTR FM NORMAL 63 [PRESSURE DATA]
TOTAL FM JAN 1 261 HIGHEST SLP 30.25 ON 1
DPTR FM NORMAL 86 LOWEST SLP 29.43 ON 21
[REMARKS]
#FINAL-06-21#