000
CXUS53 KGRR 011847
CLSBIV
WRKCLSBIV 000
TTAA00 GRR 011835
CLIMATE REPORT
NATIONAL WEATHER SERVICE GRAND RAPIDS, MICHIGAN
229 PM EDT THU SEP 01 2022
...................................
...THE HOLLAND CLIMATE SUMMARY FOR THE SEASON, FROM
6/1/2022 TO 8/31/2022...
CLIMATE NORMAL PERIOD: 1991 TO 2020
CLIMATE RECORD PERIOD: 1905 TO 2022
WEATHER OBSERVED NORMAL DEPART LAST YEAR`S
VALUE DATE(S) VALUE FROM VALUE DATE(S)
NORMAL
................................................................
TEMPERATURE (F)
RECORD
HIGH 102 07/06/2012
07/21/1934
07/30/1913
LOW 29 06/11/1972
HIGHEST 94 06/21 MM MM 92 08/24
08/28
LOWEST 44 06/04 MM MM 44 06/22
AVG. MAXIMUM 80.0 80.0 -0.0 81.8
AVG. MINIMUM 60.8 59.7 1.1 62.1
MEAN 70.4 69.9 0.5 71.9
DAYS MAX >= 90 5 7.0 -2.0 3
DAYS MAX <= 32 0 0.0 0.0 0
DAYS MIN <= 32 0 0.0 0.0 0
DAYS MIN <= 0 0 0.0 0.0 0
PRECIPITATION (INCHES)
RECORD
MAXIMUM 21.23 1972
MINIMUM 3.02 1930
TOTALS 9.45 9.31 0.14 9.92
DAILY AVG. 0.10 0.10 -0.00 0.11
DAYS >= .01 29 31.8 -2.8 31
DAYS >= .10 17 16.6 0.4 15
DAYS >= .50 6 6.0 0.0 6
DAYS >= 1.00 3 2.0 1.0 4
GREATEST
24 HR. TOTAL 2.02 07/04 TO 07/05
DEGREE DAYS
HEATING TOTAL 52 71 -19 23
SINCE 7/1 9 17 -8 MM
COOLING TOTAL 574 520 54 685
SINCE 1/1 662 561 101 MM
FREEZE DATES
EARLIEST MM
LATEST 04/27
................................................................
WIND (MPH)
AVERAGE WIND SPEED 6.7
RESULTANT WIND SPEED/DIRECTION 3/250
HIGHEST WIND SPEED/DIRECTION 29/280 DATE 08/28
HIGHEST GUST SPEED/DIRECTION 66/270 DATE 08/29
SKY COVER
AVERAGE SKY COVER 0.28
NUMBER OF DAYS FAIR 58
NUMBER OF DAYS PC 27
NUMBER OF DAYS CLOUDY 7
AVERAGE RH (PERCENT) 71
WEATHER CONDITIONS. NUMBER OF DAYS WITH
THUNDERSTORM 13 MIXED PRECIP 0
HEAVY RAIN 15 RAIN 15
LIGHT RAIN 33 FREEZING RAIN 0
LT FREEZING RAIN 0 HAIL 0
HEAVY SNOW 0 SNOW 0
LIGHT SNOW 0 SLEET 0
FOG 44 FOG W/VIS <= 1/4 MILE 6
HAZE 4
- INDICATES NEGATIVE NUMBERS.
R INDICATES RECORD WAS SET OR TIED.
MM INDICATES DATA IS MISSING.
T INDICATES TRACE AMOUNT.
$$