000
CXUS56 KBOI 011002
CF6BKE
PRELIMINARY LOCAL CLIMATOLOGICAL DATA (WS FORM: F-6)
STATION: BAKER OR
MONTH: SEPTEMBER
YEAR: 2021
LATITUDE: 44 50 N
LONGITUDE: 117 49 W
TEMPERATURE IN F: :PCPN: SNOW: WIND :SUNSHINE: SKY :PK WND
================================================================================
1 2 3 4 5 6A 6B 7 8 9 10 11 12 13 14 15 16 17 18
12Z AVG MX 2MIN
DY MAX MIN AVG DEP HDD CDD WTR SNW DPTH SPD SPD DIR MIN PSBL S-S WX SPD DR
================================================================================
1 74 35 55 -9 10 0 0.00 M M 8.1 20 320 M M 0 24 330
2 75 33 54 -10 11 0 0.00 M M 10.2 23 340 M M 0 30 330
3 80 29 55 -8 10 0 0.00 M M 1.8 9 300 M M 0 12 300
4 87 34 61 -2 4 0 0.00 M M 4.2 18 110 M M 0 24 90
5 90 35 63 0 2 0 0.00 M M 3.1 13 290 M M 0 8 14 290
6 88 42 65 3 0 0 0.00 M M 4.6 12 320 M M 0 8 15 320
7 94 43 69 7 0 4 0.00 M M 5.0 20 130 M M 0 8 26 110
8 80 42 61 -1 4 0 0.00 M M 3.0 14 320 M M 1 18 18 340
9 93 46 70 9 0 5 T M M 4.4 38 230 M M 1 138 53 220
10 69 42 56 -5 9 0 0.24 M M 4.6 24 300 M M 6 138 33 280
11 75 36 56 -5 9 0 0.00 M M 2.8 10 60 M M 2 12 17 190
12 78 35 57 -3 8 0 0.00 M M 4.6 16 330 M M 2 12 23 340
13 75 42 59 -1 6 0 0.00 M M 7.6 16 340 M M 0 22 320
14 79 30 55 -5 10 0 0.00 M M 2.1 8 280 M M 0 11 60
15 78 38 58 -1 7 0 0.00 M M 6.6 24 350 M M 0 32 340
16 66 32 49 -10 16 0 0.00 M M 8.3 22 320 M M 0 30 320
17 78 25 52 -7 13 0 0.00 M M 8.2 24 110 M M 0 32 110
18 64 36 50 -8 15 0 0.18 M M 9.2 31 340 M M 5 18 39 340
19 58 33 46 -12 19 0 0.01 M M 6.6 24 340 M M 6 12 31 340
20 65 30 48 -10 17 0 0.00 M M 2.4 9 310 M M 2 128 12 310
21 71 26 49 -8 16 0 0.00 M M 7.9 22 120 M M 1 12 31 120
22 77 31 54 -3 11 0 T M M 5.1 29 340 M M 2 38 340
23 74 34 54 -2 11 0 0.00 M M 5.4 14 350 M M 0 18 350
24 81 33 57 1 8 0 0.00 M M 2.8 12 120 M M 0 18 70
25 84 35 60 4 5 0 0.00 M M 3.1 13 60 M M 0 17 60
26 85 34 60 5 5 0 0.00 M M 4.1 16 210 M M 0 22 210
27 81 40 61 6 4 0 0.01 M M 14.9 35 340 M M 3 50 350
28 57 27 42 -12 23 0 0.03 M M 3.7 17 350 M M 6 1 25 350
29 65 23 44 -10 21 0 0.00 M M 3.2 14 50 M M 1 12 25 140
30 73 24 49 -5 16 0 0.00 M M 5.1 17 160 M M 0 26 110
================================================================================
SM 2294 1025 290 9 0.47 M 162.7 M 38
================================================================================
AV 76.5 34.2 5.4 FASTST M M 1 MAX(MPH)
MISC ----> 38 230 53 220
================================================================================
NOTES:
# LAST OF SEVERAL OCCURRENCES
COLUMN 17 PEAK WIND IN M.P.H.
PRELIMINARY LOCAL CLIMATOLOGICAL DATA (WS FORM: F-6) , PAGE 2
STATION: BAKER OR
MONTH: SEPTEMBER
YEAR: 2021
LATITUDE: 44 50 N
LONGITUDE: 117 49 W
[TEMPERATURE DATA] [PRECIPITATION DATA] SYMBOLS USED IN COLUMN 16
AVERAGE MONTHLY: 55.3 TOTAL FOR MONTH: 0.47 1 = FOG OR MIST
DPTR FM NORMAL: -3.8 DPTR FM NORMAL: 0.03 2 = FOG REDUCING VISIBILITY
HIGHEST: 94 ON 7 GRTST 24HR 0.24 ON 10-10 TO 1/4 MILE OR LESS
LOWEST: 23 ON 29 3 = THUNDER
SNOW, ICE PELLETS, HAIL 4 = ICE PELLETS
TOTAL MONTH: M 5 = HAIL
GRTST 24HR M ON M 6 = FREEZING RAIN OR DRIZZLE
GRTST DEPTH: M ON M 7 = DUSTSTORM OR SANDSTORM:
VSBY 1/2 MILE OR LESS
8 = SMOKE OR HAZE
[NO. OF DAYS WITH] [WEATHER - DAYS WITH] 9 = BLOWING SNOW
X = TORNADO
MAX 32 OR BELOW: 0 0.01 INCH OR MORE: 5
MAX 90 OR ABOVE: 3 0.10 INCH OR MORE: 2
MIN 32 OR BELOW: 10 0.50 INCH OR MORE: 0
MIN 0 OR BELOW: 0 1.00 INCH OR MORE: 0
[HDD (BASE 65) ]
TOTAL THIS MO. 290 CLEAR (SCALE 0-3) 26
DPTR FM NORMAL 87 PTCLDY (SCALE 4-7) 4
TOTAL FM JUL 1 386 CLOUDY (SCALE 8-10) 0
DPTR FM NORMAL 112
[CDD (BASE 65) ]
TOTAL THIS MO. 9
DPTR FM NORMAL -16 [PRESSURE DATA]
TOTAL FM JAN 1 415 HIGHEST SLP 30.48 ON 21
DPTR FM NORMAL 90 LOWEST SLP 29.65 ON 27
[REMARKS]
#FINAL-09-21#