000
CXUS51 KRLX 011130
CF6BKW
PRELIMINARY LOCAL CLIMATOLOGICAL DATA (WS FORM: F-6)
STATION: BECKLEY WV
MONTH: OCTOBER
YEAR: 2021
LATITUDE: 37 46 N
LONGITUDE: 81 7 W
TEMPERATURE IN F: :PCPN: SNOW: WIND :SUNSHINE: SKY :PK WND
================================================================================
1 2 3 4 5 6A 6B 7 8 9 10 11 12 13 14 15 16 17 18
12Z AVG MX 2MIN
DY MAX MIN AVG DEP HDD CDD WTR SNW DPTH SPD SPD DIR MIN PSBL S-S WX SPD DR
================================================================================
1 74 43 59 -1 6 0 0.00 0.0 0 2.9 13 130 M M 0 16 130
2 76 48 62 3 3 0 0.00 0.0 0 4.5 14 260 M M 2 1 19 230
3 73 58 66 7 0 1 0.10 0.0 0 6.0 18 220 M M 7 1 24 220
4 75 61 68 10 0 3 T 0.0 0 4.3 14 210 M M 8 17 200
5 76 56 66 8 0 1 0.00 0.0 0 5.1 14 120 M M 5 1 18 120
6 73 64 69 11 0 4 T 0.0 0 9.3 20 120 M M 5 25 120
7 67 61 64 7 1 0 0.10 0.0 0 9.2 22 120 M M 7 28 110
8 67 61 64 7 1 0 0.59 0.0 0 6.4 14 130 M M 8 1 19 130
9 72 58 65 8 0 0 0.09 0.0 0 5.8 14 130 M M 8 1 18 120
10 76 54 65 9 0 0 0.00 0.0 0 5.8 14 130 M M 0 18 120
11 69 58 64 8 1 0 0.00 0.0 0 8.5 22 140 M M 3 31 140
12 71 56 64 8 1 0 0.00 0.0 0 7.1 17 150 M M 4 25 130
13 75 56 66 11 0 1 0.00 0.0 0 4.0 12 300 M M 4 12 16 260
14 75 55 65 10 0 0 0.00 0.0 0 2.4 9 160 M M 4 1 11 310
15 79 62 71 16 0 6 0.00 0.0 0 5.8 15 230 M M 4 18 230
16 69 47 58 4 7 0 0.37 0.0 0 10.4 22 310 M M 7 1 31 310
17 55 40 48 -6 17 0 0.00 0.0 0 9.2 18 310 M M 4 27 320
18 61 40 51 -3 14 0 0.00 0.0 0 6.0 17 330 M M 0 24 330
19 67 40 54 1 11 0 0.00 0.0 0 3.6 12 270 M M 0 14 290
20 68 43 56 3 9 0 0.00 0.0 0 5.4 13 270 M M 0 19 240
21 68 47 58 6 7 0 0.02 0.0 0 8.5 21 190 M M 5 1 28 330
22 57 48 53 1 12 0 0.01 0.0 0 4.9 10 240 M M 10 15 270
23 59 46 53 1 12 0 T 0.0 0 6.4 15 260 M M 7 21 250
24 75 49 62 10 3 0 T 0.0 0 6.4 16 240 M M 4 23 220
25 67 47 57 6 8 0 0.53 0.0 0 7.8 17 300 M M 5 1 23 310
26 47 38 43 -8 22 0 0.08 0.0 0 11.3 21 340 M M 9 1 31 300
27 51 33 42 -8 23 0 0.00 0.0 0 4.3 13 30 M M 4 1 18 340
28 59 39 49 -1 16 0 0.18 0.0 0 15.7 28 130 M M 4 1 40 130
29 63 49 56 6 9 0 0.40 0.0 0 6.3 18 120 M M 8 1 26 120
30 52 46 49 0 16 0 0.24 0.0 0 6.8 13 210 M M 10 1 16 240
31 50 46 48 -1 17 0 0.15 0.0 0 7.9 15 270 M M 10 1 20 290
================================================================================
SM 2066 1549 216 16 2.86 0.0 208.0 M 156
================================================================================
AV 66.6 50.0 6.7 FASTST M M 5 MAX(MPH)
MISC ----> 28 130 40 130
================================================================================
NOTES:
# LAST OF SEVERAL OCCURRENCES
COLUMN 17 PEAK WIND IN M.P.H.
PRELIMINARY LOCAL CLIMATOLOGICAL DATA (WS FORM: F-6) , PAGE 2
STATION: BECKLEY WV
MONTH: OCTOBER
YEAR: 2021
LATITUDE: 37 46 N
LONGITUDE: 81 7 W
[TEMPERATURE DATA] [PRECIPITATION DATA] SYMBOLS USED IN COLUMN 16
AVERAGE MONTHLY: 58.3 TOTAL FOR MONTH: 2.86 1 = FOG OR MIST
DPTR FM NORMAL: 4.0 DPTR FM NORMAL: 0.13 2 = FOG REDUCING VISIBILITY
HIGHEST: 79 ON 15 GRTST 24HR 0.64 ON 8- 9 TO 1/4 MILE OR LESS
LOWEST: 33 ON 27 3 = THUNDER
SNOW, ICE PELLETS, HAIL 4 = ICE PELLETS
TOTAL MONTH: 0.0 INCH 5 = HAIL
GRTST 24HR 0.0 6 = FREEZING RAIN OR DRIZZLE
GRTST DEPTH: 0 7 = DUSTSTORM OR SANDSTORM:
VSBY 1/2 MILE OR LESS
8 = SMOKE OR HAZE
[NO. OF DAYS WITH] [WEATHER - DAYS WITH] 9 = BLOWING SNOW
X = TORNADO
MAX 32 OR BELOW: 0 0.01 INCH OR MORE: 13
MAX 90 OR ABOVE: 0 0.10 INCH OR MORE: 9
MIN 32 OR BELOW: 0 0.50 INCH OR MORE: 2
MIN 0 OR BELOW: 0 1.00 INCH OR MORE: 0
[HDD (BASE 65) ]
TOTAL THIS MO. 216 CLEAR (SCALE 0-3) 6
DPTR FM NORMAL -127 PTCLDY (SCALE 4-7) 19
TOTAL FM JUL 1 289 CLOUDY (SCALE 8-10) 6
DPTR FM NORMAL -154
[CDD (BASE 65) ]
TOTAL THIS MO. 16
DPTR FM NORMAL 6 [PRESSURE DATA]
TOTAL FM JAN 1 749 HIGHEST SLP 30.31 ON 20
DPTR FM NORMAL 85 LOWEST SLP 29.40 ON 29
[REMARKS]
#FINAL-10-21#