000
CXUS55 KPSR 011438
CF6BLH
PRELIMINARY LOCAL CLIMATOLOGICAL DATA (WS FORM: F-6)
STATION: BLYTHE CA
MONTH: MARCH
YEAR: 2023
LATITUDE: 33 37 N
LONGITUDE: 114 43 W
TEMPERATURE IN F: :PCPN: SNOW: WIND :SUNSHINE: SKY :PK WND
================================================================================
1 2 3 4 5 6A 6B 7 8 9 10 11 12 13 14 15 16 17 18
12Z AVG MX 2MIN
DY MAX MIN AVG DEP HDD CDD WTR SNW DPTH SPD SPD DIR MIN PSBL S-S WX SPD DR
================================================================================
1 61 41 51 -11 14 0 0.03 0.0 M 15.8 35 240 M M 8 50 190
2 66 44 55 -7 10 0 0.04 M M 6.9 21 20 M M 5 32 340
3 67 38 53 -10 12 0 0.00 M M 3.8 10 120 M M M 15 90
4 74 39 57 -6 8 0 0.00 M M 10.2 22 210 M M M 28 230
5 64 45 55 -8 10 0 0.00 M M 5.8 16 170 M M M 20 170
6 69 47 58 -5 7 0 0.00 M M 4.9 14 70 M M 0 20 50
7 70 48 59 -5 6 0 0.00 0.0 0 8.6 20 350 M M 0 24 350
8 74 40 57 -7 8 0 0.00 M M 4.3 10 50 M M 0 14 50
9 76 50 63 -1 2 0 0.00 0.0 0 5.0 12 250 M M 0 15 140
10 80 55 68 4 0 3 T M M 12.2 25 230 M M 2 32 220
11 85 61 73 9 0 8 0.00 M M 10.9 24 240 M M 0 32 250
12 83 52 68 3 0 3 0.00 M M 7.0 17 230 M M 0 23 220
13 85 56 71 6 0 6 0.00 M M 7.2 21 330 M M 0 30 310
14 82 56 69 4 0 4 T M M 6.3 22 220 M M 4 30 250
15 77 54 66 0 0 1 0.17 M M 9.8 25 220 M M 5 18 32 210
16 74 50 62 -4 3 0 0.00 M M 6.9 20 340 M M 0 25 350
17 75 52 64 -2 1 0 0.00 M M 8.4 18 360 M M 2 25 350
18 76 49 63 -3 2 0 0.00 M M 7.1 16 50 M M 0 21 40
19 75 56 66 0 0 1 T M M 7.5 21 250 M M 4 28 260
20 78 58 68 1 0 3 0.00 M M 14.0 30 230 M M 3 24 210
21 68 54 61 -6 4 0 0.03 M M 12.4 40 230 M M M 31 240
22 70 53 62 -5 3 0 0.00 M M 12.0 33 250 M M M 242 210
23 71 44 58 -9 7 0 0.00 M M 8.5 21 240 M M M 28 240
24 73 48 61 -6 4 0 0.00 M M 5.4 17 350 M M M 21 360
25 73 48 61 -7 4 0 0.00 M M 9.3 18 330 M M M 25 360
26 72 47 60 -8 5 0 0.00 M M 7.9 24 360 M M M 17 350
27 71 52 62 -6 3 0 0.00 M M 14.0 33 350 M M M 25 340
28 78 46 62 -6 3 0 0.00 M M 4.5 16 230 M M M 21 220
29 80 54 67 -1 0 2 0.00 M M 16.0 42 220 M M M 29 240
30 69 49 59 -10 6 0 0.00 0.0 M 14.7 39 230 M M M 29 260
31 72 41 57 -12 8 0 0.00 0.0 M 4.1131 150 M M M 9 160
================================================================================
SM 2288 1527 130 31 0.27 0.0 271.4 M 33
================================================================================
AV 73.8 49.3 8.8 FASTST M M 2 MAX(MPH)
MISC ----> 131 150 242 210
================================================================================
NOTES:
# LAST OF SEVERAL OCCURRENCES
COLUMN 17 PEAK WIND IN M.P.H.
PRELIMINARY LOCAL CLIMATOLOGICAL DATA (WS FORM: F-6) , PAGE 2
STATION: BLYTHE CA
MONTH: MARCH
YEAR: 2023
LATITUDE: 33 37 N
LONGITUDE: 114 43 W
[TEMPERATURE DATA] [PRECIPITATION DATA] SYMBOLS USED IN COLUMN 16
AVERAGE MONTHLY: 61.5 TOTAL FOR MONTH: 0.27 1 = FOG OR MIST
DPTR FM NORMAL: -4.1 DPTR FM NORMAL: -0.21 2 = FOG REDUCING VISIBILITY
HIGHEST: 85 ON 13,11 GRTST 24HR 0.17 ON 14-15 TO 1/4 MILE OR LESS
LOWEST: 38 ON 3 3 = THUNDER
SNOW, ICE PELLETS, HAIL 4 = ICE PELLETS
TOTAL MONTH: 0.0 INCH 5 = HAIL
GRTST 24HR 0.0 6 = FREEZING RAIN OR DRIZZLE
GRTST DEPTH: 0 7 = DUSTSTORM OR SANDSTORM:
VSBY 1/2 MILE OR LESS
8 = SMOKE OR HAZE
[NO. OF DAYS WITH] [WEATHER - DAYS WITH] 9 = BLOWING SNOW
X = TORNADO
MAX 32 OR BELOW: 0 0.01 INCH OR MORE: 4
MAX 90 OR ABOVE: 0 0.10 INCH OR MORE: 1
MIN 32 OR BELOW: 0 0.50 INCH OR MORE: 0
MIN 0 OR BELOW: 0 1.00 INCH OR MORE: 0
[HDD (BASE 65) ]
TOTAL THIS MO. 130 CLEAR (SCALE 0-3) 11
DPTR FM NORMAL 59 PTCLDY (SCALE 4-7) 6
TOTAL FM JUL 1 1260 CLOUDY (SCALE 8-10) 14
DPTR FM NORMAL 263
[CDD (BASE 65) ]
TOTAL THIS MO. 31
DPTR FM NORMAL -59 [PRESSURE DATA]
TOTAL FM JAN 1 31 HIGHEST SLP M ON M
DPTR FM NORMAL -72 LOWEST SLP 29.62 ON 1
[REMARKS]
#FINAL-03-23#