000
CXUS53 KIND 011539
CLMBMG
CLIMATE REPORT
NATIONAL WEATHER SERVICE INDIANAPOLIS IN
1139 AM EDT MON MAY 01 2023
...................................
...THE BLOOMINGTON IN CLIMATE SUMMARY FOR THE MONTH OF APRIL 2023...
CLIMATE NORMAL PERIOD 1991 TO 2020
CLIMATE RECORD PERIOD 9999 TO 9999
WEATHER OBSERVED NORMAL DEPART LAST YEAR`S
VALUE DATE(S) VALUE FROM VALUE DATE(S)
NORMAL
................................................................
TEMPERATURE (F)
HIGHEST 85 04/20 85 04/23
LOWEST 26 04/24 26 04/02
AVG. MAXIMUM 67.8 65.6 2.2 63.1
AVG. MINIMUM 40.8 43.1 -2.3 42.0
MEAN 54.3 54.3 0.0 52.5
DAYS MAX >= 90 0 0.0 0.0 0
DAYS MAX <= 32 0 0.0 0.0 0
DAYS MIN <= 32 3 4.3 -1.3 6
DAYS MIN <= 0 0 0.0 0.0 0
PRECIPITATION (INCHES)
TOTALS 3.30 4.94 -1.64 4.71
DAILY AVG. 0.11 0.16 -0.05 0.16
DAYS >= .01 9 12.8 -3.8 18
DAYS >= .10 6 8.5 -2.5 11
DAYS >= .50 3 3.6 -0.6 2
DAYS >= 1.00 1 1.3 -0.3 2
GREATEST
24 HR. TOTAL 1.35 04/05 TO 04/05
DEGREE DAYS
HEATING TOTAL 326 337 -11 389
SINCE 7/1 4343 4949 -606 MM
COOLING TOTAL 14 17 -3 25
SINCE 1/1 14 20 -6 MM
................................................................
WIND (MPH)
AVERAGE WIND SPEED 7.2
HIGHEST WIND SPEED/DIRECTION 33/280 DATE 04/01
HIGHEST GUST SPEED/DIRECTION 49/240 DATE 04/01
SKY COVER
AVERAGE SKY COVER 0.37
AVERAGE RH (PERCENT) 61
WEATHER CONDITIONS. NUMBER OF DAYS WITH
THUNDERSTORM 5 MIXED PRECIP 0
HEAVY RAIN 4 RAIN 6
LIGHT RAIN 12 FREEZING RAIN 0
LT FREEZING RAIN 0 HAIL 0
HEAVY SNOW 0 SNOW 0
LIGHT SNOW 0 SLEET 0
FOG 10 FOG W/VIS <= 1/4 MILE 1
HAZE 3
- INDICATES NEGATIVE NUMBERS.
R INDICATES RECORD WAS SET OR TIED.
MM INDICATES DATA IS MISSING.
T INDICATES TRACE AMOUNT.
$$