000
CXUS55 KOHX 011210
CF6BNA
PRELIMINARY LOCAL CLIMATOLOGICAL DATA (WS FORM: F-6)
STATION: NASHVILLE
MONTH: FEBRUARY
YEAR: 2022
LATITUDE: 36 7 N
LONGITUDE: 86 41 W
TEMPERATURE IN F: :PCPN: SNOW: WIND :SUNSHINE: SKY :PK WND
================================================================================
1 2 3 4 5 6A 6B 7 8 9 10 11 12 13 14 15 16 17 18
12Z AVG MX 2MIN
DY MAX MIN AVG DEP HDD CDD WTR SNW DPTH SPD SPD DIR MIN PSBL S-S WX SPD DR
================================================================================
1 67 32 50 10 15 0 T 0.0 0 10.0 23 190 M M 3 31 190
2 52 47 50 9 15 0 1.20 0.0 0 7.6 15 150 M M 10 1 26 140
3 52 32 42 1 23 0 1.14 0.0 0 9.0 16 340 M M 10 18 23 350
4 32 25 29 -12 36 0 0.02 0.0 0 9.3 15 330 M M 9 1468 22 330
5 37 20 29 -12 36 0 0.00 0.0 0 3.9 10 10 M M 1 15 40
6 52 21 37 -4 28 0 0.00 0.0 0 3.2 15 200 M M 0 1 22 270
7 51 23 37 -5 28 0 0.00 0.0 0 4.7 15 310 M M 1 8 22 290
8 58 24 41 -1 24 0 0.00 0.0 0 5.9 14 210 M M 0 20 200
9 63 41 52 10 13 0 0.00 0.0 0 9.2 18 280 M M 2 30 270
10 62 35 49 7 16 0 T 0.0 0 4.8 16 290 M M 2 1 23 290
11 72 36 54 12 11 0 T 0.0 0 10.2 25 210 M M 5 40 200
12 51 24 38 -5 27 0 T 0.0 0 9.5 18 20 M M 9 1 25 360
13 43 20 32 -11 33 0 0.00 0.0 0 4.5 13 290 M M 2 18 310
14 51 23 37 -6 28 0 0.00 0.0 0 2.8 9 350 M M 1 19 340
15 69 28 49 6 16 0 0.00 0.0 0 8.1 21 180 M M 0 28 190
16 70 50 60 16 5 0 0.00 0.0 0 17.7 31 180 M M 6 41 180
17 70 34 52 8 13 0 2.03 0.0 0 17.6 35 180 M M 9 1238 52 190
18 42 28 35 -9 30 0 0.00 0.0 0 8.8 20 320 M M 5 29 310
19 50 25 38 -6 27 0 0.00 0.0 0 6.3 14 10 M M 0 22 320
20 64 25 45 0 20 0 0.00 0.0 0 8.7 21 190 M M 3 30 190
21 69 44 57 12 8 0 0.11 0.0 0 12.3 25 180 M M 8 1 35 170
22 66 57 62 17 3 0 2.06 0.0 0 12.1 26 200 M M 10 13 43 210
23 60 34 47 1 18 0 0.37 0.0 0 10.7 18 30 M M 10 18 24 30
24 48 35 42 -4 23 0 1.62 0.0 0 6.1 12 290 M M 10 128 18 280
25 43 32 38 -8 27 0 0.04 T 0 9.8 18 290 M M 10 18 27 290
26 40 31 36 -10 29 0 0.00 0.0 0 6.2 13 20 M M 10 17 10
27 56 37 47 0 18 0 0.04 0.0 0 6.9 14 350 M M 7 19 20
28 60 27 44 -3 21 0 0.00 0.0 0 2.3 8 180 M M 2 12 350
================================================================================
SM 1550 890 591 0 8.63 T 228.2 M 145
================================================================================
AV 55.4 31.8 8.2 FASTST M M 5 MAX(MPH)
MISC ----> 35 180 52 190
================================================================================
NOTES:
# LAST OF SEVERAL OCCURRENCES
COLUMN 17 PEAK WIND IN M.P.H.
PRELIMINARY LOCAL CLIMATOLOGICAL DATA (WS FORM: F-6) , PAGE 2
STATION: NASHVILLE
MONTH: FEBRUARY
YEAR: 2022
LATITUDE: 36 7 N
LONGITUDE: 86 41 W
[TEMPERATURE DATA] [PRECIPITATION DATA] SYMBOLS USED IN COLUMN 16
AVERAGE MONTHLY: 43.6 TOTAL FOR MONTH: 8.63 1 = FOG OR MIST
DPTR FM NORMAL: 0.2 DPTR FM NORMAL: 4.16 2 = FOG REDUCING VISIBILITY
HIGHEST: 72 ON 11 GRTST 24HR 2.11 ON 22-23 TO 1/4 MILE OR LESS
LOWEST: 20 ON 13, 5 3 = THUNDER
SNOW, ICE PELLETS, HAIL 4 = ICE PELLETS
TOTAL MONTH: T 5 = HAIL
GRTST 24HR T ON 25-25 6 = FREEZING RAIN OR DRIZZLE
GRTST DEPTH: 0 7 = DUSTSTORM OR SANDSTORM:
VSBY 1/2 MILE OR LESS
8 = SMOKE OR HAZE
[NO. OF DAYS WITH] [WEATHER - DAYS WITH] 9 = BLOWING SNOW
X = TORNADO
MAX 32 OR BELOW: 1 0.01 INCH OR MORE: 10
MAX 90 OR ABOVE: 0 0.10 INCH OR MORE: 7
MIN 32 OR BELOW: 17 0.50 INCH OR MORE: 5
MIN 0 OR BELOW: 0 1.00 INCH OR MORE: 5
[HDD (BASE 65) ]
TOTAL THIS MO. 591 CLEAR (SCALE 0-3) 12
DPTR FM NORMAL -15 PTCLDY (SCALE 4-7) 6
TOTAL FM JUL 1 2415 CLOUDY (SCALE 8-10) 10
DPTR FM NORMAL -296
[CDD (BASE 65) ]
TOTAL THIS MO. 0
DPTR FM NORMAL -1 [PRESSURE DATA]
TOTAL FM JAN 1 3 HIGHEST SLP 30.57 ON 5
DPTR FM NORMAL 3 LOWEST SLP 29.53 ON 17
[REMARKS]
#FINAL-02-22#