000
CXUS56 KBOI 011002
CF6BNO
PRELIMINARY LOCAL CLIMATOLOGICAL DATA (WS FORM: F-6)
STATION: BURNS OR
MONTH: FEBRUARY
YEAR: 2021
LATITUDE: 43 34 N
LONGITUDE: 118 57 W
TEMPERATURE IN F: :PCPN: SNOW: WIND :SUNSHINE: SKY :PK WND
================================================================================
1 2 3 4 5 6A 6B 7 8 9 10 11 12 13 14 15 16 17 18
12Z AVG MX 2MIN
DY MAX MIN AVG DEP HDD CDD WTR SNW DPTH SPD SPD DIR MIN PSBL S-S WX SPD DR
================================================================================
1 45 28 37 11 28 0 T M M 9.8 16 170 M M 7 23 160
2 43 25 34 8 31 0 0.21 M M 5.7 17 280 M M 9 1 23 280
3 40 22 31 5 34 0 0.03 M M 6.5 17 330 M M 8 1 24 330
4 40 20 30 4 35 0 0.00 M M 5.6 15 300 M M 4 19 300
5 45 25 35 9 30 0 0.00 M M 9.5 23 290 M M 3 31 260
6 49 20 35 8 30 0 0.00 M M 8.7 22 280 M M 0 32 270
7 45 22 34 7 31 0 0.00 M M 8.6 22 260 M M 0 29 270
8 40 19 30 3 35 0 0.00 M M 3.7 10 320 M M 1 12 310
9 48 26 37 10 28 0 0.00 M M 5.2 16 310 M M 4 22 300
10 48 18 33 6 32 0 0.00 M M 6.1 17 250 M M 0 23 280
11 37 31 34 6 31 0 0.30 M M 1.9 9 310 M M 10 1 13 320
12 36 27 32 4 33 0 0.12 M M 5.2 13 320 M M 10 1 16 300
13 38 26 32 4 33 0 0.27 M M 8.3 31 300 M M 7 1 41 270
14 35 19 27 -1 38 0 0.05 M M 1.5 6 40 M M 9 1 7 20
15 44 33 39 11 26 0 0.18 M M 12.8 29 270 M M 7 1 43 270
16 40 25 33 4 32 0 0.00 M M 10.8 25 290 M M 6 36 290
17 39 16 28 -1 37 0 0.01 M M 7.2 17 320 M M 4 8 23 320
18 33 16 25 -4 40 0 0.43 M M 4.4 12 120 M M 7 12 16 160
19 41 18 30 0 35 0 0.08 M M 5.6 24 270 M M 9 1 32 270
20 40 19 30 0 35 0 T M M 6.1 23 300 M M 5 1 30 310
21 40 17 29 -1 36 0 T M M 2.3 10 160 M M 6 8 12 160
22 50 20 35 4 30 0 0.00 M M 6.5 21 250 M M 2 1 30 260
23 42 25 34 3 31 0 0.01 M M 10.5 25 300 M M 1 1 37 300
24 37 18 28 -3 37 0 T M M 6.2 17 360 M M 1 1 26 280
25 46 15 31 -1 34 0 T M M 7.0 28 300 M M 5 39 300
26 35 25 30 -2 35 0 0.08 M M 15.8 36 310 M M 5 128 51 310
27 37 15 26 -6 39 0 0.08 M M 10.1 26 320 M M 4 12 35 320
28 44 11 28 -5 37 0 0.00 M M 2.7 9 60 M M 1 11 60
================================================================================
SM 1157 601 933 0 1.85 M 194.3 M 135
================================================================================
AV 41.3 21.5 6.9 FASTST M M 5 MAX(MPH)
MISC ----> 36 310 51 310
================================================================================
NOTES:
# LAST OF SEVERAL OCCURRENCES
COLUMN 17 PEAK WIND IN M.P.H.
PRELIMINARY LOCAL CLIMATOLOGICAL DATA (WS FORM: F-6) , PAGE 2
STATION: BURNS OR
MONTH: FEBRUARY
YEAR: 2021
LATITUDE: 43 34 N
LONGITUDE: 118 57 W
[TEMPERATURE DATA] [PRECIPITATION DATA] SYMBOLS USED IN COLUMN 16
AVERAGE MONTHLY: 31.4 TOTAL FOR MONTH: 1.85 1 = FOG OR MIST
DPTR FM NORMAL: 2.6 DPTR FM NORMAL: 0.83 2 = FOG REDUCING VISIBILITY
HIGHEST: 50 ON 22 GRTST 24HR 0.43 ON 18-18 TO 1/4 MILE OR LESS
LOWEST: 11 ON 28 3 = THUNDER
SNOW, ICE PELLETS, HAIL 4 = ICE PELLETS
TOTAL MONTH: M 5 = HAIL
GRTST 24HR M ON M 6 = FREEZING RAIN OR DRIZZLE
GRTST DEPTH: M ON M 7 = DUSTSTORM OR SANDSTORM:
VSBY 1/2 MILE OR LESS
8 = SMOKE OR HAZE
[NO. OF DAYS WITH] [WEATHER - DAYS WITH] 9 = BLOWING SNOW
X = TORNADO
MAX 32 OR BELOW: 0 0.01 INCH OR MORE: 13
MAX 90 OR ABOVE: 0 0.10 INCH OR MORE: 6
MIN 32 OR BELOW: 27 0.50 INCH OR MORE: 0
MIN 0 OR BELOW: 0 1.00 INCH OR MORE: 0
[HDD (BASE 65) ]
TOTAL THIS MO. 933 CLEAR (SCALE 0-3) 8
DPTR FM NORMAL -82 PTCLDY (SCALE 4-7) 15
TOTAL FM JUL 1 4919 CLOUDY (SCALE 8-10) 5
DPTR FM NORMAL -608
[CDD (BASE 65) ]
TOTAL THIS MO. 0
DPTR FM NORMAL 0 [PRESSURE DATA]
TOTAL FM JAN 1 0 HIGHEST SLP 30.59 ON 21
DPTR FM NORMAL 0 LOWEST SLP 29.63 ON 13
[REMARKS]
#FINAL-02-21#