000
CXUS56 KBOI 011002
CF6BNO
PRELIMINARY LOCAL CLIMATOLOGICAL DATA (WS FORM: F-6)
STATION: BURNS OR
MONTH: JULY
YEAR: 2020
LATITUDE: 43 34 N
LONGITUDE: 118 57 W
TEMPERATURE IN F: :PCPN: SNOW: WIND :SUNSHINE: SKY :PK WND
================================================================================
1 2 3 4 5 6A 6B 7 8 9 10 11 12 13 14 15 16 17 18
12Z AVG MX 2MIN
DY MAX MIN AVG DEP HDD CDD WTR SNW DPTH SPD SPD DIR MIN PSBL S-S WX SPD DR
================================================================================
1 75 39 57 -6 8 0 0.00 M M 9.1 23 290 M M 0 33 280
2 80 35 58 -6 7 0 0.00 M M 5.6 17 170 M M 0 24 180
3 85 45 65 1 0 0 0.00 M M 8.0 18 230 M M 2 25 230
4 86 47 67 3 0 2 0.00 M M 9.5 23 270 M M 0 29 250
5 85 38 62 -2 3 0 0.00 M M 6.6 17 260 M M 0 23 260
6 87 43 65 0 0 0 0.00 M M 7.8 30 330 M M 0 42 340
7 78 48 63 -2 2 0 0.00 M M 11.1 18 310 M M 0 27 320
8 80 42 61 -4 4 0 0.00 M M 6.0 14 360 M M 0 17 170
9 89 43 66 0 0 1 0.00 M M 9.2 24 340 M M 0 34 330
10 87 45 66 0 0 1 0.00 M M 6.0 14 160 M M 0 19 170
11 96 50 73 7 0 8 0.00 M M 8.6 24 330 M M 0 34 330
12 87 45 66 0 0 1 0.00 M M 8.5 22 360 M M 0 29 330
13 84 43 64 -3 1 0 0.00 M M 8.8 16 300 M M 0 24 330
14 87 44 66 -1 0 1 0.00 M M 6.8 14 360 M M 0 19 360
15 90 45 68 1 0 3 0.00 M M 6.2 14 360 M M 0 19 20
16 95 47 71 4 0 6 0.00 M M 6.6 14 300 M M 0 22 360
17 92 56 74 6 0 9 0.00 M M 12.2 22 280 M M 0 31 290
18 92 46 69 1 0 4 0.00 M M 7.9 15 360 M M 0 21 300
19 94 51 73 5 0 8 0.00 M M 6.4 17 340 M M 0 22 350
20 96 52 74 6 0 9 0.00 M M 5.4 15 310 M M 0 24 310
21 99 53 76 8 0 11 T M M 5.8 22 230 M M 0 30 230
22 95 62 79 11 0 14 0.01 M M 6.5 32 60 M M 2 44 60
23 86 53 70 2 0 5 0.09 M M 7.7 17 250 M M 3 3 26 160
24 90 50 70 2 0 5 0.00 M M 9.2 18 330 M M 0 26 240
25 88 48 68 0 0 3 0.00 M M 7.2 14 350 M M 0 19 360
26 94 42 68 0 0 3 0.00 M M 5.1 15 10 M M 0 20 360
27 97 49 73 5 0 8 0.00 M M 7.2 29 140 M M 0 38 150
28 93 49 71 3 0 6 0.00 M M 6.4 29 310 M M 2 3 40 300
29 97 50 74 6 0 9 0.02 M M 7.7 18 80 M M 0 3 25 80
30 102 53 78 10 0 13 0.00 M M 7.2 17 280 M M 0 24 270
31 99 48 74 6 0 9 0.00 M M 7.8 17 230 M M 0 8 29 230
================================================================================
SM 2785 1461 25 139 0.12 M 234.1 M 9
================================================================================
AV 89.8 47.1 7.6 FASTST M M 0 MAX(MPH)
MISC ----> 32 60 44 60
================================================================================
NOTES:
# LAST OF SEVERAL OCCURRENCES
COLUMN 17 PEAK WIND IN M.P.H.
PRELIMINARY LOCAL CLIMATOLOGICAL DATA (WS FORM: F-6) , PAGE 2
STATION: BURNS OR
MONTH: JULY
YEAR: 2020
LATITUDE: 43 34 N
LONGITUDE: 118 57 W
[TEMPERATURE DATA] [PRECIPITATION DATA] SYMBOLS USED IN COLUMN 16
AVERAGE MONTHLY: 68.5 TOTAL FOR MONTH: 0.12 1 = FOG OR MIST
DPTR FM NORMAL: 1.9 DPTR FM NORMAL: -0.28 2 = FOG REDUCING VISIBILITY
HIGHEST: 102 ON 30 GRTST 24HR 0.10 ON 22-23 TO 1/4 MILE OR LESS
LOWEST: 35 ON 2 3 = THUNDER
SNOW, ICE PELLETS, HAIL 4 = ICE PELLETS
TOTAL MONTH: M 5 = HAIL
GRTST 24HR M ON M 6 = FREEZING RAIN OR DRIZZLE
GRTST DEPTH: M ON M 7 = DUSTSTORM OR SANDSTORM:
VSBY 1/2 MILE OR LESS
8 = SMOKE OR HAZE
[NO. OF DAYS WITH] [WEATHER - DAYS WITH] 9 = BLOWING SNOW
X = TORNADO
MAX 32 OR BELOW: 0 0.01 INCH OR MORE: 3
MAX 90 OR ABOVE: 16 0.10 INCH OR MORE: 0
MIN 32 OR BELOW: 0 0.50 INCH OR MORE: 0
MIN 0 OR BELOW: 0 1.00 INCH OR MORE: 0
[HDD (BASE 65) ]
TOTAL THIS MO. 25 CLEAR (SCALE 0-3) 31
DPTR FM NORMAL -33 PTCLDY (SCALE 4-7) 0
TOTAL FM JUL 1 25 CLOUDY (SCALE 8-10) 0
DPTR FM NORMAL -32
[CDD (BASE 65) ]
TOTAL THIS MO. 139
DPTR FM NORMAL 30 [PRESSURE DATA]
TOTAL FM JAN 1 212 HIGHEST SLP 30.14 ON 10
DPTR FM NORMAL 80 LOWEST SLP 29.67 ON 22
[REMARKS]
#FINAL-07-20#