000
CXUS56 KBOI 011002
CF6BNO
PRELIMINARY LOCAL CLIMATOLOGICAL DATA (WS FORM: F-6)
STATION: BURNS OR
MONTH: JUNE
YEAR: 2020
LATITUDE: 43 34 N
LONGITUDE: 118 57 W
TEMPERATURE IN F: :PCPN: SNOW: WIND :SUNSHINE: SKY :PK WND
================================================================================
1 2 3 4 5 6A 6B 7 8 9 10 11 12 13 14 15 16 17 18
12Z AVG MX 2MIN
DY MAX MIN AVG DEP HDD CDD WTR SNW DPTH SPD SPD DIR MIN PSBL S-S WX SPD DR
================================================================================
1 70 47 59 4 6 0 0.09 M M 5.6 16 220 M M 6 21 230
2 84 41 63 8 2 0 0.00 M M 5.1 17 350 M M 0 23 350
3 83 48 66 11 0 1 0.00 M M 7.9 17 270 M M 1 24 240
4 79 39 59 3 6 0 0.00 M M 5.9 12 200 M M 0 20 290
5 88 46 67 11 0 2 T M M 9.8 28 330 M M 2 38 300
6 66 43 55 -1 10 0 T M M 11.9 31 290 M M 6 44 290
7 56 33 45 -11 20 0 T M M 13.7 25 340 M M 7 34 340
8 66 36 51 -5 14 0 0.00 M M 9.4 20 260 M M 3 27 270
9 76 44 60 4 5 0 T M M 5.3 22 280 M M 6 31 280
10 82 37 60 3 5 0 T M M 5.4 32 180 M M 1 44 160
11 87 44 66 9 0 1 0.00 M M 5.7 22 230 M M 0 31 240
12 82 53 68 11 0 3 0.03 M M 6.6 24 180 M M 4 3 42 210
13 60 37 49 -9 16 0 0.27 M M 11.8 24 300 M M 7 1 33 300
14 67 36 52 -6 13 0 0.00 M M 8.9 25 260 M M 5 34 250
15 62 48 55 -3 10 0 0.24 M M 5.8 16 260 M M 10 24 260
16 61 38 50 -8 15 0 T M M 10.5 28 310 M M 7 39 300
17 70 31 51 -7 14 0 0.00 M M 7.6 15 270 M M 2 24 10
18 76 41 59 0 6 0 0.00 M M 5.9 15 90 M M 2 20 90
19 82 40 61 2 4 0 0.00 M M 4.8 10 190 M M 0 16 210
20 87 54 71 12 0 6 0.00 M M 7.6 24 330 M M 2 34 330
21 84 48 66 6 0 1 0.00 M M 7.8 17 330 M M 2 8 25 320
22 90 46 68 8 0 3 0.00 M M 5.8 14 10 M M 0 19 240
23 94 49 72 12 0 7 0.00 M M 5.2 13 310 M M 0 16 180
24 93 59 76 15 0 11 0.00 M M 8.3 23 320 M M 0 33 290
25 90 51 71 10 0 6 0.00 M M 7.6 16 350 M M 0 22 330
26 94 50 72 11 0 7 0.00 M M 7.4 16 290 M M 0 22 280
27 83 52 68 6 0 3 0.00 M M 11.3 26 310 M M 0 37 300
28 60 44 52 -10 13 0 0.03 M M 13.5 30 290 M M 4 40 310
29 70 47 59 -3 6 0 T M M 14.4 28 320 M M 7 38 320
30 76 39 58 -5 7 0 0.00 M M 7.4 17 320 M M 2 24 280
================================================================================
SM 2318 1321 172 51 0.66 M 243.9 M 86
================================================================================
AV 77.3 44.0 8.1 FASTST M M 3 MAX(MPH)
MISC ----> 32 180 # 44 290
================================================================================
NOTES:
# LAST OF SEVERAL OCCURRENCES
COLUMN 17 PEAK WIND IN M.P.H.
PRELIMINARY LOCAL CLIMATOLOGICAL DATA (WS FORM: F-6) , PAGE 2
STATION: BURNS OR
MONTH: JUNE
YEAR: 2020
LATITUDE: 43 34 N
LONGITUDE: 118 57 W
[TEMPERATURE DATA] [PRECIPITATION DATA] SYMBOLS USED IN COLUMN 16
AVERAGE MONTHLY: 60.7 TOTAL FOR MONTH: 0.66 1 = FOG OR MIST
DPTR FM NORMAL: 2.3 DPTR FM NORMAL: -0.10 2 = FOG REDUCING VISIBILITY
HIGHEST: 94 ON 26,23 GRTST 24HR 0.30 ON 12-13 TO 1/4 MILE OR LESS
LOWEST: 31 ON 17 3 = THUNDER
SNOW, ICE PELLETS, HAIL 4 = ICE PELLETS
TOTAL MONTH: M 5 = HAIL
GRTST 24HR M ON M 6 = FREEZING RAIN OR DRIZZLE
GRTST DEPTH: M ON M 7 = DUSTSTORM OR SANDSTORM:
VSBY 1/2 MILE OR LESS
8 = SMOKE OR HAZE
[NO. OF DAYS WITH] [WEATHER - DAYS WITH] 9 = BLOWING SNOW
X = TORNADO
MAX 32 OR BELOW: 0 0.01 INCH OR MORE: 5
MAX 90 OR ABOVE: 5 0.10 INCH OR MORE: 2
MIN 32 OR BELOW: 1 0.50 INCH OR MORE: 0
MIN 0 OR BELOW: 0 1.00 INCH OR MORE: 0
[HDD (BASE 65) ]
TOTAL THIS MO. 172 CLEAR (SCALE 0-3) 18
DPTR FM NORMAL -46 PTCLDY (SCALE 4-7) 11
TOTAL FM JUL 1 7108 CLOUDY (SCALE 8-10) 1
DPTR FM NORMAL -581
[CDD (BASE 65) ]
TOTAL THIS MO. 51
DPTR FM NORMAL 31 [PRESSURE DATA]
TOTAL FM JAN 1 73 HIGHEST SLP 30.22 ON 17
DPTR FM NORMAL 50 LOWEST SLP 29.45 ON 5
[REMARKS]
#FINAL-06-20#