000
CXUS54 KMAF 011110
CF6BPG
PRELIMINARY LOCAL CLIMATOLOGICAL DATA (WS FORM: F-6)
STATION: BIG SPRING MCMAHON-WRINKLE FI
MONTH: MAY
YEAR: 2023
LATITUDE: 32 12 N
LONGITUDE: 101 31 W
TEMPERATURE IN F: :PCPN: SNOW: WIND :SUNSHINE: SKY :PK WND
================================================================================
1 2 3 4 5 6A 6B 7 8 9 10 11 12 13 14 15 16 17 18
12Z AVG MX 2MIN
DY MAX MIN AVG DEP HDD CDD WTR SNW DPTH SPD SPD DIR MIN PSBL S-S WX SPD DR
================================================================================
1 82 53 68 M 0 3 M M M 16.2 28 60 M M 0 33 60
2 85 59 72 M 0 7 M M M 10.1 16 50 M M 1 35 270
3 89 58 74 M 0 9 M M M 10.9 22 280 M M 3 26 280
4 90 67 79 M 0 14 M M M 15.1 28 230 M M 2 8 36 230
5 96 61 79 M 0 14 M M M 10.0 21 190 M M 0 18 30 220
6 97 57 77 M 0 12 M M M 8.2 17 240 M M 0 22 250
7 96 62 79 M 0 14 M M M 10.7 24 180 M M 1 18 33 180
8 99 64 82 M 0 17 M M M 10.8 28 130 M M 0 1 36 160
9 96 61 79 M 0 14 M M M 13.0 23 130 M M 0 33 130
10 92 62 77 M 0 12 M M M 14.8 23 120 M M 0 30 110
11 90 64 77 M 0 12 M M M 13.6 22 230 M M 1 8 30 230
12 92 57 75 M 0 10 0.88 M M 9.7 24 100 M M 5 38 45 200
13 68 58 63 M 2 0 0.35 M M 11.5 26 110 M M 10 1 35 90
14 76 61 69 M 0 4 M M M 6.0 9 340 M M 7 M M
15 81 61 71 M 0 6 M M M 8.6 17 50 M M 3 1 18 350
16 83 62 73 M 0 8 M M M 6.3 14 340 M M 1 17 340
17 88 62 75 M 0 10 0.07 M M 7.6 21 120 M M 3 20 170
18 85 62 74 M 0 9 1.23 M M 11.6 21 110 M M 4 13 31 320
19 85 63 74 M 0 9 0.09 M M 11.3 24 30 M M 2 1 36 20
20 73 57 65 M 0 0 0.09 M M 11.7 23 30 M M 3 18 30 30
21 81 62 72 M 0 7 M M M 9.2 16 150 M M 3 17 170
22 86 62 74 M 0 9 M M M 11.3 21 200 M M 3 32 200
23 93 58 76 M 0 11 1.68 M M 14.3 33 350 M M 2 13 40 60
24 81 63 72 M 0 7 M M M 14.0 23 70 M M 5 8 25 70
25 82 60 71 M 0 6 0.56 M M 13.8 31 50 M M 4 13 52 110
26 81 66 74 M 0 9 M M M 14.8 20 140 M M 7 3 26 160
27 83 66 75 M 0 10 M M M 15.1 20 130 M M 4 26 150
28 86 63 75 M 0 10 0.26 M M 12.8 22 310 M M 2 138 29 180
29 88 62 75 M 0 10 M M M 9.7 17 130 M M 1 23 100
30 90 64 77 M 0 12 M M M 12.4 18 130 M M 0 21 150
31 87 67 77 M 0 12 M M M 16.0 21 120 M M 1 29 140
================================================================================
SM 2681 1904 2 287 5.21 M 361.2 M 78
================================================================================
AV 86.5 61.4 11.7 FASTST M M 3 MAX(MPH)
MISC ----> 33 350 52 110
================================================================================
NOTES:
# LAST OF SEVERAL OCCURRENCES
COLUMN 17 PEAK WIND IN M.P.H.
PRELIMINARY LOCAL CLIMATOLOGICAL DATA (WS FORM: F-6) , PAGE 2
STATION: BIG SPRING MCMAHON-WRINKLE FI
MONTH: MAY
YEAR: 2023
LATITUDE: 32 12 N
LONGITUDE: 101 31 W
[TEMPERATURE DATA] [PRECIPITATION DATA] SYMBOLS USED IN COLUMN 16
AVERAGE MONTHLY: 74.0 TOTAL FOR MONTH: 5.21 1 = FOG OR MIST
DPTR FM NORMAL: 0.0 DPTR FM NORMAL: M 2 = FOG REDUCING VISIBILITY
HIGHEST: 99 ON 8 GRTST 24HR 1.68 ON 23-23 TO 1/4 MILE OR LESS
LOWEST: 53 ON 1 3 = THUNDER
SNOW, ICE PELLETS, HAIL 4 = ICE PELLETS
TOTAL MONTH: M 5 = HAIL
GRTST 24HR M ON M 6 = FREEZING RAIN OR DRIZZLE
GRTST DEPTH: M ON M 7 = DUSTSTORM OR SANDSTORM:
VSBY 1/2 MILE OR LESS
8 = SMOKE OR HAZE
[NO. OF DAYS WITH] [WEATHER - DAYS WITH] 9 = BLOWING SNOW
X = TORNADO
MAX 32 OR BELOW: 0 0.01 INCH OR MORE: 9
MAX 90 OR ABOVE: 11 0.10 INCH OR MORE: 6
MIN 32 OR BELOW: 0 0.50 INCH OR MORE: 4
MIN 0 OR BELOW: 0 1.00 INCH OR MORE: 2
[HDD (BASE 65) ]
TOTAL THIS MO. 2 CLEAR (SCALE 0-3) 21
DPTR FM NORMAL M PTCLDY (SCALE 4-7) 9
TOTAL FM JUL 1 2316 CLOUDY (SCALE 8-10) 1
DPTR FM NORMAL M
[CDD (BASE 65) ]
TOTAL THIS MO. 287
DPTR FM NORMAL M [PRESSURE DATA]
TOTAL FM JAN 1 415 HIGHEST SLP M ON M
DPTR FM NORMAL M LOWEST SLP M ON M
[REMARKS]
#FINAL-05-23#