000
CXUS54 KMAF 011210
CF6BPG
PRELIMINARY LOCAL CLIMATOLOGICAL DATA (WS FORM: F-6)
STATION: BIG SPRING MCMAHON-WRINKLE FI
MONTH: DECEMBER
YEAR: 2023
LATITUDE: 32 12 N
LONGITUDE: 101 31 W
TEMPERATURE IN F: :PCPN: SNOW: WIND :SUNSHINE: SKY :PK WND
================================================================================
1 2 3 4 5 6A 6B 7 8 9 10 11 12 13 14 15 16 17 18
12Z AVG MX 2MIN
DY MAX MIN AVG DEP HDD CDD WTR SNW DPTH SPD SPD DIR MIN PSBL S-S WX SPD DR
================================================================================
1 67 32 50 M 15 0 M M M 6.0 14 280 M M 0 20 280
2 65 40 53 M 12 0 M M M 12.1 26 250 M M 3 33 250
3 69 32 51 M 14 0 M M M 10.4 25 250 M M 0 30 250
4 64 29 47 M 18 0 M M M 6.9 15 160 M M 0 18 190
5 69 35 52 M 13 0 M M M 6.0 10 50 M M 0 M M
6 67 35 51 M 14 0 M M M 8.2 17 180 M M 0 22 200
7 75 47 61 M 4 0 M M M 16.7 23 200 M M 0 26 210
8 78 47 63 M 2 0 M M M 11.5 24 240 M M 0 1 30 240
9 58 34 46 M 19 0 M M M 11.1 28 350 M M 0 29 360
10 54 23 39 M 26 0 M M M 8.8 18 230 M M 0 26 220
11 66 30 48 M 17 0 M M M 6.7 12 150 M M 0 M M
12 58 37 48 M 17 0 0.02 M M 12.5 22 160 M M 6 29 150
13 54 45 50 M 15 0 0.04 M M 16.0 23 120 M M 10 1 30 120
14 55 43 49 M 16 0 0.31 M M 9.8 17 310 M M 10 1 24 110
15 53 37 45 M 20 0 0.11 M M 7.0 13 300 M M 6 12 M M
16 61 31 46 M 19 0 M M M 3.9 9 160 M M 0 M M
17 67 34 51 M 14 0 M M M 7.2 14 280 M M 0 17 280
18 61 36 49 M 16 0 M M M 6.0 13 70 M M 0 16 20
19 64 43 54 M 11 0 M M M 14.2 23 190 M M 0 30 190
20 63 47 55 M 10 0 M M M 15.5 23 190 M M 2 29 190
21 64 50 57 M 8 0 M M M 8.1 17 160 M M 5 M M
22 67 46 57 M 8 0 M M M 7.0 13 160 M M 5 12 M M
23 64 52 58 M 7 0 0.57 M M 17.0 28 160 M M 9 13 35 170
24 57 38 48 M 17 0 M M M 13.3 23 310 M M 1 1 28 310
25 45 31 38 M 27 0 M M M 6.6 12 360 M M 2 M M
26 54 30 42 M 23 0 M M M 9.6 23 280 M M 0 29 280
27 55 29 42 M 23 0 M M M 7.4 21 360 M M 0 26 360
28 55 31 43 M 22 0 M M M 6.6 18 50 M M 0 28 50
29 59 27 43 M 22 0 M M M 6.9 17 290 M M 0 21 290
30 66 28 47 M 18 0 M M M 7.5 15 210 M M 0 M M
31 66 31 49 M 16 0 M M M 8.4 22 50 M M 0 28 50
================================================================================
SM 1920 1130 483 0 1.05 M 294.9 M 59
================================================================================
AV 61.9 36.5 9.5 FASTST M M 2 MAX(MPH)
MISC ----> # 28 350 35 170
================================================================================
NOTES:
# LAST OF SEVERAL OCCURRENCES
COLUMN 17 PEAK WIND IN M.P.H.
PRELIMINARY LOCAL CLIMATOLOGICAL DATA (WS FORM: F-6) , PAGE 2
STATION: BIG SPRING MCMAHON-WRINKLE FI
MONTH: DECEMBER
YEAR: 2023
LATITUDE: 32 12 N
LONGITUDE: 101 31 W
[TEMPERATURE DATA] [PRECIPITATION DATA] SYMBOLS USED IN COLUMN 16
AVERAGE MONTHLY: 49.2 TOTAL FOR MONTH: 1.05 1 = FOG OR MIST
DPTR FM NORMAL: 0.0 DPTR FM NORMAL: M 2 = FOG REDUCING VISIBILITY
HIGHEST: 78 ON 8 GRTST 24HR 0.57 ON 23-23 TO 1/4 MILE OR LESS
LOWEST: 23 ON 10 3 = THUNDER
SNOW, ICE PELLETS, HAIL 4 = ICE PELLETS
TOTAL MONTH: M 5 = HAIL
GRTST 24HR M ON M 6 = FREEZING RAIN OR DRIZZLE
GRTST DEPTH: M ON M 7 = DUSTSTORM OR SANDSTORM:
VSBY 1/2 MILE OR LESS
8 = SMOKE OR HAZE
[NO. OF DAYS WITH] [WEATHER - DAYS WITH] 9 = BLOWING SNOW
X = TORNADO
MAX 32 OR BELOW: 0 0.01 INCH OR MORE: 5
MAX 90 OR ABOVE: 0 0.10 INCH OR MORE: 3
MIN 32 OR BELOW: 13 0.50 INCH OR MORE: 1
MIN 0 OR BELOW: 0 1.00 INCH OR MORE: 0
[HDD (BASE 65) ]
TOTAL THIS MO. 483 CLEAR (SCALE 0-3) 24
DPTR FM NORMAL M PTCLDY (SCALE 4-7) 4
TOTAL FM JUL 1 907 CLOUDY (SCALE 8-10) 3
DPTR FM NORMAL M
[CDD (BASE 65) ]
TOTAL THIS MO. 0
DPTR FM NORMAL M [PRESSURE DATA]
TOTAL FM JAN 1 3014 HIGHEST SLP M ON M
DPTR FM NORMAL M LOWEST SLP M ON M
[REMARKS]
#FINAL-12-23#