000
CXUS54 KLZK 011230
CF6BPK
PRELIMINARY LOCAL CLIMATOLOGICAL DATA (WS FORM: F-6)
STATION: MOUNTAIN HOME AIRPORT
MONTH: NOVEMBER
YEAR: 2021
LATITUDE: 36 22 N
LONGITUDE: 92 28 W
TEMPERATURE IN F: :PCPN: SNOW: WIND :SUNSHINE: SKY :PK WND
================================================================================
1 2 3 4 5 6A 6B 7 8 9 10 11 12 13 14 15 16 17 18
12Z AVG MX 2MIN
DY MAX MIN AVG DEP HDD CDD WTR SNW DPTH SPD SPD DIR MIN PSBL S-S WX SPD DR
================================================================================
1 54 40 47 -7 18 0 0.09 M M 4.1 10 160 M M 7 1 14 140
2 49 40 45 -9 20 0 T M M 2.5 9 120 M M 9 13 70
3 52 35 44 -9 21 0 0.00 M M 3.2 10 120 M M 3 15 130
4 55 30 43 -10 22 0 0.00 M M 1.5 9 130 M M 1 11 170
5 55 31 43 -9 22 0 0.00 M M 0.9 8 190 M M 0 12 110
6 61 30 46 -6 19 0 0.00 M M 1.3 6 230 M M 0 M M
7 70 35 53 1 12 0 0.00 M M 3.5 8 170 M M 0 M M
8 77 42 60 9 5 0 0.00 M M 5.1 12 220 M M 0 M M
9 70 48 59 8 6 0 0.00 M M 3.1 10 180 M M 2 13 180
10 70 52 61 11 4 0 0.17 M M 6.9 16 220 M M 3 22 190
11 61 41 51 1 14 0 0.56 M M 5.4 13 330 M M 3 13 22 320
12 54 36 45 -5 20 0 0.14 M M 6.9 15 350 M M 5 1 25 320
13 49 30 40 -9 25 0 0.00 M M 3.3 12 300 M M 1 17 330
14 59 34 47 -2 18 0 0.00 M M 2.6 12 360 M M 1 8 18 320
15 69 34 52 3 13 0 0.00 M M 5.1 14 260 M M 0 20 230
16 74 44 59 11 6 0 0.00 M M 8.1 20 220 M M 2 28 220
17 74 44 59 11 6 0 0.08 M M 7.5 15 220 M M 6 22 360
18 54 33 44 -4 21 0 0.00 M M 3.6 12 360 M M 2 20 330
19 51 23 37 -10 28 0 0.00 M M 5.3 13 170 M M 0 20 180
20 60 38 49 2 16 0 0.00 M M 5.8 12 160 M M 7 16 160
21 61 43 52 5 13 0 T M M 3.4 10 180 M M 6 38 14 330
22 53 32 43 -3 22 0 0.00 M M 2.1 7 280 M M 0 11 270
23 60 32 46 0 19 0 0.00 M M 7.5 13 190 M M 0 17 170
24 61 46 54 8 11 0 T M M 10.6 23 210 M M 5 30 210
25 60 28 44 -1 21 0 0.58 M M 5.7 15 220 M M 6 1 23 350
26 53 22 38 -7 27 0 0.00 M M 4.2 12 230 M M 0 14 230
27 70 34 52 8 13 0 0.00 M M 4.3 12 230 M M 0 20 320
28 57 38 48 4 17 0 0.00 M M 2.9 8 360 M M 0 14 340
29 66 30 48 4 17 0 0.00 M M 5.6 15 220 M M 0 19 220
30 69 42 56 12 9 0 0.00 M M 3.0 8 170 M M 0 M M
================================================================================
SM 1828 1087 485 0 1.62 M 135.1 M 69
================================================================================
AV 60.9 36.2 4.5 FASTST M M 2 MAX(MPH)
MISC ----> 23 210 30 210
================================================================================
NOTES:
# LAST OF SEVERAL OCCURRENCES
COLUMN 17 PEAK WIND IN M.P.H.
PRELIMINARY LOCAL CLIMATOLOGICAL DATA (WS FORM: F-6) , PAGE 2
STATION: MOUNTAIN HOME AIRPORT
MONTH: NOVEMBER
YEAR: 2021
LATITUDE: 36 22 N
LONGITUDE: 92 28 W
[TEMPERATURE DATA] [PRECIPITATION DATA] SYMBOLS USED IN COLUMN 16
AVERAGE MONTHLY: 48.6 TOTAL FOR MONTH: 1.62 1 = FOG OR MIST
DPTR FM NORMAL: 0.0 DPTR FM NORMAL: -2.05 2 = FOG REDUCING VISIBILITY
HIGHEST: 77 ON 8 GRTST 24HR 0.58 ON 24-25 TO 1/4 MILE OR LESS
LOWEST: 22 ON 26 3 = THUNDER
SNOW, ICE PELLETS, HAIL 4 = ICE PELLETS
TOTAL MONTH: M 5 = HAIL
GRTST 24HR M ON M 6 = FREEZING RAIN OR DRIZZLE
GRTST DEPTH: M ON M 7 = DUSTSTORM OR SANDSTORM:
VSBY 1/2 MILE OR LESS
8 = SMOKE OR HAZE
[NO. OF DAYS WITH] [WEATHER - DAYS WITH] 9 = BLOWING SNOW
X = TORNADO
MAX 32 OR BELOW: 0 0.01 INCH OR MORE: 6
MAX 90 OR ABOVE: 0 0.10 INCH OR MORE: 4
MIN 32 OR BELOW: 10 0.50 INCH OR MORE: 2
MIN 0 OR BELOW: 0 1.00 INCH OR MORE: 0
[HDD (BASE 65) ]
TOTAL THIS MO. 485 CLEAR (SCALE 0-3) 20
DPTR FM NORMAL -10 PTCLDY (SCALE 4-7) 9
TOTAL FM JUL 1 628 CLOUDY (SCALE 8-10) 1
DPTR FM NORMAL -102
[CDD (BASE 65) ]
TOTAL THIS MO. 0
DPTR FM NORMAL -3 [PRESSURE DATA]
TOTAL FM JAN 1 1698 HIGHEST SLP 30.53 ON 19
DPTR FM NORMAL 105 LOWEST SLP 29.75 ON 11
[REMARKS]
#FINAL-11-21#